{"id":7,"date":"2011-10-27T20:21:37","date_gmt":"2011-10-27T20:21:37","guid":{"rendered":"https:\/\/web.ciidiroaxaca.ipn.mx\/yortiz\/proyectos\/"},"modified":"2025-10-17T16:28:24","modified_gmt":"2025-10-17T22:28:24","slug":"proyectos-de-investigacion","status":"publish","type":"page","link":"https:\/\/web.ciidiroaxaca.ipn.mx\/yortiz\/proyectos-de-investigacion\/","title":{"rendered":"Proyectos de Investigaci\u00f3n"},"content":{"rendered":"\n<h3 class=\"wp-block-heading rtejustify\">Proyectos dirigidos<\/h3>\n\n\n\n<ul class=\"wp-block-list\">\n<li>SIP-IPN 20251329. Aspectos fenol\u00f3gicos, qu\u00edmicos y etnobot\u00e1nicos de la rosita de cacao (Quararibea funebris) en San Andr\u00e9s Huayapam, Oaxaca (en curso)<\/li>\n\n\n\n<li>SIP-IPN 20241375. Huerto familiar y su aportaci\u00f3n a los medios de vida sostenible en tres comunidades de Oaxaca.<\/li>\n\n\n\n<li>SIP-IPN 20231183. Insectos vectores relacionados con da\u00f1os a botones florales, frutos y tallos de la pitahaya.<\/li>\n\n\n\n<li>SIP-IPN 20220404. Participaci\u00f3n de la mujer oaxaque\u00f1a, en la selecci\u00f3n y usos de ecotipos de <em>Hylocereus<\/em>, <em>Capsicum<\/em> y Agaves.<\/li>\n\n\n\n<li>SIP-IPN 20210775. Variaci\u00f3n microclim\u00e1tica durante la etapa reproductiva de la pitahaya.<\/li>\n\n\n\n<li>SIP-IPN 20200340. An\u00e1lisis de par\u00e1metros f\u00edsicos y fisiol\u00f3gicos de semillas y pl\u00e1ntulas en <em>Capsicum annuum<\/em> de Oaxaca.<\/li>\n\n\n\n<li>SIP-IPN 20190198. Germinaci\u00f3n y Desarrollo postemergente de <em>A. potatorum<\/em>.<\/li>\n\n\n\n<li>SIP-IPN 20180619. Evaluaci\u00f3n de soluciones nutritivas en la producci\u00f3n de dos chiles (<em>Capsicum<\/em> <em>anuum<\/em>) nativos de Oaxaca.<\/li>\n\n\n\n<li>SIP-IPN 20170975. Relaci\u00f3n del microclima con insectos visitantes durante la floraci\u00f3n de la pitahaya.<\/li>\n\n\n\n<li>SIP-PN 20150867. Evaluaci\u00f3n nutrimental de dos ecotipos de pitahaya.<\/li>\n\n\n\n<li>SIP-IPN 20141487. Evaluaci\u00f3n fenol\u00f3gica de ecotipos de pitahaya (<em>Hylocereus <\/em>spp.)<\/li>\n\n\n\n<li>SIP-IPN 20131076. Efecto de dos reguladores del crecimiento en la pitahaya.<\/li>\n\n\n\n<li>FRU-PIT-11-2. Validaci\u00f3n de materiales de pitahaya en los estados de Oaxaca, Campeche y Tabasco. 2011-2012. Financiado por SINAREFI-SNICS-SAGARPA.<\/li>\n\n\n\n<li>FRU-PIT-01-j. Colecci\u00f3n de trabajo de pitahaya (CIIDIR-Oaxaca). 2009-2010. Financiado por SINAREFI-SNICS-SAGARPA.<\/li>\n\n\n\n<li>SIP-IPN 20110546. Efecto de la fertilizaci\u00f3n org\u00e1nica en plantas de pitahaya establecidas en campo.<\/li>\n\n\n\n<li>SIP-IPN 20100467.Germinaci\u00f3n y propagaci\u00f3n asexual con hidroponia de la pitahaya.<\/li>\n\n\n\n<li>SIP-IPN 20070798. Evaluaci\u00f3n de sustratos y variedades de tomate con fertirriego y bajo condiciones de invernadero.<\/li>\n\n\n\n<li>CGPI-IPN 200334. Respuesta de <em>Hylocereus <\/em>ssp. con diferentes niveles de sombra.<\/li>\n\n\n\n<li>CGPI-IPN 200220516. Efecto de la fertilizaci\u00f3n en pl\u00e1ntulas de <em>Hylocereus undatus<\/em>.<\/li>\n\n\n\n<li>CONACYT 3750P-B9607. Investigaci\u00f3n y conservaci\u00f3n del g\u00e9nero <em>Hylocereus <\/em>(pitahaya o pitajaya). Financiado por el CONACYT nivel nacional.<\/li>\n\n\n\n<li>FMCN B1-97\/21. Hacia el conocimiento y conservaci\u00f3n de la pitahaya. 1. Colecta propagaci\u00f3n y cultivo. Financiado por el Fondo Mexicano para la Conservaci\u00f3n de la Naturaleza. Con registro DEPI: 988000 y apoyo financiero del IPN 1998-2000.<\/li>\n\n\n\n<li>OAX-RNMA-058 SIBEJ-CONACYT. La pitahaya (<em>Hylocereus <\/em>spp) opci\u00f3n para las \u00e1reas subtropicales y tropicales. I. Din\u00e1mica nutrimental y componentes del rendimiento. Proyecto con registro DEPI: 978008 y apoyo financiero del IPN durante 1998.<\/li>\n\n\n\n<li>DEPI-IPN: 966771. Establecimiento de un Banco de germoplasma y huerto experimental de pitahaya (<em>Hylocereus <\/em>spp).<\/li>\n\n\n\n<li>DEPI-IPN: 904112. Introducci\u00f3n de variedades mejoradas de nopal bajo sistemas de manejo tradicional e intensivo.<\/li>\n\n\n\n<li>DEPI-IPN: 896985. Estudio de cultivos alternativos con especies frut\u00edcolas: Mejoramiento en la calidad del fruto de nopal tunero.<\/li>\n<\/ul>\n","protected":false},"excerpt":{"rendered":"<p>Proyectos dirigidos<\/p>\n","protected":false},"author":51,"featured_media":0,"parent":0,"menu_order":0,"comment_status":"closed","ping_status":"closed","template":"","meta":{"_swt_meta_header_display":false,"_swt_meta_footer_display":false,"_swt_meta_site_title_display":false,"_swt_meta_sticky_header":false,"_swt_meta_transparent_header":false,"footnotes":""},"class_list":["post-7","page","type-page","status-publish","hentry"],"_links":{"self":[{"href":"https:\/\/web.ciidiroaxaca.ipn.mx\/yortiz\/wp-json\/wp\/v2\/pages\/7","targetHints":{"allow":["GET"]}}],"collection":[{"href":"https:\/\/web.ciidiroaxaca.ipn.mx\/yortiz\/wp-json\/wp\/v2\/pages"}],"about":[{"href":"https:\/\/web.ciidiroaxaca.ipn.mx\/yortiz\/wp-json\/wp\/v2\/types\/page"}],"author":[{"embeddable":true,"href":"https:\/\/web.ciidiroaxaca.ipn.mx\/yortiz\/wp-json\/wp\/v2\/users\/51"}],"replies":[{"embeddable":true,"href":"https:\/\/web.ciidiroaxaca.ipn.mx\/yortiz\/wp-json\/wp\/v2\/comments?post=7"}],"version-history":[{"count":4,"href":"https:\/\/web.ciidiroaxaca.ipn.mx\/yortiz\/wp-json\/wp\/v2\/pages\/7\/revisions"}],"predecessor-version":[{"id":83,"href":"https:\/\/web.ciidiroaxaca.ipn.mx\/yortiz\/wp-json\/wp\/v2\/pages\/7\/revisions\/83"}],"wp:attachment":[{"href":"https:\/\/web.ciidiroaxaca.ipn.mx\/yortiz\/wp-json\/wp\/v2\/media?parent=7"}],"curies":[{"name":"wp","href":"https:\/\/api.w.org\/{rel}","templated":true}]}}