{"id":9,"date":"2012-08-17T20:06:56","date_gmt":"2012-08-17T20:06:56","guid":{"rendered":"https:\/\/web.ciidiroaxaca.ipn.mx\/vjimenezq\/tesis\/"},"modified":"2025-10-22T06:54:12","modified_gmt":"2025-10-22T12:54:12","slug":"tesis","status":"publish","type":"page","link":"https:\/\/web.ciidiroaxaca.ipn.mx\/vjimenezq\/tesis\/","title":{"rendered":"Tesis"},"content":{"rendered":"\n<h3 class=\"wp-block-heading\">Direcci\u00f3n de Tesis de Maestr\u00eda<\/h3>\n\n\n\n<p>Estudio de las propiedades mec\u00e1nicas y de durabilidad de compositos elaborados con CBC+CCH y desecho de baldosas como reemplazos parciales de CP y agregado fino respectivamente. Edgar Geovani L\u00f3pez L\u00f3pez. Maestr\u00eda en Ciencias en Conservaci\u00f3n y Aprovechamiento de Recursos Naturales. CIIDIR Oaxaca, Instituto Polit\u00e9cnico Nacional. 2025-2026 (En proceso)<\/p>\n\n\n\n<p>Influencia de la CVmx y la CBCst en algunas propiedades de concretos ternarios. Alejandra Ver\u00f3nica Pacheco Hern\u00e1ndez. Maestr\u00eda en Ciencias en Conservaci\u00f3n y Aprovechamiento de Recursos Naturales. CIIDIR Oaxaca, Instituto Polit\u00e9cnico Nacional. Febrero 2021.<\/p>\n\n\n\n<p>Obtenci\u00f3n de ladrillo base arcilla de baja densidad y alta resistencia mediante el uso de aditivos. Jos\u00e9 Agust\u00edn Palmas Le\u00f3n. &nbsp;Maestr\u00eda en Ciencias de los Materiales. Universidad Aut\u00f3noma del Estado de Hidalgo. Co-direcci\u00f3n. Enero 2020.<\/p>\n\n\n\n<p>Abatimiento de la temperatura de sinterizaci\u00f3n de ladrillos estructurales. Delin Ordo\u00f1ez Hern\u00e1ndez. Maestr\u00eda en Ciencias de los Materiales. Universidad Aut\u00f3noma del Estado de Hidalgo. Co-Direcci\u00f3n. Diciembre 2018.<\/p>\n\n\n\n<p>Efecto de la incorporaci\u00f3n de residuos industriales en la resistencia y durabilidad de ladrillos de arcilla. Olivia Teresa Maza Ignacio. Maestr\u00eda en Ciencias en Conservaci\u00f3n y Aprovechamiento de Recursos Naturales. CIIDIR Oaxaca, Instituto Polit\u00e9cnico Nacional. Enero 2018.<\/p>\n\n\n\n<p>Desarrollo de un sistema constructivo modular de mortero armado para una vivienda de inter\u00e9s social en el municipio de Oaxaca de Ju\u00e1rez, Oaxaca. Herwing Zeth L\u00f3pez Calvo. Maestr\u00eda en Construcci\u00f3n. Benem\u00e9rita Universidad Aut\u00f3noma de Puebla, Septiembre 2005. (Menci\u00f3n Honor\u00edfica).<\/p>\n\n\n\n<h3 class=\"wp-block-heading\">Direcci\u00f3n de Tesis de Licenciatura<\/h3>\n\n\n\n<p>Desarrollo de un m\u00f3dulo para la construcci\u00f3n de una celos\u00eda utilizando vidrio residual triturado como agregado fino. Andrea Melisa Matadamas Ram\u00edrez. Universidad Tecnol\u00f3gica de la Mixteca. Agosto del 2025. &nbsp;<\/p>\n\n\n\n<p>Evaluaci\u00f3n de las Propiedades Mec\u00e1nicas de Piezas de Mamposter\u00eda Elaboradas con Vidrio Residual. Diana Laura Garc\u00eda Gaspar. Escuela de Ingenier\u00edas y Arquitecturas; Universidad La Salle Oaxaca. Julio del 2025.<\/p>\n\n\n\n<p>Evaluaci\u00f3n de Pastas Elaborados con Polvos de Vidrio Como Sustituto de Cemento Portland. Lishpa Hern\u00e1ndez Z\u00e1rate. Facultad de Arquitectura, Dise\u00f1o y Urbanismo; Universidad Benito Ju\u00e1rez de Oaxaca. Noviembre del 2024.<\/p>\n\n\n\n<p>Dise\u00f1o de un compuesto formado por un desecho agroindustrial y una arcilla natural como alternativa de uso en la elaboraci\u00f3n de piezas cer\u00e1micas. Dalila Rubicela Cruz Fabi\u00e1n. Ingenier\u00eda en Dise\u00f1o. Universidad Tecnol\u00f3gica de la Mixteca. Febrero 2016.<\/p>\n\n\n\n<p>Influencia de adiciones minerales en las propiedades en estado fresco y endurecido de concretos ternarios. Venustiano R\u00edos Parada. Instituto Tecnol\u00f3gico de Oaxaca. Ingenier\u00eda Civil. Octubre 2010. Codirecci\u00f3n.<\/p>\n","protected":false},"excerpt":{"rendered":"<p>Direcci\u00f3n de Tesis de Maestr\u00eda Estudio de las propiedades mec\u00e1nicas y de durabilidad de compositos elaborados con CBC+CCH y desecho de baldosas como reemplazos parciales de CP y agregado fino respectivamente. Edgar Geovani L\u00f3pez L\u00f3pez. Maestr\u00eda en Ciencias en Conservaci\u00f3n y Aprovechamiento de Recursos Naturales. CIIDIR Oaxaca, Instituto Polit\u00e9cnico Nacional. 2025-2026 (En proceso) Influencia de [&hellip;]<\/p>\n","protected":false},"author":29,"featured_media":0,"parent":0,"menu_order":0,"comment_status":"closed","ping_status":"closed","template":"","meta":{"_swt_meta_header_display":false,"_swt_meta_footer_display":false,"_swt_meta_site_title_display":false,"_swt_meta_sticky_header":false,"_swt_meta_transparent_header":false,"footnotes":""},"class_list":["post-9","page","type-page","status-publish","hentry"],"_links":{"self":[{"href":"https:\/\/web.ciidiroaxaca.ipn.mx\/vjimenezq\/wp-json\/wp\/v2\/pages\/9","targetHints":{"allow":["GET"]}}],"collection":[{"href":"https:\/\/web.ciidiroaxaca.ipn.mx\/vjimenezq\/wp-json\/wp\/v2\/pages"}],"about":[{"href":"https:\/\/web.ciidiroaxaca.ipn.mx\/vjimenezq\/wp-json\/wp\/v2\/types\/page"}],"author":[{"embeddable":true,"href":"https:\/\/web.ciidiroaxaca.ipn.mx\/vjimenezq\/wp-json\/wp\/v2\/users\/29"}],"replies":[{"embeddable":true,"href":"https:\/\/web.ciidiroaxaca.ipn.mx\/vjimenezq\/wp-json\/wp\/v2\/comments?post=9"}],"version-history":[{"count":6,"href":"https:\/\/web.ciidiroaxaca.ipn.mx\/vjimenezq\/wp-json\/wp\/v2\/pages\/9\/revisions"}],"predecessor-version":[{"id":82,"href":"https:\/\/web.ciidiroaxaca.ipn.mx\/vjimenezq\/wp-json\/wp\/v2\/pages\/9\/revisions\/82"}],"wp:attachment":[{"href":"https:\/\/web.ciidiroaxaca.ipn.mx\/vjimenezq\/wp-json\/wp\/v2\/media?parent=9"}],"curies":[{"name":"wp","href":"https:\/\/api.w.org\/{rel}","templated":true}]}}