{"id":8,"date":"2012-08-17T20:06:20","date_gmt":"2012-08-17T20:06:20","guid":{"rendered":"https:\/\/web.ciidiroaxaca.ipn.mx\/vjimenezq\/proyectos-de-investigacion\/"},"modified":"2025-10-15T17:39:02","modified_gmt":"2025-10-15T17:39:02","slug":"proyectos-de-investigacion","status":"publish","type":"page","link":"https:\/\/web.ciidiroaxaca.ipn.mx\/vjimenezq\/proyectos-de-investigacion\/","title":{"rendered":"Proyectos de Investigaci\u00f3n"},"content":{"rendered":"\n<h3 class=\"wp-block-heading\">Proyectos de Innovaci\u00f3n y Desarrollo Tecnol\u00f3gico<\/h3>\n\n\n\n<p><strong>(D)<\/strong> Director de proyecto, (P) Participante<\/p>\n\n\n\n<p><\/p>\n\n\n\n<p>Desarrollo Tecnol\u00f3gico Sustentable para la Fabricaci\u00f3n de Tejas Con Materiales Reciclables. IPN. 2024-2025 <strong>(D)<\/strong>.<\/p>\n\n\n\n<p>Piezas de mamposter\u00eda elaboradas con vidrio residual como sustituto parcial de materia prima. IPN. 2022-2023 <strong>(D).<\/strong><\/p>\n\n\n\n<p>Concreto ecol\u00f3gico, una alternativa para la industria de la construcci\u00f3n en M\u00e9xico. IPN. 2019-2020 <strong>(D).<\/strong><\/p>\n\n\n\n<p>Ladrillo ecol\u00f3gico elaborado con arcilla y residuos industriales. IPN. 2016-2020**. <strong>(D).<\/strong><\/p>\n\n\n\n<p>**Ganador del Premio a la Investigaci\u00f3n en el IPN 2020, en la Categor\u00eda Desarrollo Tecnol\u00f3gico. Menci\u00f3n Honor\u00edfica.<\/p>\n\n\n\n<h3 class=\"wp-block-heading\">Proyectos de Investigaci\u00f3n<\/h3>\n\n\n\n<p>(D) Director de proyecto, (P) Participante<\/p>\n\n\n\n<p>Morteros ecol\u00f3gicos elaborados con cemento portland y residuos de losetas triturados como reemplazo parcial de arena de r\u00edo. IPN. 2025 <strong>(D).<\/strong><\/p>\n\n\n\n<p>Identificaci\u00f3n de vulnerabilidades e intervenci\u00f3n en elementos de infraestructura para el desarrollo de comunidades en Oaxaca- Casos: Istmo, Mixteca y Valles Centrales. IPN. 2025 (P).<\/p>\n\n\n\n<p>Comportamiento mec\u00e1nico de morteros elaborados con cemento, ceniza de bagazo de ca\u00f1a y polvo de vidrio. IPN. 2024 <strong>(D).<\/strong><\/p>\n\n\n\n<p>Efecto anti-segregante de la ceniza volante en concreto. IPN. 2024 (P).<\/p>\n\n\n\n<p>Estudio de las propiedades en estado fresco y endurecido de pastas elaboradas con cemento portland y polvo de vidrio. IPN. 2023 <strong>(D).<\/strong><\/p>\n\n\n\n<p>Efecto de residuos agr\u00edcolas e industriales como reemplazo de cemento en la trabajabilidad de compositos ecol\u00f3gicos. IPN. 2023 (P).<\/p>\n\n\n\n<p>Resistencia a flexi\u00f3n de paneles delgados elaborados con mortero ecol\u00f3gico y ligero. IPN 2022 <strong>(D)<\/strong>.<\/p>\n\n\n\n<p>Estudio Predicci\u00f3n de la resistividad el\u00e9ctrica de concretos sustentables mediante modelos ARIMA.IPN 2022 (P).<\/p>\n\n\n\n<p>Efecto de la adici\u00f3n de humo de s\u00edlice en la resistencia a compresi\u00f3n de concretos hidr\u00e1ulicos verdes. IPN 2021 <strong>(D)<\/strong>.<\/p>\n\n\n\n<p>Estudio de los efectos de CVmx y CBCst en las propiedades mec\u00e1nicas del concreto mediante&nbsp;par\u00e1metros ultras\u00f3nicos. IPN 2021 (P)<\/p>\n\n\n\n<p>Caracterizaci\u00f3n de polvos de vidrio para su empleo como materiales sustitutos de cemento portland. IPN. 2020 <strong>(D).<\/strong><\/p>\n\n\n\n<p>Resistividad el\u00e9ctrica para la caracterizaci\u00f3n de concretos ternarios. IPN. 2020 (P).<\/p>\n\n\n\n<p>Concretos hidr\u00e1ulicos elaborados con residuos industriales como sustitutos parciales de cemento Portland. IPN. 2019 <strong>(D)<\/strong>.<\/p>\n\n\n\n<p>Estudio de la amorficidad de dos cenizas con y sin post-tratamiento que ser\u00e1n utilizadas como materiales cementantes suplementarios. IPN. 2019 (P).<\/p>\n\n\n\n<p>Evaluaci\u00f3n de la durabilidad de ladrillos ternarios elaborados con arcilla y residuos industriales. IPN. 2018 <strong>(D).<\/strong><\/p>\n\n\n\n<p>Efecto de ICBNC en la corrosi\u00f3n de concreto reforzado de altas prestaciones agrietado. IPN. 2018 (P).<\/p>\n\n\n\n<p>Efecto del tiempo de curado en la resistencia a compresi\u00f3n y durabilidad de morteros ecol\u00f3gicos. IPN. 2017 <strong>(D).<\/strong><\/p>\n\n\n\n<p>Efecto de la corrosi\u00f3n en las propiedades de tensi\u00f3n de acero embebido en concreto de altas prestaciones agrietado que contiene inhibidor a base de nitrito de calcio. IPN. 2017 (P).<\/p>\n\n\n\n<p>Ceniza de bagazo de ca\u00f1a como constituyente de materiales cer\u00e1micos artesanales. IPN. 2016 <strong>(D).<\/strong><\/p>\n\n\n\n<p>Estudio de las propiedades mec\u00e1nicas de morteros compositos activados alcalinamente utilizando velocidad de pulso ultras\u00f3nico. IPN. 2016 <strong>(P).<\/strong><\/p>\n\n\n\n<p>Adici\u00f3n de desechos industriales a una matriz arcillosa para la elaboraci\u00f3n de ladrillos sinterizados. IPN. 2015 <strong>(D).<\/strong><\/p>\n\n\n\n<p>Reolog\u00eda de pastas y morteros preparados con cementos activados alcalinamente utilizando como materiales base ceniza de bagazo de ca\u00f1a y ceniza volante. IPN. 2015 (P).<\/p>\n\n\n\n<p>Resistividad el\u00e9ctrica de morteros hidr\u00e1ulicos elaborados con materiales suplementarios. IPN. 2014 <strong>(D).<\/strong><\/p>\n\n\n\n<p>An\u00e1lisis del periodo de iniciaci\u00f3n de la corrosi\u00f3n en concretos y morteros modificados con ceniza de bagazo de ca\u00f1a y ceniza volante (CBC y CV). IPN. 2014 (P).<\/p>\n\n\n\n<p><\/p>\n","protected":false},"excerpt":{"rendered":"<p>Proyectos de Innovaci\u00f3n y Desarrollo Tecnol\u00f3gico (D) Director de proyecto, (P) Participante Desarrollo Tecnol\u00f3gico Sustentable para la Fabricaci\u00f3n de Tejas Con Materiales Reciclables. IPN. 2024-2025 (D). Piezas de mamposter\u00eda elaboradas con vidrio residual como sustituto parcial de materia prima. IPN. 2022-2023 (D). Concreto ecol\u00f3gico, una alternativa para la industria de la construcci\u00f3n en M\u00e9xico. IPN. [&hellip;]<\/p>\n","protected":false},"author":29,"featured_media":0,"parent":0,"menu_order":0,"comment_status":"closed","ping_status":"closed","template":"","meta":{"_swt_meta_header_display":false,"_swt_meta_footer_display":false,"_swt_meta_site_title_display":false,"_swt_meta_sticky_header":false,"_swt_meta_transparent_header":false,"footnotes":""},"class_list":["post-8","page","type-page","status-publish","hentry"],"_links":{"self":[{"href":"https:\/\/web.ciidiroaxaca.ipn.mx\/vjimenezq\/wp-json\/wp\/v2\/pages\/8","targetHints":{"allow":["GET"]}}],"collection":[{"href":"https:\/\/web.ciidiroaxaca.ipn.mx\/vjimenezq\/wp-json\/wp\/v2\/pages"}],"about":[{"href":"https:\/\/web.ciidiroaxaca.ipn.mx\/vjimenezq\/wp-json\/wp\/v2\/types\/page"}],"author":[{"embeddable":true,"href":"https:\/\/web.ciidiroaxaca.ipn.mx\/vjimenezq\/wp-json\/wp\/v2\/users\/29"}],"replies":[{"embeddable":true,"href":"https:\/\/web.ciidiroaxaca.ipn.mx\/vjimenezq\/wp-json\/wp\/v2\/comments?post=8"}],"version-history":[{"count":7,"href":"https:\/\/web.ciidiroaxaca.ipn.mx\/vjimenezq\/wp-json\/wp\/v2\/pages\/8\/revisions"}],"predecessor-version":[{"id":59,"href":"https:\/\/web.ciidiroaxaca.ipn.mx\/vjimenezq\/wp-json\/wp\/v2\/pages\/8\/revisions\/59"}],"wp:attachment":[{"href":"https:\/\/web.ciidiroaxaca.ipn.mx\/vjimenezq\/wp-json\/wp\/v2\/media?parent=8"}],"curies":[{"name":"wp","href":"https:\/\/api.w.org\/{rel}","templated":true}]}}