{"id":10,"date":"2012-08-17T20:07:27","date_gmt":"2012-08-17T20:07:27","guid":{"rendered":"https:\/\/web.ciidiroaxaca.ipn.mx\/vjimenezq\/actividades-academicas\/"},"modified":"2025-10-15T17:04:25","modified_gmt":"2025-10-15T17:04:25","slug":"actividades-academicas","status":"publish","type":"page","link":"https:\/\/web.ciidiroaxaca.ipn.mx\/vjimenezq\/actividades-academicas\/","title":{"rendered":"Actividades acad\u00e9micas"},"content":{"rendered":"\n<ul class=\"wp-block-list\">\n<li>Jurado Evaluador en Concursos Acad\u00e9micos y Ferias de Ciencias.<\/li>\n\n\n\n<li>Profesor de los cursos de posgrado:<\/li>\n<\/ul>\n\n\n\n<p>&nbsp; &nbsp; &nbsp; &nbsp; &nbsp; &nbsp; &nbsp; &nbsp;Tecnolog\u00eda del Concreto<br>&nbsp; &nbsp; &nbsp; &nbsp; &nbsp; &nbsp; &nbsp; &nbsp; Procesos de Corrosi\u00f3n<br>&nbsp; &nbsp; &nbsp; &nbsp; &nbsp; &nbsp; &nbsp; &nbsp; Seminarios de Investigaci\u00f3n I,II,III y IV.<br>&nbsp; &nbsp; &nbsp; &nbsp; &nbsp; &nbsp; &nbsp; &nbsp; Dise\u00f1os Experimentales y An\u00e1lisis Estad\u00edsticos de datos en Ingenier\u00eda.<\/p>\n\n\n\n<ul class=\"wp-block-list\">\n<li>Miembro del Colegio de Profesores del CIIDIR Unidad Oaxaca, IPN.&nbsp;<\/li>\n\n\n\n<li>\u00c1rbitro de la revista internacional: Construction and Building Materials<\/li>\n\n\n\n<li>\u00c1rbitro de la revista internacional: Journal of Building Engineering<\/li>\n\n\n\n<li>\u00c1rbitro de la revista internacional: Materials<\/li>\n\n\n\n<li>\u00c1rbitro de la revista internacional: Case Studies in Construction Materials<\/li>\n\n\n\n<li>\u00c1rbitro de la revista internacional: Sustainability<\/li>\n\n\n\n<li>Evaluador de proyectos del Programa de Est\u00edmulos a la Innovaci\u00f3n. Consejo Nacional de Ciencia y Tecnolog\u00eda, Direcci\u00f3n de Innovaci\u00f3n de la Direcci\u00f3n Adjunta de Desarrollo Tecnol\u00f3gico e<br><div>Innovaci\u00f3n<\/div><\/li>\n<\/ul>\n\n\n\n<p>&nbsp;<\/p>\n\n\n\n<p><strong>Co-autor en la elaboraci\u00f3n de los siguientes prototipos did\u00e1cticos:<\/strong><\/p>\n\n\n\n<ul class=\"wp-block-list\">\n<li>Celda de corrosi\u00f3n base empleada para medir potenciales de corrosi\u00f3n.<\/li>\n\n\n\n<li>Dispositivo para ensayes de resistencia a la polarizaci\u00f3n lineal empleando el m\u00e9todo potenciost\u00e1tico.&nbsp;<\/li>\n\n\n\n<li>Prototipo de vivienda hecho con paneles precolados con mortero fluido<\/li>\n<\/ul>\n\n\n\n<p><strong>Reconocimientos:<\/strong><\/p>\n\n\n\n<p><\/p>\n\n\n\n<p class=\"has-text-align-left\"><strong>Distinci\u00f3n como mejor ponencia <\/strong>del trabajo: \u201c\u00cdndices de actividad resistente de polvos obtenidos de pedacer\u00eda de vidrio de colores para su uso como sustitutos de cemento portland\u201d, en el Eje tem\u00e1tico de Ingenier\u00edas, realizada durante el 13\u00b0 Congreso Internacional Virtual de Innovaci\u00f3n, Tecnolog\u00eda y Educaci\u00f3n \u201cCIVITEC 2024\u201d, Tijuana Baja California, 28 y 29 de noviembre del 2024.<\/p>\n\n\n\n<p>Del American Concrete Institute, PhD RILEM course on Concrete Life cycle, <strong>Certificate of Recognition of the Silver Price in the Best Technical Content<\/strong>, title: Valorization of local resources for the cement industry in southern M\u00e9xico: glas waste as a sustainable solution, October 2024.<\/p>\n\n\n\n<p><strong>Asesor Externo<\/strong> del Proyecto: Obtenci\u00f3n de un Fertilizante Org\u00e1nico a Base del Exoesqueleto del Pez Diablo, Modalidad Tecnol\u00f3gico, <strong>Ganador del 1er. Lugar<\/strong> en el Concurso Nacional de Prototipos y Proyectos de Emprendimiento DGETI 2023.<\/p>\n\n\n\n<p><strong>Premio a la Investigaci\u00f3n en el IPN 2020<\/strong>, en la Categor\u00eda Desarrollo Tecnol\u00f3gico (Menci\u00f3n Honor\u00edfica). Director del Proyecto: Ladrillo ecol\u00f3gico elaborado con arcilla y residuos industriales.<\/p>\n\n\n\n<p><\/p>\n\n\n\n<p><strong>Asesor<\/strong> de estudiantes ganadores del <strong>Primer Luga<\/strong>r en el Premio del Instituto Mexicano de la Juventud 2006 y 2007 en el \u00e1rea de Ciencia y Tecnolog\u00eda.<\/p>\n\n\n\n<p><\/p>\n","protected":false},"excerpt":{"rendered":"<p>&nbsp; &nbsp; &nbsp; &nbsp; &nbsp; &nbsp; &nbsp; &nbsp;Tecnolog\u00eda del Concreto&nbsp; &nbsp; &nbsp; &nbsp; &nbsp; &nbsp; &nbsp; &nbsp; Procesos de Corrosi\u00f3n&nbsp; &nbsp; &nbsp; &nbsp; &nbsp; &nbsp; &nbsp; &nbsp; Seminarios de Investigaci\u00f3n I,II,III y IV.&nbsp; &nbsp; &nbsp; &nbsp; &nbsp; &nbsp; &nbsp; &nbsp; Dise\u00f1os Experimentales y An\u00e1lisis Estad\u00edsticos de datos en Ingenier\u00eda. &nbsp; Co-autor en la elaboraci\u00f3n de [&hellip;]<\/p>\n","protected":false},"author":29,"featured_media":0,"parent":0,"menu_order":0,"comment_status":"closed","ping_status":"closed","template":"","meta":{"_swt_meta_header_display":false,"_swt_meta_footer_display":false,"_swt_meta_site_title_display":false,"_swt_meta_sticky_header":false,"_swt_meta_transparent_header":false,"footnotes":""},"class_list":["post-10","page","type-page","status-publish","hentry"],"_links":{"self":[{"href":"https:\/\/web.ciidiroaxaca.ipn.mx\/vjimenezq\/wp-json\/wp\/v2\/pages\/10","targetHints":{"allow":["GET"]}}],"collection":[{"href":"https:\/\/web.ciidiroaxaca.ipn.mx\/vjimenezq\/wp-json\/wp\/v2\/pages"}],"about":[{"href":"https:\/\/web.ciidiroaxaca.ipn.mx\/vjimenezq\/wp-json\/wp\/v2\/types\/page"}],"author":[{"embeddable":true,"href":"https:\/\/web.ciidiroaxaca.ipn.mx\/vjimenezq\/wp-json\/wp\/v2\/users\/29"}],"replies":[{"embeddable":true,"href":"https:\/\/web.ciidiroaxaca.ipn.mx\/vjimenezq\/wp-json\/wp\/v2\/comments?post=10"}],"version-history":[{"count":4,"href":"https:\/\/web.ciidiroaxaca.ipn.mx\/vjimenezq\/wp-json\/wp\/v2\/pages\/10\/revisions"}],"predecessor-version":[{"id":53,"href":"https:\/\/web.ciidiroaxaca.ipn.mx\/vjimenezq\/wp-json\/wp\/v2\/pages\/10\/revisions\/53"}],"wp:attachment":[{"href":"https:\/\/web.ciidiroaxaca.ipn.mx\/vjimenezq\/wp-json\/wp\/v2\/media?parent=10"}],"curies":[{"name":"wp","href":"https:\/\/api.w.org\/{rel}","templated":true}]}}