{"id":6,"date":"2011-11-09T16:24:59","date_gmt":"2011-11-09T16:24:59","guid":{"rendered":"https:\/\/web.ciidiroaxaca.ipn.mx\/strujila\/proyectos-de-investigacion\/"},"modified":"2025-12-04T17:44:34","modified_gmt":"2025-12-04T23:44:34","slug":"proyectos-de-investigacion","status":"publish","type":"page","link":"https:\/\/web.ciidiroaxaca.ipn.mx\/strujila\/proyectos-de-investigacion\/","title":{"rendered":"Proyectos de investigaci\u00f3n"},"content":{"rendered":"\n<ul class=\"wp-block-list\">\n<li>Estudios de biodiversidad de Oaxaca I. Identificaci\u00f3n molecular de insectos y cat\u00e1logo fotogr\u00e1fico de la entomofauna de Monte Alb\u00e1n. <strong>SIP 20251059<\/strong>.<\/li>\n\n\n\n<li>Barreras o puentes: Distribuci\u00f3n de tres Ordenes (8 familias) de insectos en los Valles Centrales de Oaxaca y monta\u00f1as aleda\u00f1as, usando c\u00f3digo de barras de ADN. <strong>Proyecto CONAHCYT Ciencia B\u00e1sica y de Frontera 2024-26<\/strong>.<\/li>\n\n\n\n<li>Interacciones bi-tr\u00f3ficas en tres biomas del estado de Oaxaca; selva baja, matorral y bosque de niebla. <strong>SIP 20241916.<\/strong><\/li>\n\n\n\n<li>Bosques tropicales de Oaxaca: cambio clim\u00e1tico y biodiversidad<strong>. SIP20231641.<\/strong><\/li>\n\n\n\n<li>C\u00f3digo de barras de ADN, diversidad flor\u00edstica y distribuci\u00f3n del bosque de niebla.\u00a0 <strong>SIP 20221660<\/strong>.\u00a0\u00a0<\/li>\n\n\n\n<li>Identificaci\u00f3n molecular de plantas, etnobot\u00e1nica y din\u00e1mica de bosques asociados con las milpas. Clave <strong>SIP 20211341.<\/strong><\/li>\n\n\n\n<li>Identificaci\u00f3n de plantas del bosque templado de la Mixteca Baja de Oaxaca por medio del C\u00f3digo de barras gen\u00e9tico I. \u00a0<strong>SIP20201673<\/strong>.<\/li>\n\n\n\n<li>Diversidad, din\u00e1mica y monitoreo de especies de bosques templados h\u00famedos <strong>SIP20195601<\/strong>.<\/li>\n\n\n\n<li>Patrones de biodiversidad de plantas en un bosque mes\u00f3filo de monta\u00f1a <strong>SIP20180889<\/strong>.<\/li>\n\n\n\n<li>Estudios de relaciones antr\u00f3picas con sistemas biol\u00f3gicos naturales en Oaxaca <strong>SIP20171792<\/strong>.<\/li>\n\n\n\n<li>Transferencia de oligonucle\u00f3tidos SSR de la manzana, a una ros\u00e1cea silvestre. <strong>.<\/strong> Proyecto modalidad especial. <strong>SIP 20161300<\/strong>.<\/li>\n\n\n\n<li>An\u00e1lisis gen\u00e9ticos de una especie vegetal nativa de Oaxaca, que tolera sitios perturbados. <strong>SIP 20151342<\/strong>.<\/li>\n\n\n\n<li>Patrones gen\u00e9ticos de una ros\u00e1cea nativa del estado de Oaxaca, que habita en lugares altamente perturbados. <strong>SIP 20140825<\/strong>.<\/li>\n\n\n\n<li>Biodiversidad vegetal y sus interacciones con el humano en sistemas forestales del sur de M\u00e9xico. \u00a0<strong>SIP 20131425<\/strong>.<\/li>\n\n\n\n<li>Patrones ecol\u00f3gicos en sistemas forestales del sureste de M\u00e9xico.\u00a0 <strong>SIP 20121168<\/strong>.<\/li>\n\n\n\n<li>Patrones de diversidad biol\u00f3gica en el sureste de M\u00e9xico. <strong>SIP 20110385<\/strong>.<\/li>\n\n\n\n<li>Proyecto: Ecolog\u00eda y Restauraci\u00f3n de Paisajes Forestales en Zonas Secas.\u00a0 <strong>SIP20100292<\/strong>\u00a0.<\/li>\n\n\n\n<li>Ecolog\u00eda y Restauraci\u00f3n de Paisajes Forestales en Zonas Secas III.\u00a0 <strong>SIP<\/strong> <strong>20090394<\/strong>. <\/li>\n\n\n\n<li>Ecolog\u00eda y restauraci\u00f3n de paisajes forestales en zonas secas II.\u00a0 An\u00e1lisis exploratorio.\u00a0<strong>SIP 20080638.<\/strong><\/li>\n\n\n\n<li>Ecolog\u00eda y restauraci\u00f3n de paisajes forestales en zonas secas I. \u00a0An\u00e1lisis exploratorio. \u00a0<strong>SIP 20070373<\/strong>.<\/li>\n\n\n\n<li>Restoration of Forest Landscapes for Biodiversity Conservation and Rural Development in the Drylands of Latin America. \u00a0 2007-2009. <strong>INCO V Program<\/strong> (<strong>REFORLAN FP6-2004-INCO-DEV-3 032132<\/strong>).<\/li>\n\n\n\n<li>Plan de Manejo y Conservaci\u00f3n de tres especies comerciales de bromelias epifitas en los valles centrales de Oaxaca. <strong>SIP 20060111 y \u00a0SEMARNAT-CONACYT-2004-CO1-48316. \u00a0<\/strong><\/li>\n\n\n\n<li>Biodiversity, Conservation, Restoration and Sustainable Use in Fragmented Forest Landscapes (BIOCORES). \u00a0<strong>United Nations Environmental Program (UNEP)<\/strong>. <strong>Cambridge University-United Kindom<\/strong>. Junio 2002-Junio 2005.<\/li>\n\n\n\n<li>Fundamentos Cient\u00edficos para la Conservacion y Aprovechamiento de Pinus chiapensis. CGEPI. Proyecto No. 260703.   Julio 2001-Junio 2004. <strong>CGEPI \u00a020010876<\/strong>.<\/li>\n\n\n\n<li>Biodiversity, Conservation and Sustainable Use in Mexican Cloud Forest. <strong>Darwin Initiative for the Survival of Species (en colaboraci\u00f3n con el Institute of Ecology and Resource Management, de la Universidad de Edimburgo, Escocia).<\/strong> En co-direcci\u00f3n con el Dr. Adrian Newton.<strong> <\/strong>\u00a0<strong> <\/strong>1999-2002.<\/li>\n\n\n\n<li>Sistemas de cruzamiento y ensayo de procedencias en <em>Pinus chiapensis<\/em> (Mart.<\/li>\n\n\n\n<li>Andresen)\u00a02001.  <strong>CGPI980030<\/strong><\/li>\n\n\n\n<li>Estudio Demogr\u00e1fico y Gen\u00e9tico para la Conservaci\u00f3n y Manejo de <em>Pinus chiapensis<\/em><\/li>\n\n\n\n<li>(Mart.)Andresen en el sureste de M\u00e9xico. 1998.  <strong>SIBEJ <em>clave RNMA-22 y DEPI, 1996<\/em>\u00a0<\/strong><\/li>\n<\/ul>\n\n\n\n<p><\/p>\n","protected":false},"excerpt":{"rendered":"","protected":false},"author":76,"featured_media":0,"parent":0,"menu_order":0,"comment_status":"closed","ping_status":"closed","template":"","meta":{"_swt_meta_header_display":false,"_swt_meta_footer_display":false,"_swt_meta_site_title_display":false,"_swt_meta_sticky_header":false,"_swt_meta_transparent_header":false,"footnotes":""},"class_list":["post-6","page","type-page","status-publish","hentry"],"_links":{"self":[{"href":"https:\/\/web.ciidiroaxaca.ipn.mx\/strujila\/wp-json\/wp\/v2\/pages\/6","targetHints":{"allow":["GET"]}}],"collection":[{"href":"https:\/\/web.ciidiroaxaca.ipn.mx\/strujila\/wp-json\/wp\/v2\/pages"}],"about":[{"href":"https:\/\/web.ciidiroaxaca.ipn.mx\/strujila\/wp-json\/wp\/v2\/types\/page"}],"author":[{"embeddable":true,"href":"https:\/\/web.ciidiroaxaca.ipn.mx\/strujila\/wp-json\/wp\/v2\/users\/76"}],"replies":[{"embeddable":true,"href":"https:\/\/web.ciidiroaxaca.ipn.mx\/strujila\/wp-json\/wp\/v2\/comments?post=6"}],"version-history":[{"count":4,"href":"https:\/\/web.ciidiroaxaca.ipn.mx\/strujila\/wp-json\/wp\/v2\/pages\/6\/revisions"}],"predecessor-version":[{"id":54,"href":"https:\/\/web.ciidiroaxaca.ipn.mx\/strujila\/wp-json\/wp\/v2\/pages\/6\/revisions\/54"}],"wp:attachment":[{"href":"https:\/\/web.ciidiroaxaca.ipn.mx\/strujila\/wp-json\/wp\/v2\/media?parent=6"}],"curies":[{"name":"wp","href":"https:\/\/api.w.org\/{rel}","templated":true}]}}