{"id":22,"date":"2011-10-27T19:55:20","date_gmt":"2011-10-27T19:55:20","guid":{"rendered":"https:\/\/web.ciidiroaxaca.ipn.mx\/sjimenez\/actividades-academicas\/"},"modified":"2025-10-09T03:04:37","modified_gmt":"2025-10-09T03:04:37","slug":"actividades-academicas","status":"publish","type":"page","link":"https:\/\/web.ciidiroaxaca.ipn.mx\/sjimenez\/actividades-academicas\/","title":{"rendered":"Actividades acad\u00e9micas"},"content":{"rendered":"\n<p>Asignaturas que imparte:<\/p>\n\n\n\n<ul class=\"wp-block-list\">\n<li><a href=\"https:\/\/web.ciidiroaxaca.ipn.mx\/sjimenez\/wp-content\/uploads\/sites\/10\/2011\/10\/introduccion_hidrogeologia.pdf\" target=\"_blank\" rel=\"noreferrer noopener\">Introducci\u00f3n a la hidrogeolog\u00eda<\/a><\/li>\n\n\n\n<li><a href=\"https:\/\/web.ciidiroaxaca.ipn.mx\/sjimenez\/wp-content\/uploads\/sites\/10\/2011\/10\/Percepcion_remota.pdf\" target=\"_blank\" rel=\"noreferrer noopener\">Percepci\u00f3n Remota&nbsp;<\/a><\/li>\n\n\n\n<li>Seminario de Investigaci\u00f3n<\/li>\n\n\n\n<li>Metodos potenciales en la exploraci\u00f3n de recursos naturales<\/li>\n<\/ul>\n\n\n\n<h3 class=\"wp-block-heading\">A\u00f1o Sab\u00e1tico<\/h3>\n\n\n\n<ul class=\"wp-block-list\">\n<li><a href=\"https:\/\/web.ciidiroaxaca.ipn.mx\/sjimenez\/wp-content\/uploads\/sites\/10\/2011\/10\/Producto-Sabatico-SALVADOR-BELMONTE-J.pdf\" target=\"_blank\" rel=\"noreferrer noopener\">Informe Final<\/a>&nbsp;<\/li>\n<\/ul>\n\n\n\n<h3 class=\"wp-block-heading\">Otras actividades acad\u00e9micas:<\/h3>\n\n\n\n<p>Estudios geof\u00edsicos e hidrogeol\u00f3gicos para la exploraci\u00f3n y caracterizaci\u00f3n de sistemas acu\u00edferos.<\/p>\n\n\n\n<p>Se asesora a comunidades rurales, y al sector Gubernamental (Municipal, Estatal y Federal), as\u00ed como sector privado.<\/p>\n\n\n\n<p><a href=\"https:\/\/web.ciidiroaxaca.ipn.mx\/sjimenez\/actividades-academicas\/\" data-type=\"page\" data-id=\"22\">URL CIIDIR OAX<\/a><\/p>\n\n\n\n<div class=\"wp-block-columns is-layout-flex wp-container-core-columns-is-layout-28f84493 wp-block-columns-is-layout-flex\">\n<div class=\"wp-block-column is-layout-flow wp-block-column-is-layout-flow\">\n<figure class=\"wp-block-image aligncenter is-resized\"><img loading=\"lazy\" decoding=\"async\" width=\"896\" height=\"1200\" src=\"https:\/\/web.ciidiroaxaca.ipn.mx\/sjimenez\/wp-content\/uploads\/sites\/10\/2011\/10\/Fo_Vi-169.jpg\" alt=\"\" class=\"wp-image-15\" style=\"width:217px;height:auto\" srcset=\"https:\/\/web.ciidiroaxaca.ipn.mx\/sjimenez\/wp-content\/uploads\/sites\/10\/2011\/10\/Fo_Vi-169.jpg 896w, https:\/\/web.ciidiroaxaca.ipn.mx\/sjimenez\/wp-content\/uploads\/sites\/10\/2011\/10\/Fo_Vi-169-224x300.jpg 224w, https:\/\/web.ciidiroaxaca.ipn.mx\/sjimenez\/wp-content\/uploads\/sites\/10\/2011\/10\/Fo_Vi-169-765x1024.jpg 765w, https:\/\/web.ciidiroaxaca.ipn.mx\/sjimenez\/wp-content\/uploads\/sites\/10\/2011\/10\/Fo_Vi-169-768x1029.jpg 768w\" sizes=\"auto, (max-width: 896px) 100vw, 896px\" \/><\/figure>\n\n\n\n<p><strong>Midiendo el campo magn\u00e9tico terrestre<\/strong>  \u00a0(Valle de Tlacolula, Oaxaca).<\/p>\n<\/div>\n\n\n\n<div class=\"wp-block-column is-layout-flow wp-block-column-is-layout-flow\">\n<figure class=\"wp-block-image\"><img loading=\"lazy\" decoding=\"async\" width=\"1200\" height=\"900\" src=\"https:\/\/web.ciidiroaxaca.ipn.mx\/sjimenez\/wp-content\/uploads\/sites\/10\/2011\/10\/IMG_1248.JPG\" alt=\"\" class=\"wp-image-19\" srcset=\"https:\/\/web.ciidiroaxaca.ipn.mx\/sjimenez\/wp-content\/uploads\/sites\/10\/2011\/10\/IMG_1248.JPG 1200w, https:\/\/web.ciidiroaxaca.ipn.mx\/sjimenez\/wp-content\/uploads\/sites\/10\/2011\/10\/IMG_1248-300x225.jpg 300w, https:\/\/web.ciidiroaxaca.ipn.mx\/sjimenez\/wp-content\/uploads\/sites\/10\/2011\/10\/IMG_1248-1024x768.jpg 1024w, https:\/\/web.ciidiroaxaca.ipn.mx\/sjimenez\/wp-content\/uploads\/sites\/10\/2011\/10\/IMG_1248-768x576.jpg 768w\" sizes=\"auto, (max-width: 1200px) 100vw, 1200px\" \/><\/figure>\n\n\n\n<p><strong>Tomando medidas de resistividad el\u00e9ctrica <\/strong>en Santa Mitlatongo, Nochixtla, Oax.<\/p>\n<\/div>\n<\/div>\n\n\n\n<h3 class=\"wp-block-heading\"><strong>Evidencias de zonas de riesgo a deslizamientos:<\/strong><\/h3>\n\n\n\n<div class=\"wp-block-columns is-layout-flex wp-container-core-columns-is-layout-28f84493 wp-block-columns-is-layout-flex\">\n<div class=\"wp-block-column is-layout-flow wp-block-column-is-layout-flow\">\n<figure class=\"wp-block-image aligncenter\"><img loading=\"lazy\" decoding=\"async\" width=\"1200\" height=\"799\" src=\"https:\/\/web.ciidiroaxaca.ipn.mx\/sjimenez\/wp-content\/uploads\/sites\/10\/2011\/10\/DSC04644.JPG\" alt=\"\" class=\"wp-image-20\" srcset=\"https:\/\/web.ciidiroaxaca.ipn.mx\/sjimenez\/wp-content\/uploads\/sites\/10\/2011\/10\/DSC04644.JPG 1200w, https:\/\/web.ciidiroaxaca.ipn.mx\/sjimenez\/wp-content\/uploads\/sites\/10\/2011\/10\/DSC04644-300x200.jpg 300w, https:\/\/web.ciidiroaxaca.ipn.mx\/sjimenez\/wp-content\/uploads\/sites\/10\/2011\/10\/DSC04644-1024x682.jpg 1024w, https:\/\/web.ciidiroaxaca.ipn.mx\/sjimenez\/wp-content\/uploads\/sites\/10\/2011\/10\/DSC04644-768x511.jpg 768w\" sizes=\"auto, (max-width: 1200px) 100vw, 1200px\" \/><\/figure>\n\n\n\n<p>Agencia de Polic\u00eda <strong>San Pedro Nolasco<\/strong>, Xiacu\u00ed, Ixtl\u00e1n, Oax. (2010)<\/p>\n<\/div>\n\n\n\n<div class=\"wp-block-column is-layout-flow wp-block-column-is-layout-flow\">\n<figure class=\"wp-block-image aligncenter is-resized\"><img loading=\"lazy\" decoding=\"async\" width=\"1200\" height=\"900\" src=\"https:\/\/web.ciidiroaxaca.ipn.mx\/sjimenez\/wp-content\/uploads\/sites\/10\/2011\/10\/DSCN6223.JPG\" alt=\"\" class=\"wp-image-21\" style=\"width:368px;height:auto\" srcset=\"https:\/\/web.ciidiroaxaca.ipn.mx\/sjimenez\/wp-content\/uploads\/sites\/10\/2011\/10\/DSCN6223.JPG 1200w, https:\/\/web.ciidiroaxaca.ipn.mx\/sjimenez\/wp-content\/uploads\/sites\/10\/2011\/10\/DSCN6223-300x225.jpg 300w, https:\/\/web.ciidiroaxaca.ipn.mx\/sjimenez\/wp-content\/uploads\/sites\/10\/2011\/10\/DSCN6223-1024x768.jpg 1024w, https:\/\/web.ciidiroaxaca.ipn.mx\/sjimenez\/wp-content\/uploads\/sites\/10\/2011\/10\/DSCN6223-768x576.jpg 768w\" sizes=\"auto, (max-width: 1200px) 100vw, 1200px\" \/><\/figure>\n\n\n\n<p>Santa Cruz Mitlatongo, Nochixtlan, Oax. (2012)<\/p>\n<\/div>\n<\/div>\n\n\n\n<p><\/p>\n","protected":false},"excerpt":{"rendered":"<p>Asignaturas que imparte: A\u00f1o Sab\u00e1tico Otras actividades acad\u00e9micas: Estudios geof\u00edsicos e hidrogeol\u00f3gicos para la exploraci\u00f3n y caracterizaci\u00f3n de sistemas acu\u00edferos. Se asesora a comunidades rurales, y al sector Gubernamental (Municipal, Estatal y Federal), as\u00ed como sector privado. URL CIIDIR OAX Midiendo el campo magn\u00e9tico terrestre \u00a0(Valle de Tlacolula, Oaxaca). Tomando medidas de resistividad el\u00e9ctrica en [&hellip;]<\/p>\n","protected":false},"author":10,"featured_media":0,"parent":0,"menu_order":0,"comment_status":"closed","ping_status":"closed","template":"","meta":{"_swt_meta_header_display":false,"_swt_meta_footer_display":false,"_swt_meta_site_title_display":false,"_swt_meta_sticky_header":false,"_swt_meta_transparent_header":false,"footnotes":""},"class_list":["post-22","page","type-page","status-publish","hentry"],"_links":{"self":[{"href":"https:\/\/web.ciidiroaxaca.ipn.mx\/sjimenez\/wp-json\/wp\/v2\/pages\/22","targetHints":{"allow":["GET"]}}],"collection":[{"href":"https:\/\/web.ciidiroaxaca.ipn.mx\/sjimenez\/wp-json\/wp\/v2\/pages"}],"about":[{"href":"https:\/\/web.ciidiroaxaca.ipn.mx\/sjimenez\/wp-json\/wp\/v2\/types\/page"}],"author":[{"embeddable":true,"href":"https:\/\/web.ciidiroaxaca.ipn.mx\/sjimenez\/wp-json\/wp\/v2\/users\/10"}],"replies":[{"embeddable":true,"href":"https:\/\/web.ciidiroaxaca.ipn.mx\/sjimenez\/wp-json\/wp\/v2\/comments?post=22"}],"version-history":[{"count":7,"href":"https:\/\/web.ciidiroaxaca.ipn.mx\/sjimenez\/wp-json\/wp\/v2\/pages\/22\/revisions"}],"predecessor-version":[{"id":68,"href":"https:\/\/web.ciidiroaxaca.ipn.mx\/sjimenez\/wp-json\/wp\/v2\/pages\/22\/revisions\/68"}],"wp:attachment":[{"href":"https:\/\/web.ciidiroaxaca.ipn.mx\/sjimenez\/wp-json\/wp\/v2\/media?parent=22"}],"curies":[{"name":"wp","href":"https:\/\/api.w.org\/{rel}","templated":true}]}}

Actividades académicas

<p>Asignaturas que imparte:</p>



<ul class="wp-block-list">
<li><a href="https://web.ciidiroaxaca.ipn.mx/sjimenez/wp-content/uploads/sites/10/2011/10/introduccion_hidrogeologia.pdf" target="_blank" rel="noreferrer noopener">Introducción a la hidrogeología</a></li>



<li><a href="https://web.ciidiroaxaca.ipn.mx/sjimenez/wp-content/uploads/sites/10/2011/10/Percepcion_remota.pdf" target="_blank" rel="noreferrer noopener">Percepción Remota&nbsp;</a></li>



<li>Seminario de Investigación</li>



<li>Metodos potenciales en la exploración de recursos naturales</li>
</ul>



<h3 class="wp-block-heading">Año Sabático</h3>



<ul class="wp-block-list">
<li><a href="https://web.ciidiroaxaca.ipn.mx/sjimenez/wp-content/uploads/sites/10/2011/10/Producto-Sabatico-SALVADOR-BELMONTE-J.pdf" target="_blank" rel="noreferrer noopener">Informe Final</a>&nbsp;</li>
</ul>



<h3 class="wp-block-heading">Otras actividades académicas:</h3>



<p>Estudios geofísicos e hidrogeológicos para la exploración y caracterización de sistemas acuíferos.</p>



<p>Se asesora a comunidades rurales, y al sector Gubernamental (Municipal, Estatal y Federal), así como sector privado.</p>



<p><a href="https://web.ciidiroaxaca.ipn.mx/sjimenez/actividades-academicas/" data-type="page" data-id="22">URL CIIDIR OAX</a></p>



<div class="wp-block-columns is-layout-flex wp-container-core-columns-is-layout-28f84493 wp-block-columns-is-layout-flex">
<div class="wp-block-column is-layout-flow wp-block-column-is-layout-flow">
<figure class="wp-block-image aligncenter is-resized"><img loading="lazy" decoding="async" width="896" height="1200" src="https://web.ciidiroaxaca.ipn.mx/sjimenez/wp-content/uploads/sites/10/2011/10/Fo_Vi-169.jpg" alt="" class="wp-image-15" style="width:217px;height:auto" srcset="https://web.ciidiroaxaca.ipn.mx/sjimenez/wp-content/uploads/sites/10/2011/10/Fo_Vi-169.jpg 896w, https://web.ciidiroaxaca.ipn.mx/sjimenez/wp-content/uploads/sites/10/2011/10/Fo_Vi-169-224x300.jpg 224w, https://web.ciidiroaxaca.ipn.mx/sjimenez/wp-content/uploads/sites/10/2011/10/Fo_Vi-169-765x1024.jpg 765w, https://web.ciidiroaxaca.ipn.mx/sjimenez/wp-content/uploads/sites/10/2011/10/Fo_Vi-169-768x1029.jpg 768w" sizes="auto, (max-width: 896px) 100vw, 896px" /></figure>



<p><strong>Midiendo el campo magnético terrestre</strong>   (Valle de Tlacolula, Oaxaca).</p>
</div>



<div class="wp-block-column is-layout-flow wp-block-column-is-layout-flow">
<figure class="wp-block-image"><img loading="lazy" decoding="async" width="1200" height="900" src="https://web.ciidiroaxaca.ipn.mx/sjimenez/wp-content/uploads/sites/10/2011/10/IMG_1248.JPG" alt="" class="wp-image-19" srcset="https://web.ciidiroaxaca.ipn.mx/sjimenez/wp-content/uploads/sites/10/2011/10/IMG_1248.JPG 1200w, https://web.ciidiroaxaca.ipn.mx/sjimenez/wp-content/uploads/sites/10/2011/10/IMG_1248-300x225.jpg 300w, https://web.ciidiroaxaca.ipn.mx/sjimenez/wp-content/uploads/sites/10/2011/10/IMG_1248-1024x768.jpg 1024w, https://web.ciidiroaxaca.ipn.mx/sjimenez/wp-content/uploads/sites/10/2011/10/IMG_1248-768x576.jpg 768w" sizes="auto, (max-width: 1200px) 100vw, 1200px" /></figure>



<p><strong>Tomando medidas de resistividad eléctrica </strong>en Santa Mitlatongo, Nochixtla, Oax.</p>
</div>
</div>



<h3 class="wp-block-heading"><strong>Evidencias de zonas de riesgo a deslizamientos:</strong></h3>



<div class="wp-block-columns is-layout-flex wp-container-core-columns-is-layout-28f84493 wp-block-columns-is-layout-flex">
<div class="wp-block-column is-layout-flow wp-block-column-is-layout-flow">
<figure class="wp-block-image aligncenter"><img loading="lazy" decoding="async" width="1200" height="799" src="https://web.ciidiroaxaca.ipn.mx/sjimenez/wp-content/uploads/sites/10/2011/10/DSC04644.JPG" alt="" class="wp-image-20" srcset="https://web.ciidiroaxaca.ipn.mx/sjimenez/wp-content/uploads/sites/10/2011/10/DSC04644.JPG 1200w, https://web.ciidiroaxaca.ipn.mx/sjimenez/wp-content/uploads/sites/10/2011/10/DSC04644-300x200.jpg 300w, https://web.ciidiroaxaca.ipn.mx/sjimenez/wp-content/uploads/sites/10/2011/10/DSC04644-1024x682.jpg 1024w, https://web.ciidiroaxaca.ipn.mx/sjimenez/wp-content/uploads/sites/10/2011/10/DSC04644-768x511.jpg 768w" sizes="auto, (max-width: 1200px) 100vw, 1200px" /></figure>



<p>Agencia de Policía <strong>San Pedro Nolasco</strong>, Xiacuí, Ixtlán, Oax. (2010)</p>
</div>



<div class="wp-block-column is-layout-flow wp-block-column-is-layout-flow">
<figure class="wp-block-image aligncenter is-resized"><img loading="lazy" decoding="async" width="1200" height="900" src="https://web.ciidiroaxaca.ipn.mx/sjimenez/wp-content/uploads/sites/10/2011/10/DSCN6223.JPG" alt="" class="wp-image-21" style="width:368px;height:auto" srcset="https://web.ciidiroaxaca.ipn.mx/sjimenez/wp-content/uploads/sites/10/2011/10/DSCN6223.JPG 1200w, https://web.ciidiroaxaca.ipn.mx/sjimenez/wp-content/uploads/sites/10/2011/10/DSCN6223-300x225.jpg 300w, https://web.ciidiroaxaca.ipn.mx/sjimenez/wp-content/uploads/sites/10/2011/10/DSCN6223-1024x768.jpg 1024w, https://web.ciidiroaxaca.ipn.mx/sjimenez/wp-content/uploads/sites/10/2011/10/DSCN6223-768x576.jpg 768w" sizes="auto, (max-width: 1200px) 100vw, 1200px" /></figure>



<p>Santa Cruz Mitlatongo, Nochixtlan, Oax. (2012)</p>
</div>
</div>



<p></p>

<p>Asignaturas que imparte: Año Sabático Otras actividades académicas: Estudios geofísicos e hidrogeológicos para la exploración y caracterización de sistemas acuíferos. Se asesora a comunidades rurales, y al sector Gubernamental (Municipal, Estatal y Federal), así como sector privado. URL CIIDIR OAX Midiendo el campo magnético terrestre  (Valle de Tlacolula, Oaxaca). Tomando medidas de resistividad eléctrica en [&hellip;]</p>
