{"id":6,"date":"2011-11-03T18:30:10","date_gmt":"2011-11-03T18:30:10","guid":{"rendered":"https:\/\/web.ciidiroaxaca.ipn.mx\/rperezp\/dr-rafael-perez-pacheco\/"},"modified":"2025-10-20T00:43:59","modified_gmt":"2025-10-20T06:43:59","slug":"dr-rafael-perez-pacheco","status":"publish","type":"page","link":"https:\/\/web.ciidiroaxaca.ipn.mx\/rperezp\/","title":{"rendered":"Dr. Rafael P\u00e9rez Pacheco"},"content":{"rendered":"\n<figure class=\"wp-block-image aligncenter\"><img decoding=\"async\" src=\"https:\/\/web.ciidiroaxaca.ipn.mx\/rperezp\/wp-content\/uploads\/sites\/52\/2011\/11\/Rafael-Perez-Pacheco.jpg\" alt=\"\" \/><\/figure>\n\n\n\n<h4 class=\"wp-block-heading has-text-align-center\">Doctor en Ciencias en Entomolog\u00eda por el Colegio de Postgraduados, M\u00e9xico.<\/h4>\n\n\n\n<p class=\"has-text-align-center\">Postdoctorado en la Universidad de California, Riverside, EE. UU., especialidad en control biol\u00f3gico de mosquitos.<\/p>\n\n\n\n<p class=\"has-text-align-center\">Profesor Colegiado del Posgrado del CIIDIR Oaxaca, Instituto Polit\u00e9cnico Nacional.<\/p>\n\n\n\n<h5 class=\"wp-block-heading has-text-align-center\">Miembro del Sistema Nacional de Investigadores (SNI): Nivel I<\/h5>\n\n\n\n<p class=\"has-text-align-center\">Profesor del curso: \u201cManejo integrado de plagas y enfermedades\u201d de la Maestr\u00eda en Ciencias en Conservaci\u00f3n y Aprovechamiento de Recursos Naturales que se imparte en el CIIDIR Unidad Oaxaca.<\/p>\n\n\n\n<hr class=\"wp-block-separator has-alpha-channel-opacity\" \/>\n\n\n\n<p>Estudiantes que deseen realizar residencia profesional, tesis de licenciatura de maestr\u00eda o doctorado, pueden tomar en cuenta los temas y l\u00edneas de investigaci\u00f3n que se proponen.<\/p>\n\n\n\n<ul class=\"wp-block-list\">\n<li>Propuestas de temas de investigaci\u00f3n:<\/li>\n\n\n\n<li>Alternativas no qu\u00edmicas para el control de mosquitos.<\/li>\n\n\n\n<li>Control biol\u00f3gico con nematodos par\u00e1sitos de larvas de mosquitos.<\/li>\n\n\n\n<li>Uso de bacterias entomopat\u00f3genas en el control de larvas de mosquitos.<\/li>\n\n\n\n<li>Alternativas no qu\u00edmicas para el control de plagas de hortalizas.<\/li>\n\n\n\n<li>Uso de extractos vegetales y productos naturales para el control de mosca blanca en tomate y chile.<\/li>\n\n\n\n<li>Uso de extractos vegetales para el control de plagas de tomate y chile.<\/li>\n<\/ul>\n\n\n\n<h4 class=\"wp-block-heading\"><strong>L\u00edneas de investigaci\u00f3n:<\/strong><\/h4>\n\n\n\n<ul class=\"wp-block-list\">\n<li>Control biol\u00f3gico de mosquitos con nematodos.<\/li>\n\n\n\n<li>Manejo integrado de plagas y enfermedades de hortalizas<\/li>\n\n\n\n<li>Insecticidas vegetales.<\/li>\n<\/ul>\n\n\n\n<p class=\"has-text-align-center\"><strong>Email<\/strong>: <a href=\"mailto:rperezp@ipn.mx\">rperezp@ipn.mx<\/a>\u00a0 \u00a0 \u00a0 \u00a0 <strong>Ext.<\/strong>: 82704<\/p>\n\n\n\n<p><\/p>\n","protected":false},"excerpt":{"rendered":"<p>Doctor en Ciencias en Entomolog\u00eda por el Colegio de Postgraduados, M\u00e9xico. Postdoctorado en la Universidad de California, Riverside, EE. UU., especialidad en control biol\u00f3gico de mosquitos. Profesor Colegiado del Posgrado del CIIDIR Oaxaca, Instituto Polit\u00e9cnico Nacional. Miembro del Sistema Nacional de Investigadores (SNI): Nivel I Profesor del curso: \u201cManejo integrado de plagas y enfermedades\u201d de [&hellip;]<\/p>\n","protected":false},"author":52,"featured_media":0,"parent":0,"menu_order":0,"comment_status":"closed","ping_status":"closed","template":"","meta":{"_swt_meta_header_display":false,"_swt_meta_footer_display":false,"_swt_meta_site_title_display":false,"_swt_meta_sticky_header":false,"_swt_meta_transparent_header":false,"footnotes":""},"class_list":["post-6","page","type-page","status-publish","hentry"],"_links":{"self":[{"href":"https:\/\/web.ciidiroaxaca.ipn.mx\/rperezp\/wp-json\/wp\/v2\/pages\/6","targetHints":{"allow":["GET"]}}],"collection":[{"href":"https:\/\/web.ciidiroaxaca.ipn.mx\/rperezp\/wp-json\/wp\/v2\/pages"}],"about":[{"href":"https:\/\/web.ciidiroaxaca.ipn.mx\/rperezp\/wp-json\/wp\/v2\/types\/page"}],"author":[{"embeddable":true,"href":"https:\/\/web.ciidiroaxaca.ipn.mx\/rperezp\/wp-json\/wp\/v2\/users\/52"}],"replies":[{"embeddable":true,"href":"https:\/\/web.ciidiroaxaca.ipn.mx\/rperezp\/wp-json\/wp\/v2\/comments?post=6"}],"version-history":[{"count":5,"href":"https:\/\/web.ciidiroaxaca.ipn.mx\/rperezp\/wp-json\/wp\/v2\/pages\/6\/revisions"}],"predecessor-version":[{"id":113,"href":"https:\/\/web.ciidiroaxaca.ipn.mx\/rperezp\/wp-json\/wp\/v2\/pages\/6\/revisions\/113"}],"wp:attachment":[{"href":"https:\/\/web.ciidiroaxaca.ipn.mx\/rperezp\/wp-json\/wp\/v2\/media?parent=6"}],"curies":[{"name":"wp","href":"https:\/\/api.w.org\/{rel}","templated":true}]}}