{"id":13,"date":"2011-11-03T19:34:25","date_gmt":"2011-11-03T19:34:25","guid":{"rendered":"https:\/\/web.ciidiroaxaca.ipn.mx\/rperezp\/tesis\/"},"modified":"2025-10-20T00:46:01","modified_gmt":"2025-10-20T06:46:01","slug":"tesis","status":"publish","type":"page","link":"https:\/\/web.ciidiroaxaca.ipn.mx\/rperezp\/tesis\/","title":{"rendered":"Tesis Dirigidas y Asesoradas"},"content":{"rendered":"\n<p><strong>1.<\/strong> <em>Evaluaci\u00f3n de bioestimulantes naturales en la protecci\u00f3n de plantas y frutos de<\/em> <em>Cucurbita pepo<\/em> <em>L var. Round Zucchini<\/em><br><strong>Estudiante:<\/strong> Crisanto Mart\u00ednez Jos\u00e9 de Jes\u00fas<br><strong>Grado:<\/strong> Maestr\u00eda<br><strong>Fecha:<\/strong> 2025-08-21<\/p>\n\n\n\n<p><strong>2.<\/strong> <em>Diagn\u00f3stico de la distribuci\u00f3n y estrategias para el control de plagas de importancia agr\u00edcola y salud p\u00fablica<\/em><br><strong>Estudiante:<\/strong> Nancy Alonso Hern\u00e1ndez<br><strong>Grado:<\/strong> Doctorado<br><strong>Fecha:<\/strong> 2025-02-07<\/p>\n\n\n\n<p><strong>3.<\/strong> <em>Procesos agroecol\u00f3gicos y calidad del suelo en las unidades de producci\u00f3n de tomate en San Pablo Huitzo, Oaxaca<\/em><br><strong>Estudiante:<\/strong> Vianii Cruz L\u00f3pez<br><strong>Grado:<\/strong> Doctorado<br><strong>Fecha:<\/strong> 2024-02-07<\/p>\n\n\n\n<p><strong>4.<\/strong> <em>Desarrollo y crecimiento de<\/em> <em>Hermetia illucens<\/em> <em>(L., 1758) (D\u00edptera: Stratiomyidae) y su aplicaci\u00f3n como alimento de<\/em> <em>Oreochromis niloticus<\/em> <em>(L., 1758)<\/em><br><strong>Estudiante:<\/strong> Fernando Ruiz Ortiz<br><strong>Grado:<\/strong> Maestr\u00eda<br><strong>Fecha:<\/strong> 2023-07-18<\/p>\n\n\n\n<p><strong>5.<\/strong> <em>Bioprospecci\u00f3n y caracterizaci\u00f3n de productos naturales para el control de<\/em> <em>Aedes aegypti<\/em> <em>y<\/em> <em>Culex quinquefasciatus<\/em> <em>(D\u00edptera: Culicidae)<\/em><br><strong>Estudiante:<\/strong> Jos\u00e9 Abimael Campos Ruiz<br><strong>Grado:<\/strong> Maestr\u00eda<br><strong>Fecha:<\/strong> 2020-01-14<\/p>\n\n\n\n<p><strong>6.<\/strong> <em>Inhibici\u00f3n de crecimiento bacteriano, biodesbridamiento y tasa de ovoposici\u00f3n de moscas (D\u00edptera: Calliphoridea)<\/em><br><strong>Estudiante:<\/strong> Alicia Fonseca Mu\u00f1oz<br><strong>Grado:<\/strong> Doctorado<br><strong>Fecha:<\/strong> 2019-07-05<\/p>\n\n\n\n<p><strong>7.<\/strong> <em>La contribuci\u00f3n de la comida tradicional a la identidad cultural y la soberan\u00eda alimentaria en Sola de Vega, Oaxaca, M\u00e9xico<\/em><br><strong>Estudiante:<\/strong> Yareth Liduvina N\u00fa\u00f1ez Reyes<br><strong>Grado:<\/strong> Maestr\u00eda<br><strong>Fecha:<\/strong> 2019-08-02<\/p>\n\n\n\n<p><strong>8.<\/strong> <em>Factores que afectan la din\u00e1mica poblacional de<\/em> <em>Spodoptera frugiperda<\/em> <em>(Lepidoptera: Noctuidae) en policultivo y monocultivo de ma\u00edz en Oaxaca<\/em><br><strong>Estudiante:<\/strong> Elia Jir\u00f3n Pablo<br><strong>Grado:<\/strong> Doctorado<br><strong>Fecha:<\/strong> 2019-08-19<\/p>\n\n\n\n<p><strong>9.<\/strong> <em>Biorremediaci\u00f3n de jales con presencia de metales pesados en la comunidad San Jer\u00f3nimo Taviche<\/em><br><strong>Estudiante:<\/strong> Hugo Adalberto Von Thaden Ugalde<br><strong>Grado:<\/strong> Doctorado<br><strong>Fecha:<\/strong> 2019-07-31<\/p>\n\n\n\n<p><strong>10.<\/strong> <em>Evaluaci\u00f3n de alternativas biorracionales para el control de mosquitos en aguas tratadas<\/em><br><strong>Estudiante:<\/strong> Roc\u00edo Ruiz Jim\u00e9nez<br><strong>Grado:<\/strong> Licenciatura<br><strong>Fecha:<\/strong> 2019-05-13<\/p>\n\n\n\n<p><strong>11.<\/strong> <em>Contribuci\u00f3n a la seguridad alimentaria a trav\u00e9s de una cadena corta agroalimentaria de nopal (Opuntia ficus indica Linnaeus Mille) en una unidad de producci\u00f3n familiar en Villa de Sola de Vega, Oaxaca<\/em><br><strong>Estudiante:<\/strong> Ariadna P\u00e9rez Saucedo<br><strong>Grado:<\/strong> Maestr\u00eda<br><strong>Fecha:<\/strong> 2019-01-18<\/p>\n\n\n\n<p><strong>12.<\/strong> <em>Fitoqu\u00edmica y actividad biol\u00f3gica de<\/em> <em>Prostheachea karwinskii<\/em> <em>(Orchidaceae)<\/em><br><strong>Estudiante:<\/strong> Alejandra Rojas Olivos<br><strong>Grado:<\/strong> Doctorado<br><strong>Fecha:<\/strong> 2019-03-26<\/p>\n\n\n\n<p><strong>13.<\/strong> <em>Efecto e inducci\u00f3n de la tolerancia a la salinidad en nematodos par\u00e1sitos de mosquitos<\/em><br><strong>Estudiante:<\/strong> Ninfa Ruiz Santiago<br><strong>Grado:<\/strong> Doctorado<br><strong>Fecha:<\/strong> 2019-03-12<\/p>\n\n\n\n<p><strong>14.<\/strong> <em>Capacidad paras\u00edtica de<\/em> <em>Romanomermis iyengari, R. culicivorax<\/em> <em>y<\/em> <em>Strelkolimermis spiculatus<\/em> <em>en larvas de mosquito<\/em> <em>Culex quinquefasciatus<\/em> <em>(D\u00edptera: Culicidae)<\/em><br><strong>Estudiante:<\/strong> Josefina Ju\u00e1rez Soriano<br><strong>Grado:<\/strong> Licenciatura<br><strong>Fecha:<\/strong> 2018-05-11<\/p>\n\n\n\n<p><strong>15.<\/strong> <em>Conservaci\u00f3n de recursos naturales bajo esquemas de protecci\u00f3n comunitaria<\/em><br><strong>Estudiante:<\/strong> Marco Aurelio Acevedo Ortiz<br><strong>Grado:<\/strong> Doctorado<br><strong>Fecha:<\/strong> 2018-05-02<\/p>\n\n\n\n<p><strong>16.<\/strong> <em>Homeop\u00e1ticos para el manejo del picudo<\/em> <em>Anthonomus eugenii<\/em> <em>Cano y protecci\u00f3n al cultivo de chile<\/em><br><strong>Estudiante:<\/strong> Sabino Honorio Mart\u00ednez Tom\u00e1s<br><strong>Grado:<\/strong> Doctorado<br><strong>Fecha:<\/strong> 2018-02-28<\/p>\n\n\n\n<p><strong>17.<\/strong> <em>Mujeres trabajando para la reciprocidad y responsabilidad en la alimentaci\u00f3n. Caso El Sandial, San Andr\u00e9s Huay\u00e1pam, Oax.<\/em><br><strong>Estudiante:<\/strong> Said Omar D\u00edaz Ortega<br><strong>Grado:<\/strong> Maestr\u00eda<br><strong>Fecha:<\/strong> 2017-06-09<\/p>\n\n\n\n<p><strong>18.<\/strong> <em>Conocimiento tradicional y valor cultural del chapul\u00edn (Sphenarium spp.) en Valles Centrales de Oaxaca<\/em><br><strong>Estudiante:<\/strong> Yazm\u00edn Sosa Marcos<br><strong>Grado:<\/strong> Maestr\u00eda<br><strong>Fecha:<\/strong> 2016-01-12<\/p>\n\n\n\n<p><strong>19.<\/strong> <em>Densidad y h\u00e1bitat de acridoideos (chapulines) en Santa Mar\u00eda Roal\u00f3, Zaachila, Oaxaca, M\u00e9xico<\/em><br><strong>Estudiante:<\/strong> Mar\u00eda de los \u00c1ngeles L\u00f3pez Mart\u00ednez<br><strong>Grado:<\/strong> Maestr\u00eda<br><strong>Fecha:<\/strong> 2016-01-15<\/p>\n\n\n\n<p><strong>20.<\/strong> <em>Evaluaci\u00f3n de recursos frut\u00edcolas potenciales que permitan fortalecer su producci\u00f3n en el marco de una econom\u00eda solidaria en San Pedro Nexicho, Oaxaca<\/em><br><strong>Estudiante:<\/strong> Denisse Bibiana Hern\u00e1ndez Quevedo<br><strong>Grado:<\/strong> Maestr\u00eda<br><strong>Fecha:<\/strong> 2015-07-22<\/p>\n\n\n\n<p><strong>21.<\/strong> <em>Intervenci\u00f3n en el consumo alimentario de mujeres en una comunidad mixteca de Oaxaca. En b\u00fasqueda de la soberan\u00eda alimentaria<\/em><br><strong>Estudiante:<\/strong> Gloria Irene Ponce Quezada<br><strong>Grado:<\/strong> Maestr\u00eda<br><strong>Fecha:<\/strong> 2015-07-17<\/p>\n\n\n\n<p><strong>22.<\/strong> <em>Toxicolog\u00eda de extractos vegetales y aceites esenciales sobre mosquitos<\/em> <em>Culex quinquefasciatus<\/em> <em>(Say) (D\u00edptera: Culicidae)<\/em><br><strong>Estudiante:<\/strong> Carlos A. Granados Echegoyen<br><strong>Grado:<\/strong> Doctorado<br><strong>Fecha:<\/strong> 2015-07-09<\/p>\n\n\n\n<p><strong>23.<\/strong> <em>Diversidad y conservaci\u00f3n de mam\u00edferos medianos y grandes en Juchit\u00e1n, Oaxaca<\/em><br><strong>Estudiante:<\/strong> Malinalli Cort\u00e9s Marcial<br><strong>Grado:<\/strong> Doctorado<br><strong>Fecha:<\/strong> 2015-06-30<\/p>\n\n\n\n<p><strong>24.<\/strong> <em>Evaluaci\u00f3n de sustratos como medio de cultivo para la producci\u00f3n masiva del nematodo<\/em> <em>Romanomermis iyengari<\/em> <em>Welch, par\u00e1sito de larvas de mosquito<\/em><br><strong>Estudiante:<\/strong> Alicia Yadira Alonso Ramos<br><strong>Grado:<\/strong> Maestr\u00eda<br><strong>Fecha:<\/strong> 2015-07-10<\/p>\n\n\n\n<p><strong>25.<\/strong> <em>Compatibilidad de extractos vegetales con el parasitoide<\/em> <em>Tamarixia radiata<\/em> <em>(Hymenoptera: Eulophidae) en el control de<\/em> <em>Diaphorina citri<\/em> <em>(Hemiptera: Liviidae)<\/em><br><strong>Estudiante:<\/strong> Edgar Eduardo Mendoza Garc\u00eda<br><strong>Grado:<\/strong> Doctorado<br><strong>Fecha:<\/strong> 2015-05-19<\/p>\n\n\n\n<p><\/p>\n","protected":false},"excerpt":{"rendered":"<p>1. Evaluaci\u00f3n de bioestimulantes naturales en la protecci\u00f3n de plantas y frutos de Cucurbita pepo L var. Round ZucchiniEstudiante: Crisanto Mart\u00ednez Jos\u00e9 de Jes\u00fasGrado: Maestr\u00edaFecha: 2025-08-21 2. Diagn\u00f3stico de la distribuci\u00f3n y estrategias para el control de plagas de importancia agr\u00edcola y salud p\u00fablicaEstudiante: Nancy Alonso Hern\u00e1ndezGrado: DoctoradoFecha: 2025-02-07 3. Procesos agroecol\u00f3gicos y calidad del [&hellip;]<\/p>\n","protected":false},"author":52,"featured_media":0,"parent":0,"menu_order":0,"comment_status":"closed","ping_status":"closed","template":"","meta":{"_swt_meta_header_display":false,"_swt_meta_footer_display":false,"_swt_meta_site_title_display":false,"_swt_meta_sticky_header":false,"_swt_meta_transparent_header":false,"footnotes":"[]"},"class_list":["post-13","page","type-page","status-publish","hentry"],"_links":{"self":[{"href":"https:\/\/web.ciidiroaxaca.ipn.mx\/rperezp\/wp-json\/wp\/v2\/pages\/13","targetHints":{"allow":["GET"]}}],"collection":[{"href":"https:\/\/web.ciidiroaxaca.ipn.mx\/rperezp\/wp-json\/wp\/v2\/pages"}],"about":[{"href":"https:\/\/web.ciidiroaxaca.ipn.mx\/rperezp\/wp-json\/wp\/v2\/types\/page"}],"author":[{"embeddable":true,"href":"https:\/\/web.ciidiroaxaca.ipn.mx\/rperezp\/wp-json\/wp\/v2\/users\/52"}],"replies":[{"embeddable":true,"href":"https:\/\/web.ciidiroaxaca.ipn.mx\/rperezp\/wp-json\/wp\/v2\/comments?post=13"}],"version-history":[{"count":9,"href":"https:\/\/web.ciidiroaxaca.ipn.mx\/rperezp\/wp-json\/wp\/v2\/pages\/13\/revisions"}],"predecessor-version":[{"id":114,"href":"https:\/\/web.ciidiroaxaca.ipn.mx\/rperezp\/wp-json\/wp\/v2\/pages\/13\/revisions\/114"}],"wp:attachment":[{"href":"https:\/\/web.ciidiroaxaca.ipn.mx\/rperezp\/wp-json\/wp\/v2\/media?parent=13"}],"curies":[{"name":"wp","href":"https:\/\/api.w.org\/{rel}","templated":true}]}}

<p><strong>1.</strong> <em>Evaluación de bioestimulantes naturales en la protección de plantas y frutos de</em> <em>Cucurbita pepo</em> <em>L var. Round Zucchini</em><br><strong>Estudiante:</strong> Crisanto Martínez José de Jesús<br><strong>Grado:</strong> Maestría<br><strong>Fecha:</strong> 2025-08-21</p>



<p><strong>2.</strong> <em>Diagnóstico de la distribución y estrategias para el control de plagas de importancia agrícola y salud pública</em><br><strong>Estudiante:</strong> Nancy Alonso Hernández<br><strong>Grado:</strong> Doctorado<br><strong>Fecha:</strong> 2025-02-07</p>



<p><strong>3.</strong> <em>Procesos agroecológicos y calidad del suelo en las unidades de producción de tomate en San Pablo Huitzo, Oaxaca</em><br><strong>Estudiante:</strong> Vianii Cruz López<br><strong>Grado:</strong> Doctorado<br><strong>Fecha:</strong> 2024-02-07</p>



<p><strong>4.</strong> <em>Desarrollo y crecimiento de</em> <em>Hermetia illucens</em> <em>(L., 1758) (Díptera: Stratiomyidae) y su aplicación como alimento de</em> <em>Oreochromis niloticus</em> <em>(L., 1758)</em><br><strong>Estudiante:</strong> Fernando Ruiz Ortiz<br><strong>Grado:</strong> Maestría<br><strong>Fecha:</strong> 2023-07-18</p>



<p><strong>5.</strong> <em>Bioprospección y caracterización de productos naturales para el control de</em> <em>Aedes aegypti</em> <em>y</em> <em>Culex quinquefasciatus</em> <em>(Díptera: Culicidae)</em><br><strong>Estudiante:</strong> José Abimael Campos Ruiz<br><strong>Grado:</strong> Maestría<br><strong>Fecha:</strong> 2020-01-14</p>



<p><strong>6.</strong> <em>Inhibición de crecimiento bacteriano, biodesbridamiento y tasa de ovoposición de moscas (Díptera: Calliphoridea)</em><br><strong>Estudiante:</strong> Alicia Fonseca Muñoz<br><strong>Grado:</strong> Doctorado<br><strong>Fecha:</strong> 2019-07-05</p>



<p><strong>7.</strong> <em>La contribución de la comida tradicional a la identidad cultural y la soberanía alimentaria en Sola de Vega, Oaxaca, México</em><br><strong>Estudiante:</strong> Yareth Liduvina Núñez Reyes<br><strong>Grado:</strong> Maestría<br><strong>Fecha:</strong> 2019-08-02</p>



<p><strong>8.</strong> <em>Factores que afectan la dinámica poblacional de</em> <em>Spodoptera frugiperda</em> <em>(Lepidoptera: Noctuidae) en policultivo y monocultivo de maíz en Oaxaca</em><br><strong>Estudiante:</strong> Elia Jirón Pablo<br><strong>Grado:</strong> Doctorado<br><strong>Fecha:</strong> 2019-08-19</p>



<p><strong>9.</strong> <em>Biorremediación de jales con presencia de metales pesados en la comunidad San Jerónimo Taviche</em><br><strong>Estudiante:</strong> Hugo Adalberto Von Thaden Ugalde<br><strong>Grado:</strong> Doctorado<br><strong>Fecha:</strong> 2019-07-31</p>



<p><strong>10.</strong> <em>Evaluación de alternativas biorracionales para el control de mosquitos en aguas tratadas</em><br><strong>Estudiante:</strong> Rocío Ruiz Jiménez<br><strong>Grado:</strong> Licenciatura<br><strong>Fecha:</strong> 2019-05-13</p>



<p><strong>11.</strong> <em>Contribución a la seguridad alimentaria a través de una cadena corta agroalimentaria de nopal (Opuntia ficus indica Linnaeus Mille) en una unidad de producción familiar en Villa de Sola de Vega, Oaxaca</em><br><strong>Estudiante:</strong> Ariadna Pérez Saucedo<br><strong>Grado:</strong> Maestría<br><strong>Fecha:</strong> 2019-01-18</p>



<p><strong>12.</strong> <em>Fitoquímica y actividad biológica de</em> <em>Prostheachea karwinskii</em> <em>(Orchidaceae)</em><br><strong>Estudiante:</strong> Alejandra Rojas Olivos<br><strong>Grado:</strong> Doctorado<br><strong>Fecha:</strong> 2019-03-26</p>



<p><strong>13.</strong> <em>Efecto e inducción de la tolerancia a la salinidad en nematodos parásitos de mosquitos</em><br><strong>Estudiante:</strong> Ninfa Ruiz Santiago<br><strong>Grado:</strong> Doctorado<br><strong>Fecha:</strong> 2019-03-12</p>



<p><strong>14.</strong> <em>Capacidad parasítica de</em> <em>Romanomermis iyengari, R. culicivorax</em> <em>y</em> <em>Strelkolimermis spiculatus</em> <em>en larvas de mosquito</em> <em>Culex quinquefasciatus</em> <em>(Díptera: Culicidae)</em><br><strong>Estudiante:</strong> Josefina Juárez Soriano<br><strong>Grado:</strong> Licenciatura<br><strong>Fecha:</strong> 2018-05-11</p>



<p><strong>15.</strong> <em>Conservación de recursos naturales bajo esquemas de protección comunitaria</em><br><strong>Estudiante:</strong> Marco Aurelio Acevedo Ortiz<br><strong>Grado:</strong> Doctorado<br><strong>Fecha:</strong> 2018-05-02</p>



<p><strong>16.</strong> <em>Homeopáticos para el manejo del picudo</em> <em>Anthonomus eugenii</em> <em>Cano y protección al cultivo de chile</em><br><strong>Estudiante:</strong> Sabino Honorio Martínez Tomás<br><strong>Grado:</strong> Doctorado<br><strong>Fecha:</strong> 2018-02-28</p>



<p><strong>17.</strong> <em>Mujeres trabajando para la reciprocidad y responsabilidad en la alimentación. Caso El Sandial, San Andrés Huayápam, Oax.</em><br><strong>Estudiante:</strong> Said Omar Díaz Ortega<br><strong>Grado:</strong> Maestría<br><strong>Fecha:</strong> 2017-06-09</p>



<p><strong>18.</strong> <em>Conocimiento tradicional y valor cultural del chapulín (Sphenarium spp.) en Valles Centrales de Oaxaca</em><br><strong>Estudiante:</strong> Yazmín Sosa Marcos<br><strong>Grado:</strong> Maestría<br><strong>Fecha:</strong> 2016-01-12</p>



<p><strong>19.</strong> <em>Densidad y hábitat de acridoideos (chapulines) en Santa María Roaló, Zaachila, Oaxaca, México</em><br><strong>Estudiante:</strong> María de los Ángeles López Martínez<br><strong>Grado:</strong> Maestría<br><strong>Fecha:</strong> 2016-01-15</p>



<p><strong>20.</strong> <em>Evaluación de recursos frutícolas potenciales que permitan fortalecer su producción en el marco de una economía solidaria en San Pedro Nexicho, Oaxaca</em><br><strong>Estudiante:</strong> Denisse Bibiana Hernández Quevedo<br><strong>Grado:</strong> Maestría<br><strong>Fecha:</strong> 2015-07-22</p>



<p><strong>21.</strong> <em>Intervención en el consumo alimentario de mujeres en una comunidad mixteca de Oaxaca. En búsqueda de la soberanía alimentaria</em><br><strong>Estudiante:</strong> Gloria Irene Ponce Quezada<br><strong>Grado:</strong> Maestría<br><strong>Fecha:</strong> 2015-07-17</p>



<p><strong>22.</strong> <em>Toxicología de extractos vegetales y aceites esenciales sobre mosquitos</em> <em>Culex quinquefasciatus</em> <em>(Say) (Díptera: Culicidae)</em><br><strong>Estudiante:</strong> Carlos A. Granados Echegoyen<br><strong>Grado:</strong> Doctorado<br><strong>Fecha:</strong> 2015-07-09</p>



<p><strong>23.</strong> <em>Diversidad y conservación de mamíferos medianos y grandes en Juchitán, Oaxaca</em><br><strong>Estudiante:</strong> Malinalli Cortés Marcial<br><strong>Grado:</strong> Doctorado<br><strong>Fecha:</strong> 2015-06-30</p>



<p><strong>24.</strong> <em>Evaluación de sustratos como medio de cultivo para la producción masiva del nematodo</em> <em>Romanomermis iyengari</em> <em>Welch, parásito de larvas de mosquito</em><br><strong>Estudiante:</strong> Alicia Yadira Alonso Ramos<br><strong>Grado:</strong> Maestría<br><strong>Fecha:</strong> 2015-07-10</p>



<p><strong>25.</strong> <em>Compatibilidad de extractos vegetales con el parasitoide</em> <em>Tamarixia radiata</em> <em>(Hymenoptera: Eulophidae) en el control de</em> <em>Diaphorina citri</em> <em>(Hemiptera: Liviidae)</em><br><strong>Estudiante:</strong> Edgar Eduardo Mendoza García<br><strong>Grado:</strong> Doctorado<br><strong>Fecha:</strong> 2015-05-19</p>



<p></p>

<p>1. Evaluación de bioestimulantes naturales en la protección de plantas y frutos de Cucurbita pepo L var. Round ZucchiniEstudiante: Crisanto Martínez José de JesúsGrado: MaestríaFecha: 2025-08-21 2. Diagnóstico de la distribución y estrategias para el control de plagas de importancia agrícola y salud públicaEstudiante: Nancy Alonso HernándezGrado: DoctoradoFecha: 2025-02-07 3. Procesos agroecológicos y calidad del [&hellip;]</p>
