{"id":8,"date":"2012-08-17T19:35:05","date_gmt":"2012-08-17T19:35:05","guid":{"rendered":"https:\/\/web.ciidiroaxaca.ipn.mx\/ralavez\/actividades-academicas\/"},"modified":"2025-09-17T20:38:29","modified_gmt":"2025-09-17T20:38:29","slug":"actividades-academicas","status":"publish","type":"page","link":"https:\/\/web.ciidiroaxaca.ipn.mx\/ralavez\/actividades-academicas\/","title":{"rendered":"Actividades acad\u00e9micas"},"content":{"rendered":"\n<p>Profesor titular de las unidades de aprendizaje que se imparten en la Maestr\u00eda en Ciencias en Conservaci\u00f3n y Aprovechamiento de Recursos Naturales y la Maestr\u00eda en Gesti\u00f3n y Desarrollo Solidario en IPN CIIDIR Unidad Oaxaca<\/p>\n\n\n\n<ul class=\"wp-block-list\">\n<li>Arquitectura Bioclim\u00e1tica<\/li>\n\n\n\n<li>15B7378 Eficiencia t\u00e9rmica en la edificaci\u00f3n<\/li>\n\n\n\n<li>Proyectos de dise\u00f1o integrado<\/li>\n<\/ul>\n\n\n\n<p><\/p>\n","protected":false},"excerpt":{"rendered":"<p>Profesor titular de las unidades de aprendizaje que se imparten en la Maestr\u00eda en Ciencias en Conservaci\u00f3n y Aprovechamiento de Recursos Naturales y la Maestr\u00eda en Gesti\u00f3n y Desarrollo Solidario en IPN CIIDIR Unidad Oaxaca<\/p>\n","protected":false},"author":28,"featured_media":0,"parent":0,"menu_order":0,"comment_status":"closed","ping_status":"closed","template":"","meta":{"_swt_meta_header_display":false,"_swt_meta_footer_display":false,"_swt_meta_site_title_display":false,"_swt_meta_sticky_header":false,"_swt_meta_transparent_header":false,"footnotes":""},"class_list":["post-8","page","type-page","status-publish","hentry"],"_links":{"self":[{"href":"https:\/\/web.ciidiroaxaca.ipn.mx\/ralavez\/wp-json\/wp\/v2\/pages\/8","targetHints":{"allow":["GET"]}}],"collection":[{"href":"https:\/\/web.ciidiroaxaca.ipn.mx\/ralavez\/wp-json\/wp\/v2\/pages"}],"about":[{"href":"https:\/\/web.ciidiroaxaca.ipn.mx\/ralavez\/wp-json\/wp\/v2\/types\/page"}],"author":[{"embeddable":true,"href":"https:\/\/web.ciidiroaxaca.ipn.mx\/ralavez\/wp-json\/wp\/v2\/users\/28"}],"replies":[{"embeddable":true,"href":"https:\/\/web.ciidiroaxaca.ipn.mx\/ralavez\/wp-json\/wp\/v2\/comments?post=8"}],"version-history":[{"count":2,"href":"https:\/\/web.ciidiroaxaca.ipn.mx\/ralavez\/wp-json\/wp\/v2\/pages\/8\/revisions"}],"predecessor-version":[{"id":27,"href":"https:\/\/web.ciidiroaxaca.ipn.mx\/ralavez\/wp-json\/wp\/v2\/pages\/8\/revisions\/27"}],"wp:attachment":[{"href":"https:\/\/web.ciidiroaxaca.ipn.mx\/ralavez\/wp-json\/wp\/v2\/media?parent=8"}],"curies":[{"name":"wp","href":"https:\/\/api.w.org\/{rel}","templated":true}]}}