{"id":4,"date":"2012-08-03T21:09:42","date_gmt":"2012-08-03T21:09:42","guid":{"rendered":"https:\/\/web.ciidiroaxaca.ipn.mx\/ralavez\/dr-rafael-alavez-ramirez\/"},"modified":"2025-10-17T13:41:33","modified_gmt":"2025-10-17T19:41:33","slug":"dr-rafael-alavez-ramirez","status":"publish","type":"page","link":"https:\/\/web.ciidiroaxaca.ipn.mx\/ralavez\/","title":{"rendered":"Dr. Rafael Alavez Ram\u00edrez"},"content":{"rendered":"\n<h3 class=\"wp-block-heading has-text-align-center\">Miembro del SNII Nivel I<\/h3>\n\n\n\n<h3 class=\"wp-block-heading has-text-align-center\">Doctor en Ciencias por el Instituto Tecnol\u00f3gico de Oaxaca,<\/h3>\n\n\n\n<p class=\"has-text-align-center\">Certificado por el Programa Nacional de Posgrados de Calidad del Consejo Nacional de Ciencia y Tecnolog\u00eda<\/p>\n\n\n\n<h3 class=\"wp-block-heading has-text-align-center\">Maestro en Arquitectura Bioclim\u00e1tica<\/h3>\n\n\n\n<p class=\"has-text-align-center\">por la Universidad Aut\u00f3noma Metropolitana. M\u00e9xico.<\/p>\n\n\n\n<h3 class=\"wp-block-heading has-text-align-center\">Licenciatura en Arquitectura<\/h3>\n\n\n\n<p class=\"has-text-align-center\">Facultad 5 de Mayo, de la Universidad Aut\u00f3noma Benito Ju\u00e1rez de Oaxaca.<\/p>\n\n\n\n<p><\/p>\n\n\n\n<p>Profesor Colegiado del Posgrado del CIIDIR Oaxaca, Instituto Polit\u00e9cnico Nacional.<\/p>\n\n\n\n<p>Profesor titular del programa de Maestr\u00eda en Gesti\u00f3n y Desarrollo solidario<\/p>\n\n\n\n<p>Profesor titular del programa de Maestr\u00eda en Ciencias en Conservaci\u00f3n y Aprovechamiento de Recursos Naturales<\/p>\n\n\n\n<p class=\"has-text-align-center\">Correos: ralavez@ipn.mx<\/p>\n\n\n\n<p class=\"has-text-align-center\">Tel cel: 9511582621<\/p>\n\n\n\n<div style=\"height:62px\" aria-hidden=\"true\" class=\"wp-block-spacer\"><\/div>\n\n\n\n<p><strong>\u00c1REAS DE INVESTIGACI\u00d3N:<\/strong>&nbsp; Dise\u00f1o bioclim\u00e1tico, Eficiencia t\u00e9rmica en la edificaci\u00f3n, caracterizaci\u00f3n de propiedades mec\u00e1nicas, t\u00e9rmicas y ac\u00fasticas en materiales.<\/p>\n\n\n\n<p><strong>LINEA DE INVESTIGACI\u00d3N:&nbsp; <\/strong>ARQUITECTURA BIOCLIM\u00c1TICA<\/p>\n\n\n\n<p>Actualmente el grupo de arquitectura bioclim\u00e1tica est\u00e1 integrado por los siguientes profesores: Dr. Rafael Alavez Ram\u00edrez (IPN-CIIDIR Oaxaca) (Nivel 1, SNI), Dr. Magdaleno Caballero (IPN-CIIDIR Oaxaca) (Nivel 1, SNI), Dr. Fernando Chi\u00f1as Castillo (Instituto Tecnol\u00f3gico de Oaxaca) (Nivel 1, SNI), M.A. Jos\u00e9 Luis Caballero Montes (IPN-CIIDIR Oaxaca), M.C. Margarito Ortiz Guzm\u00e1n (IPN-CIIDIR Oaxaca), M.C. Valent\u00edn Juventino Morales Dom\u00ednguez (IPN-CIIDIR Oaxaca).<\/p>\n\n\n\n<p><strong>TEMAS DE INVESTIGACI\u00d3N:&nbsp;<\/strong><\/p>\n\n\n\n<p>Eficiencia t\u00e9rmica en la edificaci\u00f3n, Dise\u00f1o bioclim\u00e1tico en la edificaci\u00f3n, Propiedades t\u00e9rmicas en materiales, Sistemas de construcci\u00f3n sostenible, propiedades de materiales con cambio de fase.<\/p>\n\n\n\n<p><strong>Profesor de los cursos:<\/strong><\/p>\n\n\n\n<p>\u201dArquitectura Bioclim\u00e1tica\u201d de la Maestr\u00eda en Gesti\u00f3n de Proyectos para el Desarrollo Solidario que se imparte en el CIIDIR Unidad Oaxaca.<\/p>\n\n\n\n<p>\u201cEficiencia T\u00e9rmica en la Edificaci\u00f3n\u201d de la Maestr\u00eda en Ciencias en Conservaci\u00f3n y Aprovechamiento de Recursos Naturales que se imparte en el CIIDIR Unidad Oaxaca.<\/p>\n","protected":false},"excerpt":{"rendered":"<p>Miembro del SNII Nivel I Doctor en Ciencias por el Instituto Tecnol\u00f3gico de Oaxaca, Certificado por el Programa Nacional de Posgrados de Calidad del Consejo Nacional de Ciencia y Tecnolog\u00eda Maestro en Arquitectura Bioclim\u00e1tica por la Universidad Aut\u00f3noma Metropolitana. M\u00e9xico. Licenciatura en Arquitectura Facultad 5 de Mayo, de la Universidad Aut\u00f3noma Benito Ju\u00e1rez de Oaxaca. [&hellip;]<\/p>\n","protected":false},"author":28,"featured_media":0,"parent":0,"menu_order":0,"comment_status":"closed","ping_status":"closed","template":"","meta":{"_swt_meta_header_display":false,"_swt_meta_footer_display":false,"_swt_meta_site_title_display":false,"_swt_meta_sticky_header":false,"_swt_meta_transparent_header":false,"footnotes":""},"class_list":["post-4","page","type-page","status-publish","hentry"],"_links":{"self":[{"href":"https:\/\/web.ciidiroaxaca.ipn.mx\/ralavez\/wp-json\/wp\/v2\/pages\/4","targetHints":{"allow":["GET"]}}],"collection":[{"href":"https:\/\/web.ciidiroaxaca.ipn.mx\/ralavez\/wp-json\/wp\/v2\/pages"}],"about":[{"href":"https:\/\/web.ciidiroaxaca.ipn.mx\/ralavez\/wp-json\/wp\/v2\/types\/page"}],"author":[{"embeddable":true,"href":"https:\/\/web.ciidiroaxaca.ipn.mx\/ralavez\/wp-json\/wp\/v2\/users\/28"}],"replies":[{"embeddable":true,"href":"https:\/\/web.ciidiroaxaca.ipn.mx\/ralavez\/wp-json\/wp\/v2\/comments?post=4"}],"version-history":[{"count":5,"href":"https:\/\/web.ciidiroaxaca.ipn.mx\/ralavez\/wp-json\/wp\/v2\/pages\/4\/revisions"}],"predecessor-version":[{"id":44,"href":"https:\/\/web.ciidiroaxaca.ipn.mx\/ralavez\/wp-json\/wp\/v2\/pages\/4\/revisions\/44"}],"wp:attachment":[{"href":"https:\/\/web.ciidiroaxaca.ipn.mx\/ralavez\/wp-json\/wp\/v2\/media?parent=4"}],"curies":[{"name":"wp","href":"https:\/\/api.w.org\/{rel}","templated":true}]}}