{"id":8,"date":"2016-10-27T18:19:43","date_gmt":"2016-10-27T18:19:43","guid":{"rendered":"https:\/\/web.ciidiroaxaca.ipn.mx\/psantiago\/proyectos-de-investigacion\/"},"modified":"2025-10-17T10:54:08","modified_gmt":"2025-10-17T10:54:08","slug":"proyectos-de-investigacion","status":"publish","type":"page","link":"https:\/\/web.ciidiroaxaca.ipn.mx\/psantiago\/proyectos-de-investigacion\/","title":{"rendered":"Proyectos de Investigacion"},"content":{"rendered":"\n<p>Responsable t\u00e9cnico del proyecto  CBF2023-2024-3214 financiado por la SECIHTI. \u00abEstablecimiento de m\u00e9todo para la identificaci\u00f3n de las fructosiltransferasas durante el ciclo biol\u00f3gico de 2 especies de agave\u00bb<\/p>\n\n\n\n<p>\u00abObtenci\u00f3n y evaluaci\u00f3n biol\u00f3gica de alimentos funcionales\u00bb. Clave <strong>SIP: 20241546O<\/strong> y  Clave SIP:<strong>20250603<\/strong>. Director<\/p>\n\n\n\n<p>Modificaci\u00f3n de las propiedades tecnofuncionales de bebidas adicionadas con microencapsulados de fructanos de Agave. Clave <strong>SIP 20231503<\/strong>. Director<\/p>\n\n\n\n<p>Fructanos de agave como sustituto de grasa y az\u00facar en productos de alta demanda para reducir los \u00edndices de obesidad . Clave<strong> SIP 20221103<\/strong>.Director<\/p>\n\n\n\n<p>Fructanos de Agave como acarreador en la encapsulaci\u00f3n de compuestos bioactivos secados por aspersi\u00f3n. Proyecto <strong>SIP clave: 20210545. 20220743<\/strong>. Director.<\/p>\n\n\n\n<p>Obtenci\u00f3n de empaques inteligentes, bioactivos y biodegradables para alimentos semiprocesados a partir de residuos de la industria pesquera\u00bb&nbsp;Proyecto de Innovaci\u00f3n 20200902: Director<\/p>\n\n\n\n<p>Identificaci\u00f3n, evaluaci\u00f3n y desarrollo de nuevos productos a partir del agave y sus residuos (pencas)\u201d&nbsp;Proyecto individual CLAVE SIP Proyecto multidisciplinario <strong>CLAVE SIP 20195514-.20200758<\/strong>: Director.<\/p>\n\n\n\n<p>Carbohidratos solubles, perfil fitoqu\u00edmico y efecto prebi\u00f3tico de plantas de Agave potatorum Zucc. a diferentes edades. Proyeto Multidisciplinario CLAVE SIP2018044. Director de M\u00f3dulo&nbsp;<\/p>\n\n\n\n<p>Evaluaci\u00f3n de fructanos en Agave potatorum durante su ciclo biol\u00f3gico en campo y en invernadero. Proyecto Multidisciplianrio CLAVE <strong>SIP 20160440<\/strong>: Director del M\u00f3dulo.<\/p>\n\n\n\n<p>Director del proyecto: Estudio del efecto prebi\u00f3tico de los fructanos de Agave. CGEPI 20070400 y Fundaci\u00f3n Produce Oaxaca 2008.<\/p>\n\n\n\n<p>Director del proyecto: Evaluaci\u00f3n de fructanos en dos especies de Agave&nbsp; (A. angustifolia Haw y A. potatorum Zucc. del Estado de Oaxaca. Apoyo financiero. CGEPI 20050400 y Fundaci\u00f3n Produce Oaxaca 2006.<\/p>\n\n\n\n<p>Director del proyecto: Optimizaci\u00f3n de productos de humedad intermedia. Apoyo financiero. FUNDACION PRODUCE OAXACA. 2002 CEGEPI 2001325<\/p>\n\n\n\n<p>Director del proyecto: Tecnolog\u00edas Integradas para el manejo postcosecha de mango. Apoyo financiero del SIBEJ-CONACYT clave A-021 y DEPI 968000<\/p>\n\n\n\n<p>Director del proyecto: Aplicaci\u00f3n de atm\u00f3sferas modificadas para prolongar la vida postcosecha de mango.clave <strong>DEPI 954217<\/strong><\/p>\n\n\n\n<p>&nbsp;<\/p>\n\n\n\n<p>Participante de los proyectos:<\/p>\n\n\n\n<p>Estudios de calidad y cambios bioqu\u00edmicos y fisiol\u00f3gicos de posocosecha de ar\u00e1ndanos ( Vicinium carybosium L.). CLAVE <strong>SIP 2016<\/strong>:&nbsp;<\/p>\n\n\n\n<p>M\u00f3dulos demostrativos de papaya y pl\u00e1tano en las principales regiones productoras del Estado. Innovando en Sistemas de reducci\u00f3n de riesgo de contaminaci\u00f3n, clave<strong> SIP-2012-RE\/203<\/strong> en colaboraci\u00f3n con la Fundaci\u00f3n Produce Oaxaca, A.C. SAGARPA.<\/p>\n\n\n\n<p>Biofertilizaci\u00f3n de especies vegetales de importancia econ\u00f3mica cultivadas en composta derivadas de residuos agroindustriales. Clave <strong>SIP 20121299<\/strong><\/p>\n\n\n\n<p>Diversificaci\u00f3n del aprovechamiento del agave mezcalero Angustifolia Haw. a trav\u00e9s de la generaci\u00f3n de tecnolog\u00eda apropiada para la producci\u00f3n de mieles y mezcal en el Estado de Oaxaca. Financiado por la FUNDACION ALFREDO HARP HELU. 2006-2007<\/p>\n\n\n\n<p>Evaluaci\u00f3n de compuestos vol\u00e1tiles de mezcal elaborado por el proceso tradicional a partir de Agave angustifolia Haw. Apoyo SIBEJ-CONACYT. CEGEPI 2001<\/p>\n\n\n\n<p>Tecnolog\u00eda para la conservaci\u00f3n de achiote (Bixa orellana). Apoyo SIBEJ-CONACYT.CEGEPI 1997<\/p>\n\n\n\n<p>Desarrollo de Tecnolog\u00edas de bajo impacto ecol\u00f3gico para el procesamiento del mango. CIIDIR- U.OAX-1993<\/p>\n\n\n\n<p>Alternativas Tecnol\u00f3gicas para el aprovechamiento de la pi\u00f1a en el estado de Oaxaca. CIIDIR-IPN-U.OAX. 1993<\/p>\n\n\n\n<p>Desarrollo de productos de humedad intermedia a partir de los frutos tropicales: pi\u00f1a y mango. CIIDIR-IPN.U.OAX. 1993<\/p>\n\n\n\n<p>Establecimiento de una planta piloto de investigaci\u00f3n y desarrollo tecnol\u00f3gico para el procesamiento de frutos. CIIDIR-IPN-U.OAX. 1991<\/p>\n\n\n\n<p>&nbsp;<\/p>\n","protected":false},"excerpt":{"rendered":"<p>Responsable t\u00e9cnico del proyecto CBF2023-2024-3214 financiado por la SECIHTI. \u00abEstablecimiento de m\u00e9todo para la identificaci\u00f3n de las fructosiltransferasas durante el ciclo biol\u00f3gico de 2 especies de agave\u00bb \u00abObtenci\u00f3n y evaluaci\u00f3n biol\u00f3gica de alimentos funcionales\u00bb. Clave SIP: 20241546O y Clave SIP:20250603. Director Modificaci\u00f3n de las propiedades tecnofuncionales de bebidas adicionadas con microencapsulados de fructanos de Agave. [&hellip;]<\/p>\n","protected":false},"author":71,"featured_media":0,"parent":0,"menu_order":0,"comment_status":"closed","ping_status":"closed","template":"","meta":{"_swt_meta_header_display":false,"_swt_meta_footer_display":false,"_swt_meta_site_title_display":false,"_swt_meta_sticky_header":false,"_swt_meta_transparent_header":false,"footnotes":""},"class_list":["post-8","page","type-page","status-publish","hentry"],"_links":{"self":[{"href":"https:\/\/web.ciidiroaxaca.ipn.mx\/psantiago\/wp-json\/wp\/v2\/pages\/8","targetHints":{"allow":["GET"]}}],"collection":[{"href":"https:\/\/web.ciidiroaxaca.ipn.mx\/psantiago\/wp-json\/wp\/v2\/pages"}],"about":[{"href":"https:\/\/web.ciidiroaxaca.ipn.mx\/psantiago\/wp-json\/wp\/v2\/types\/page"}],"author":[{"embeddable":true,"href":"https:\/\/web.ciidiroaxaca.ipn.mx\/psantiago\/wp-json\/wp\/v2\/users\/71"}],"replies":[{"embeddable":true,"href":"https:\/\/web.ciidiroaxaca.ipn.mx\/psantiago\/wp-json\/wp\/v2\/comments?post=8"}],"version-history":[{"count":3,"href":"https:\/\/web.ciidiroaxaca.ipn.mx\/psantiago\/wp-json\/wp\/v2\/pages\/8\/revisions"}],"predecessor-version":[{"id":61,"href":"https:\/\/web.ciidiroaxaca.ipn.mx\/psantiago\/wp-json\/wp\/v2\/pages\/8\/revisions\/61"}],"wp:attachment":[{"href":"https:\/\/web.ciidiroaxaca.ipn.mx\/psantiago\/wp-json\/wp\/v2\/media?parent=8"}],"curies":[{"name":"wp","href":"https:\/\/api.w.org\/{rel}","templated":true}]}}