{"id":9,"date":"2011-10-19T17:08:26","date_gmt":"2011-10-19T17:08:26","guid":{"rendered":"https:\/\/web.ciidiroaxaca.ipn.mx\/psanchez\/tesis\/"},"modified":"2025-10-08T04:34:18","modified_gmt":"2025-10-08T04:34:18","slug":"tesis","status":"publish","type":"page","link":"https:\/\/web.ciidiroaxaca.ipn.mx\/psanchez\/tesis\/","title":{"rendered":"Tesis"},"content":{"rendered":"\n<h2 class=\"wp-block-heading\">Temas de Tesis para Dirigir<\/h2>\n\n\n\n<p>An\u00e1lisis de variables ambientales (regulaci\u00f3n ambiental, valores ambientales, innovaci\u00f3n ambiental, estrategia ambiental, presiones ambientales, eco-eficiencia,&nbsp; calidad ambiental, entre otras) y su efecto en la sustentabilidad (econ\u00f3mica, ambiental, social e institucional) de MiPyMES y negocios familiares en la base de la pir\u00e1mide (BOP).<\/p>\n\n\n\n<h2 class=\"wp-block-heading\">Tesis dirigidas o&nbsp;en proceso<\/h2>\n\n\n\n<h3 class=\"wp-block-heading\">Nivel doctorado:<\/h3>\n\n\n\n<p>Manuel Melo Monterrey. \u00abCumplimiento ambiental y desempe\u00f1o sustentable: Un estudio realizado en las empresas familiares dedicadas a la fabricaci\u00f3n de ladrillo de manera artesanal en el estado de Oaxaca. Instituto Polit\u00e9cnico Nacional. <strong>Fecha de obtenci\u00f3n de grado: 20 de agosto de 2025. Aprobado con Distinci\u00f3n <em>Cum Laude.<\/em> <\/strong><\/p>\n\n\n\n<p>Dail\u00edn Alejandra Ram\u00edrez Altamirano. \u00abLiderazgo ambiental y desempe\u00f1o sustentable: Un estudio a partir de las capacidades din\u00e1micas y la ventaja competitiva\u00bb. Instituto Polit\u00e9cnico Nacional. <strong>Fecha de obtenci\u00f3n de grado: 6 de febrero de 2025. Aprobada con Distinci\u00f3n <em>Cum Laude<\/em>. <\/strong><\/p>\n\n\n\n<p>Dianet Garc\u00eda Cruz. \u00abLa producci\u00f3n del bordado textil y la relaci\u00f3n con la econom\u00eda familiar de los artesanos de Santa Rosa de Lima, Oaxaca\u00bb. Instituto Tecnol\u00f3gico de Oaxaca. <strong>Fecha de obtenci\u00f3n de grado: 8 de Junio del 2023.<\/strong><\/p>\n\n\n\n<p>Juan Jacinto Mart\u00ednez Hern\u00e1ndez. \u00abLas presiones institucionales y el desempe\u00f1o ambiental de las empresas certificadas a trav\u00e9s de la regulaci\u00f3n ambiental voluntaria en M\u00e9xico\u00bb. Instituto Polit\u00e9cnico Nacional. <strong>Fecha de obtenci\u00f3n de grado: 11 de agosto del 2021. Aprobado con Menci\u00f3n Honor\u00edfica.&nbsp;<\/strong><\/p>\n\n\n\n<p>Gricelda Ju\u00e1rez Luis. \u00abPresiones institucionales y el desempe\u00f1o de las unidades de producci\u00f3n de tomate de invernadero\u00bb.&nbsp; Instituto Polit\u00e9cnico Nacional. <strong>Fecha de obtenci\u00f3n de grado 19 de diciembre del 2018.&nbsp;&nbsp;<\/strong><\/p>\n\n\n\n<p>Mar\u00eda del Rosario Reyes Santiago. \u00abRecursos intangibles y desempe\u00f1o organizacional, el papel de la eco-innovaci\u00f3n en los hoteles de Oaxaca\u00bb. Instituto Polit\u00e9cnico Nacional. <strong>Fecha de obtenci\u00f3n de grado 4 de julio del 2017.&nbsp; &nbsp;Aprobada con Menci\u00f3n Honor\u00edfica.<\/strong><\/p>\n\n\n\n<p>Diana de Yta Castillo. \u00abCapacidades estrat\u00e9gicas ambientales y desempe\u00f1o empresarial en el sector hotelero mexicano. Instituto de Estudios Universitarios (IEU)\u00bb. <strong>Fecha de obtenci\u00f3n de grado 3 de noviembre del 2015.&nbsp;&nbsp;<\/strong><\/p>\n\n\n\n<p>Manuel G. Ch\u00e1vez \u00c1ngeles. \u00abEconom\u00eda de la informaci\u00f3n y el conocimiento para el desarrollo rural: casos de evaluaci\u00f3n institucional de las telecomunicaciones, la propiedad intelectual y el gobierno electr\u00f3nico desde la perspectiva comunitaria\u00bb. Instituto Polit\u00e9cnico Nacional. <strong>Fecha de obtenci\u00f3n de grado 8 de agosto del 2014. Aprobado con Menci\u00f3n Honor\u00edfica.<\/strong><\/p>\n\n\n\n<h3 class=\"wp-block-heading\">Nivel Maestr\u00eda:<\/h3>\n\n\n\n<p>Aranza Aseret Garc\u00eda C\u00f3rdova. \u201cGesti\u00f3n comunitaria del agua a trav\u00e9s del metabolismo social en San Juan Evangelista Analco\u201d. <strong>Fecha de obtenci\u00f3n de grado: 19 de agosto del 2024. Aprobada con Distinci\u00f3n <em>Cum Laude<\/em>.<\/strong><\/p>\n\n\n\n<p>Hugo Michel Mart\u00ednez Osorio. \u00abAn\u00e1lisis de la relaci\u00f3n entre la exposici\u00f3n del turismo a las variaciones clim\u00e1ticas y el flujo tur\u00edstico en la Costa de Oaxaca\u00bb. Instituto Polit\u00e9cnico Nacional. <strong>Fecha de obtenci\u00f3n de grado: 19 de agosto del 2024.<\/strong><\/p>\n\n\n\n<p>Arendi Toledo Morales. \u00bb Responsabilidad social empresarial en un contexto rural: El caso de MiPymes familiares en Asunci\u00f3n Ixtaltepec, Oaxaca\u00bb. Instituto Polit\u00e9cnico Nacional. <strong>Fecha de obtenci\u00f3n de grado: 24 de julio del 2024. Aprobada con Distinci\u00f3n <em>Cum Laude<\/em>.<\/strong><\/p>\n\n\n\n<p>Cornelio S\u00e1nchez Remigio. \u00abIncidencia del modelo educativo integral ind\u00edgena (MEII) en el desarrollo comunitario de Jaltepec de Candayoc\u00bb. Instituto Tecnol\u00f3gico de Oaxaca. <strong>Fecha de obtenci\u00f3n de grado: 8 de diciembre del 2023.<\/strong><\/p>\n\n\n\n<p>Yesenia Guadalupe L\u00f3pez Olmedo. \u201cRelaci\u00f3n del recurso humano y la estrategia de mercadotecnia verde con el desempe\u00f1o econ\u00f3mico y social del sector hotelero en Oaxaca\u201d. Instituto Polit\u00e9cnico Nacional. <strong>Fecha de obtenci\u00f3n de grado: 11 de agosto del 2022.<\/strong><\/p>\n\n\n\n<p>Mario Edmundo S\u00e1nchez L\u00f3pez. \u201cLos recursos de capital humano y su relaci\u00f3n con la sustentabilidad de los negocios familiares: un estudio exploratorio de la interfaz Familia-Negocio en San Luis Amatl\u00e1n, Oaxaca\u201d. Instituto Polit\u00e9cnico Nacional. <strong>Fecha de obtenci\u00f3n de grado: 02 de febrero del 2022. Aprobado con Distinci\u00f3n Cum Laude.<\/strong><\/p>\n\n\n\n<p>Thania Daniela Romero V\u00e1squez. \u00abEco-Eficiencia y desempe\u00f1o organizacional en PyMEs del sector restaurantero\u00bb. Instituto Polit\u00e9cnico Nacional. <strong>Fecha de obtenci\u00f3n de grado: 12 de abril del 2021.<\/strong><\/p>\n\n\n\n<p>Jos\u00e9 Porfirio Manzano Velasco. \u00abFactores impulsores de la eco-innovaci\u00f3n en empresas hoteleras de Hutaulco y Canc\u00fan\u00bb. Instituto Polit\u00e9cnico Nacional. <strong>Fecha de obtenci\u00f3n de grado 15 de enero del 2020. Aprobado con Menci\u00f3n Honor\u00edfica.&nbsp;<\/strong><\/p>\n\n\n\n<p>Dailin Alejandra Ram\u00edrez Altamirano. \u00abImpacto de estrategias de innovaci\u00f3n ambiental en el desempe\u00f1o en MiPyMEs industriales agroalimentarias de granos, semillas, frutas y verduras en Oaxaca y Nuevo Le\u00f3n\u00bb.&nbsp;Instituto Polit\u00e9cnico Nacional. <strong>Fecha de obtenci\u00f3n de grado 4 de julio del 2019. Aprobada con Menci\u00f3n Honor\u00edfica.&nbsp;<\/strong><\/p>\n\n\n\n<p>Marbella S\u00e1nchez Soriano. \u00abIdentidad femenina y empoderamiento individual desde la concepci\u00f3n del desarrollo local comunitario en San Blas Atempa, Oaxaca\u00bb. Instituto Tecnol\u00f3gico de Oaxaca. <strong>Fecha de obtenci\u00f3n de grado 25 de Junio del 2019.<\/strong><\/p>\n\n\n\n<p>Mois\u00e9s Gonz\u00e1lez Cruz. \u00abEl sistema de gesti\u00f3n ambiental informal y la ventaja competitiva en costos, diferenciaci\u00f3n y crecimiento empresarial de los negocios de mezcal de Oaxaca\u00bb. Instituto Polit\u00e9cnico Nacional. <strong>Fecha de obtenci\u00f3n de grado 4 de julio del 2019. Aprobado con Menci\u00f3n Honor\u00edfica.<\/strong><\/p>\n\n\n\n<p>Eliomar Hern\u00e1ndez Garc\u00eda. \u00abEl efecto de los recursos y capacidades en la adopci\u00f3n de una estrategia de mercadotecnia verde en hoteles de 3,4 y 5 estrellas de dos centros tur\u00edsticos de Oaxaca\u00bb. Universidad del Mar campus Huatulco. <strong>Fecha de obtenci\u00f3n de grado 25 de enero del 2019.&nbsp;<\/strong><\/p>\n\n\n\n<p>Estefania Ivette Villavicencio Antonio. \u00abResponsabilidad social empresarial y su influencia en el desempe\u00f1o a trav\u00e9s de la eco-innovaci\u00f3n en restaurantes de Madrid y Oaxaca\u00bb. Instituto Polit\u00e9cnico Nacional. <strong>Fecha de obtenci\u00f3n de grado 14 enero&nbsp; del 2019.&nbsp;<\/strong><\/p>\n\n\n\n<p>Eduardo M\u00e9ndez Le\u00f3n. \u00abDiversidad y desempe\u00f1o de grupos en hoteles de Oaxaca. El conflicto como variable interviniente\u00bb.&nbsp; Instituto Polit\u00e9cnico Nacional. <strong>Fecha de obtenci\u00f3n de grado 22 de enero del 2016.&nbsp; Aprobado con Menci\u00f3n Honor\u00edfica.&nbsp;<\/strong><\/p>\n\n\n\n<p>H\u00e9ctor Ram\u00edrez Maldonado. \u00abLiderazgo y desempe\u00f1o.&nbsp; El efecto mediador de la cultura en organizaciones que realizan pr\u00e1cticas ambientales\u00bb. Instituto Polit\u00e9cnico Nacional. <strong>Fecha de obtenci\u00f3n de grado 21 de enero del 2016.&nbsp; Aprobado con Menci\u00f3n Honor\u00edfica.&nbsp;<\/strong><\/p>\n\n\n\n<p>Paola Miriam Arango Ram\u00edrez. \u00abStakeholders y pr\u00e1cticas ambientales en negocios de artesan\u00edas de alebrijes\u00bb.&nbsp; Instituto Polit\u00e9cnico Nacional. <strong>Fecha de obtenci\u00f3n de grado 28 de agosto de 2015.&nbsp;<\/strong><\/p>\n\n\n\n<p>Joseph Salvador Guevara Flores. \u00abG\u00e9nero y sustentabilidad en la industrial artesanal de Honduras, Colombia y M\u00e9xico\u00bb. Instituto Polit\u00e9cnico Nacional. <strong>Fecha de obtenci\u00f3n de grado 23 de julio del 2015.&nbsp; Aprobado con Menci\u00f3n Honor\u00edfica.&nbsp;<\/strong><\/p>\n\n\n\n<p>Sergio E. Gonz\u00e1lez Venegas. \u00abGesti\u00f3n de calidad total y su relaci\u00f3n con el desempe\u00f1o de los hoteles en el estado de Oaxaca\u00bb. Instituto Polit\u00e9cnico Nacional. <strong>Fecha de obtenci\u00f3n de grado 4 de junio del 2013.&nbsp;<\/strong><\/p>\n\n\n\n<p>Maricela Cruz Bautista. \u00abRelaci\u00f3n entre los&nbsp;intereses ambientales de stakeholders y los sistemas de gesti\u00f3n ambiental en el sector hotelero de Oaxaque\u00f1o\u00bb. Instituto Polit\u00e9cnico Nacional. <strong>Fecha de obtenci\u00f3n de grado 4 de junio del 2013.&nbsp;<\/strong><\/p>\n\n\n\n<p>Efra\u00edn Medina \u00c1lvarez. \u00abCultura organizacional y sustentabilidad en negocios de ecoturismo\u00bb.&nbsp; Instituto Polit\u00e9cnico Nacional. <strong>Fecha de obtenci\u00f3n de grado 13 de noviembre del 2012.&nbsp;<\/strong><\/p>\n\n\n\n<p>Ana Mar\u00eda R\u00edos Santos. \u00abTecnolog\u00edas de la informaci\u00f3n y de la comunicaci\u00f3n (TIC) en el desempe\u00f1o de las artesan\u00edas de M\u00e9xico\u00bb. Instituto Polit\u00e9cnico Nacional. <strong>Fecha de obtenci\u00f3n de grado 9 de diciembre del 2011.&nbsp;<\/strong><\/p>\n\n\n\n<h3 class=\"wp-block-heading\">&nbsp;Nivel licenciatura:<\/h3>\n\n\n\n<p>Elisa Castillo Osorio. \u00abLas estrategias en costos y diferenciaci\u00f3n en productos de queso y quesillo de Reyes, Etla\u00bb\u00bb. Instituto Tecnol\u00f3gico del Valle de Etla.&nbsp;<strong>Fecha de obtenci\u00f3n de t\u00edtulo abril 2018.&nbsp;<\/strong><\/p>\n\n\n\n<p>Claudia Cruz Ojeda y Irvind Daniel Mart\u00ednez L\u00f3pez. \u00abG\u00e9nero y valores personales en due\u00f1os de negocios familiares de Santa Mar\u00eda Atzompa Oaxaca, M\u00e9xico\u00bb. Instituto Tecnol\u00f3gico del Valle de Etla.&nbsp;<strong>Fecha de obtenci\u00f3n de t\u00edtulo marzo 2017.&nbsp;&nbsp;<\/strong><\/p>\n\n\n\n<p>Arnulfo L\u00f3pez Zambrano. Elaboraci\u00f3n de un diagn\u00f3stico participativo con propuestas de l\u00edneas de trabajo de las artesan\u00edas de alebrijes que se elaboran en la localidad de Santiago Arrazola, Xoxocotl\u00e1n, Oaxaca. Instituto Tecnol\u00f3gico Superior de Teposcolula.&nbsp;<strong>Fecha de obtenci\u00f3n de t\u00edtulo junio 2015.&nbsp;<\/strong><\/p>\n\n\n\n<p>Gabriel L\u00f3pez L\u00f3pez. Recursos naturales y desempe\u00f1o ambiental en negocios de artesan\u00edas de palma en Santiago Mitlatongo, Oaxaca. Instituto Tecnol\u00f3gico Superior de Teposcolula.<strong>&nbsp;Fecha de obtenci\u00f3n de t\u00edtulo diciembre 2014.&nbsp;<\/strong><\/p>\n\n\n\n<p><\/p>\n","protected":false},"excerpt":{"rendered":"<p>Temas de Tesis para Dirigir An\u00e1lisis de variables ambientales (regulaci\u00f3n ambiental, valores ambientales, innovaci\u00f3n ambiental, estrategia ambiental, presiones ambientales, eco-eficiencia,&nbsp; calidad ambiental, entre otras) y su efecto en la sustentabilidad (econ\u00f3mica, ambiental, social e institucional) de MiPyMES y negocios familiares en la base de la pir\u00e1mide (BOP). Tesis dirigidas o&nbsp;en proceso Nivel doctorado: Manuel Melo [&hellip;]<\/p>\n","protected":false},"author":4,"featured_media":0,"parent":0,"menu_order":0,"comment_status":"closed","ping_status":"closed","template":"","meta":{"_swt_meta_header_display":false,"_swt_meta_footer_display":false,"_swt_meta_site_title_display":false,"_swt_meta_sticky_header":false,"_swt_meta_transparent_header":false,"footnotes":""},"class_list":["post-9","page","type-page","status-publish","hentry"],"_links":{"self":[{"href":"https:\/\/web.ciidiroaxaca.ipn.mx\/psanchez\/wp-json\/wp\/v2\/pages\/9","targetHints":{"allow":["GET"]}}],"collection":[{"href":"https:\/\/web.ciidiroaxaca.ipn.mx\/psanchez\/wp-json\/wp\/v2\/pages"}],"about":[{"href":"https:\/\/web.ciidiroaxaca.ipn.mx\/psanchez\/wp-json\/wp\/v2\/types\/page"}],"author":[{"embeddable":true,"href":"https:\/\/web.ciidiroaxaca.ipn.mx\/psanchez\/wp-json\/wp\/v2\/users\/4"}],"replies":[{"embeddable":true,"href":"https:\/\/web.ciidiroaxaca.ipn.mx\/psanchez\/wp-json\/wp\/v2\/comments?post=9"}],"version-history":[{"count":5,"href":"https:\/\/web.ciidiroaxaca.ipn.mx\/psanchez\/wp-json\/wp\/v2\/pages\/9\/revisions"}],"predecessor-version":[{"id":62,"href":"https:\/\/web.ciidiroaxaca.ipn.mx\/psanchez\/wp-json\/wp\/v2\/pages\/9\/revisions\/62"}],"wp:attachment":[{"href":"https:\/\/web.ciidiroaxaca.ipn.mx\/psanchez\/wp-json\/wp\/v2\/media?parent=9"}],"curies":[{"name":"wp","href":"https:\/\/api.w.org\/{rel}","templated":true}]}}