{"id":6,"date":"2011-10-19T16:58:31","date_gmt":"2011-10-19T16:58:31","guid":{"rendered":"https:\/\/web.ciidiroaxaca.ipn.mx\/psanchez\/dra-patricia-soledad-sanchez-medina\/"},"modified":"2025-09-01T18:55:07","modified_gmt":"2025-09-01T18:55:07","slug":"dra-patricia-soledad-sanchez-medina","status":"publish","type":"page","link":"https:\/\/web.ciidiroaxaca.ipn.mx\/psanchez\/","title":{"rendered":"Dra. Patricia Soledad S\u00e1nchez Medina"},"content":{"rendered":"\n<figure class=\"wp-block-image aligncenter is-resized\"><img decoding=\"async\" src=\"https:\/\/web.ciidiroaxaca.ipn.mx\/psanchez\/wp-content\/uploads\/sites\/4\/2011\/10\/IMG_20190215_090618.jpg\" alt=\"\" style=\"width:150px;height:auto\"\/><\/figure>\n\n\n\n<p><\/p>\n\n\n\n<p class=\"has-text-align-center\">Doctora&nbsp;en Ciencias en Conservaci\u00f3n y Aprovechamiento de Recursos Naturales<\/p>\n\n\n\n<p class=\"has-text-align-center\">Por el Instituto Polit\u00e9cnico Nacional<\/p>\n\n\n\n<p class=\"has-text-align-center\"><strong>Miembro del Sistema Nacional de Investigadores Nivel II<\/strong><\/p>\n\n\n\n<p class=\"has-text-align-center\">\u00c1reas de inter\u00e9s: Gesti\u00f3n ambiental empresarial con \u00e9nfasis en el estudio de variables ambientales que explican la sustentabilidad de MiPyMEs y negocios familiares, desde el \u00e1mbito econ\u00f3mico, ambiental, social e institucional.&nbsp;<\/p>\n\n\n\n<p class=\"has-text-align-center\">correo electr\u00f3nico:&nbsp; psanchez@ipn.mx&nbsp;&nbsp;&nbsp;&nbsp;&nbsp; Extensi\u00f3n: 82788<\/p>\n\n\n\n<p>&nbsp;<\/p>\n\n\n\n<p><a href=\"https:\/\/scholar.google.com\/citations?user=hqf-7tIAAAAJ&amp;hl=es\" target=\"_blank\" rel=\"noreferrer noopener\">https:\/\/scholar.google.com\/citations?user=hqf-7tIAAAAJ&amp;hl=es<\/a><\/p>\n\n\n\n<p><a href=\"https:\/\/www.researchgate.net\/profile\/Patricia_Sanchez-Medina2\" target=\"_blank\" rel=\"noreferrer noopener\">https:\/\/www.researchgate.net\/profile\/Patricia_Sanchez-Medina2<\/a><\/p>\n\n\n\n<p><a href=\"https:\/\/orcid.org\/0000-0003-2949-3374\">https:\/\/orcid.org\/0000-0003-2949-<\/a><a href=\"https:\/\/orcid.org\/0000-0003-2949-3374\" target=\"_blank\" rel=\"noreferrer noopener\">3374<\/a><\/p>\n\n\n\n<p><a href=\"https:\/\/www.scopus.com\/authid\/detail.uri?authorId=47962694900\" target=\"_blank\" rel=\"noreferrer noopener\">https:\/\/www.scopus.com\/authid\/detail.uri?authorId=47962694900<\/a><\/p>\n\n\n\n<p><a href=\"https:\/\/ipn.elsevierpure.com\/es\/persons\/patricia-soledad-sanchez-medina\" target=\"_blank\" rel=\"noreferrer noopener\">https:\/\/ipn.elsevierpure.com\/es\/persons\/patricia-soledad-sanchez-medina<\/a><\/p>\n\n\n\n<p>&nbsp;<\/p>\n\n\n\n<p>&nbsp;<\/p>\n","protected":false},"excerpt":{"rendered":"<p>Doctora&nbsp;en Ciencias en Conservaci\u00f3n y Aprovechamiento de Recursos Naturales Por el Instituto Polit\u00e9cnico Nacional Miembro del Sistema Nacional de Investigadores Nivel II \u00c1reas de inter\u00e9s: Gesti\u00f3n ambiental empresarial con \u00e9nfasis en el estudio de variables ambientales que explican la sustentabilidad de MiPyMEs y negocios familiares, desde el \u00e1mbito econ\u00f3mico, ambiental, social e institucional.&nbsp; correo electr\u00f3nico:&nbsp; [&hellip;]<\/p>\n","protected":false},"author":4,"featured_media":0,"parent":0,"menu_order":0,"comment_status":"closed","ping_status":"closed","template":"","meta":{"_swt_meta_header_display":false,"_swt_meta_footer_display":false,"_swt_meta_site_title_display":false,"_swt_meta_sticky_header":false,"_swt_meta_transparent_header":false,"footnotes":""},"class_list":["post-6","page","type-page","status-publish","hentry"],"_links":{"self":[{"href":"https:\/\/web.ciidiroaxaca.ipn.mx\/psanchez\/wp-json\/wp\/v2\/pages\/6","targetHints":{"allow":["GET"]}}],"collection":[{"href":"https:\/\/web.ciidiroaxaca.ipn.mx\/psanchez\/wp-json\/wp\/v2\/pages"}],"about":[{"href":"https:\/\/web.ciidiroaxaca.ipn.mx\/psanchez\/wp-json\/wp\/v2\/types\/page"}],"author":[{"embeddable":true,"href":"https:\/\/web.ciidiroaxaca.ipn.mx\/psanchez\/wp-json\/wp\/v2\/users\/4"}],"replies":[{"embeddable":true,"href":"https:\/\/web.ciidiroaxaca.ipn.mx\/psanchez\/wp-json\/wp\/v2\/comments?post=6"}],"version-history":[{"count":3,"href":"https:\/\/web.ciidiroaxaca.ipn.mx\/psanchez\/wp-json\/wp\/v2\/pages\/6\/revisions"}],"predecessor-version":[{"id":32,"href":"https:\/\/web.ciidiroaxaca.ipn.mx\/psanchez\/wp-json\/wp\/v2\/pages\/6\/revisions\/32"}],"wp:attachment":[{"href":"https:\/\/web.ciidiroaxaca.ipn.mx\/psanchez\/wp-json\/wp\/v2\/media?parent=6"}],"curies":[{"name":"wp","href":"https:\/\/api.w.org\/{rel}","templated":true}]}}

Dra. Patricia Soledad Sánchez Medina

<figure class="wp-block-image aligncenter is-resized"><img decoding="async" src="https://web.ciidiroaxaca.ipn.mx/psanchez/wp-content/uploads/sites/4/2011/10/IMG_20190215_090618.jpg" alt="" style="width:150px;height:auto"/></figure>



<p></p>



<p class="has-text-align-center">Doctora&nbsp;en Ciencias en Conservación y Aprovechamiento de Recursos Naturales</p>



<p class="has-text-align-center">Por el Instituto Politécnico Nacional</p>



<p class="has-text-align-center"><strong>Miembro del Sistema Nacional de Investigadores Nivel II</strong></p>



<p class="has-text-align-center">Áreas de interés: Gestión ambiental empresarial con énfasis en el estudio de variables ambientales que explican la sustentabilidad de MiPyMEs y negocios familiares, desde el ámbito económico, ambiental, social e institucional.&nbsp;</p>



<p class="has-text-align-center">correo electrónico:&nbsp; psanchez@ipn.mx&nbsp;&nbsp;&nbsp;&nbsp;&nbsp; Extensión: 82788</p>



<p>&nbsp;</p>



<p><a href="https://scholar.google.com/citations?user=hqf-7tIAAAAJ&amp;hl=es" target="_blank" rel="noreferrer noopener">https://scholar.google.com/citations?user=hqf-7tIAAAAJ&amp;hl=es</a></p>



<p><a href="https://www.researchgate.net/profile/Patricia_Sanchez-Medina2" target="_blank" rel="noreferrer noopener">https://www.researchgate.net/profile/Patricia_Sanchez-Medina2</a></p>



<p><a href="https://orcid.org/0000-0003-2949-3374">https://orcid.org/0000-0003-2949-</a><a href="https://orcid.org/0000-0003-2949-3374" target="_blank" rel="noreferrer noopener">3374</a></p>



<p><a href="https://www.scopus.com/authid/detail.uri?authorId=47962694900" target="_blank" rel="noreferrer noopener">https://www.scopus.com/authid/detail.uri?authorId=47962694900</a></p>



<p><a href="https://ipn.elsevierpure.com/es/persons/patricia-soledad-sanchez-medina" target="_blank" rel="noreferrer noopener">https://ipn.elsevierpure.com/es/persons/patricia-soledad-sanchez-medina</a></p>



<p>&nbsp;</p>



<p>&nbsp;</p>

<p>Doctora&nbsp;en Ciencias en Conservación y Aprovechamiento de Recursos Naturales Por el Instituto Politécnico Nacional Miembro del Sistema Nacional de Investigadores Nivel II Áreas de interés: Gestión ambiental empresarial con énfasis en el estudio de variables ambientales que explican la sustentabilidad de MiPyMEs y negocios familiares, desde el ámbito económico, ambiental, social e institucional.&nbsp; correo electrónico:&nbsp; [&hellip;]</p>
