{"id":4,"date":"2011-10-26T19:06:49","date_gmt":"2011-10-26T19:06:49","guid":{"rendered":"https:\/\/web.ciidiroaxaca.ipn.mx\/pcano\/publicaciones\/"},"modified":"2025-11-16T07:59:04","modified_gmt":"2025-11-16T13:59:04","slug":"publicaciones","status":"publish","type":"page","link":"https:\/\/web.ciidiroaxaca.ipn.mx\/pcano\/publicaciones\/","title":{"rendered":"Publicaciones"},"content":{"rendered":"\n<ul class=\"wp-block-list\">\n<li><a href=\"https:\/\/scholar.google.com\/citations?user=4-xxNNEAAAAJ&amp;hl=es\" target=\"_blank\" rel=\"noreferrer noopener\"><strong>Perfil en Google Scholar<\/strong><\/a><\/li>\n\n\n\n<li><a href=\"https:\/\/www.researchgate.net\/profile\/Prisciliano_Cano_Barrita\" target=\"_blank\" rel=\"noreferrer noopener\"><strong>Perfil en ResearchGate&nbsp;<\/strong><\/a><\/li>\n\n\n\n<li><a href=\"https:\/\/www.scopus.com\/authid\/detail.uri?authorId=25636835800\" target=\"_blank\" rel=\"noreferrer noopener\"><strong>Perfil en Scopus<\/strong><\/a><\/li>\n<\/ul>\n\n\n\n<h3 class=\"wp-block-heading\">Art\u00edculos en Revistas\/Journals<\/h3>\n\n\n\n<p>Rojas-Olivos, A., Le\u00f3n-Mart\u00ednez, F. M., Soto-Castro, D., Robles-Franco, E., Alvarez-Bajo, O., &amp; <strong>Cano-Barrita, P. F. de J.<\/strong> (2025). Functional, rheological, and physicochemical properties of Opuntia ficus indica and Opuntia undulata mucilages. <em>Applied Food Research<\/em>, <em>5<\/em>(2), 1\u201311<strong>.<\/strong> <a href=\"https:\/\/doi.org\/10.1016\/j.afres.2025.101505\">https:\/\/doi.org\/10.1016\/j.afres.2025.101505<\/a><\/p>\n\n\n\n<p>D\u00edaz-D\u00edaz, F., &amp; <strong>Cano-Barrita, P. F. de J.<\/strong> (2025). Design and construction of a small embeddable nuclear magnetic resonance sensor utilizing 3D-printed components. <em>HardwareX<\/em>, <em>23<\/em>(July). <a href=\"https:\/\/doi.org\/10.1016\/j.ohx.2025.e00678\">https:\/\/doi.org\/10.1016\/j.ohx.2025.e00678<\/a><\/p>\n\n\n\n<p>Le\u00f3n-Mart\u00ednez, F. M., Medina-Torres, L., Soto-Castro, D., Castellanos-Le\u00f3n, F., Hern\u00e1ndez-Plancarte, C., &amp; <strong>Cano-Barrita, P. F. de J. <\/strong>(2025). Sodium alginate from Playa del Carmen Sargassum: extraction, characterization, and rheological analysis of solutions and hydrogels. <em>International Journal of Biological Macromolecules, <\/em>317, 144803. <a href=\"https:\/\/doi.org\/https:\/\/doi.org\/10.1016\/j.ijbiomac.2025.144803\" target=\"_blank\" rel=\"noreferrer noopener\">https:\/\/doi.org\/https:\/\/doi.org\/10.1016\/j.ijbiomac.2025.144803<\/a><\/p>\n\n\n\n<p>D\u00edaz-D\u00edaz, F.; <strong>Cano-Barrita, P. F. de J.<\/strong>; Le\u00f3n-Mart\u00ednez, F.M.; Acevedo-Arzola, V.&nbsp;<sup>1<\/sup>H NMR Sensor for Nondestructive Characterization of Organic and Inorganic Materials.&nbsp;<em>Sensors<\/em>&nbsp;2024,&nbsp;24, 7692. <a href=\"https:\/\/doi.org\/10.3390\/s24237692\" target=\"_blank\" rel=\"noreferrer noopener\">https:\/\/doi.org\/10.3390\/s24237692<\/a>.<\/p>\n\n\n\n<p>F.M. Le\u00f3n-Mart\u00ednez, <strong>P.F. de J. Cano-Barrita<\/strong>, Cactus mucilage: A review of its rheological and physicochemical properties and use as bio-admixture in building materials, <em>International Journal of Biological Macromolecules<\/em>, Volume 279, Part 1, 2024,135111, ISSN 0141-8130, <a href=\"https:\/\/doi.org\/10.1016\/j.ijbiomac.2024.135111\" target=\"_blank\" rel=\"noreferrer noopener\">https:\/\/doi.org\/10.1016\/j.ijbiomac.2024.135111<\/a>.<\/p>\n\n\n\n<p>Pablo-Calder\u00f3n, M.A.; <strong>Cano-Barrita, P.F.de J<\/strong>.; Le\u00f3n-Mart\u00ednez, F.M. Exploring the Detection of Cl<sup>\u2212<\/sup> Penetration in Portland Cement Mortars via Surface Electrical Resistivity. <em>Materials <\/em>2023, 16, 7123. <a href=\"https:\/\/doi.org\/10.3390\/ma16227123\" target=\"_blank\" rel=\"noreferrer noopener\">https:\/\/doi.org\/10.3390\/ma16227123<\/a>.<\/p>\n\n\n\n<p>Soto-Castro, D., Reyes-Torres, U., Santos-Lopez, G., <strong>Cano-Barrita, P. F. de J.<\/strong>, Karaaslan, M.A., Renneckar, S., Hernandez-Martinez, A.R., Guti\u00e9rrez, M.C. (2023) Improving the thermo-activated shape memory of thermoplastic potato starch by adding silver nanoparticles, <em>Journal of Materials Science<\/em>, <a href=\"https:\/\/doi.org\/10.1007\/s10853-023-08967-6\" target=\"_blank\" rel=\"noreferrer noopener\">https:\/\/doi.org\/10.1007\/s10853-023-08967-6<\/a>.<\/p>\n\n\n\n<p>V\u00e1squez-L\u00f3pez Marcelino Benito, <strong>Cano-Barrita Prisciliano Felipe de Jes\u00fas<\/strong>, Le\u00f3n-Mart\u00ednez Frank Manuel e Hidalgo-Reyes Mart\u00edn, (2023). Reutilizaci\u00f3n de part\u00edculas de PET en la elaboraci\u00f3n de morteros para construcci\u00f3n. <em>Ciencia Nicolaita<\/em> no. 87, 134-148. DOI: <a href=\"https:\/\/doi.org\/10.35830\/cn.vi87.664\" target=\"_blank\" rel=\"noreferrer noopener\">https:\/\/doi.org\/10.35830\/cn.vi87.664<\/a><\/p>\n\n\n\n<p><strong>Prisciliano Felipe de Jes\u00fas Cano-Barrita<\/strong>; Floriberto D\u00edaz-D\u00edaz (2021),&nbsp;Moisture distribution during water absorption of ordinary Portland cement mortars obtained with low-field unilateral magnetic resonance, <em>Materials,<\/em> 14, 4279.&nbsp;<a href=\"https:\/\/doi.org\/10.3390\/ma14154279\" target=\"_blank\" rel=\"noreferrer noopener\">https:\/\/doi.org\/10.3390\/ma14154279<\/a><\/p>\n\n\n\n<p>Ross, M. M., Wilbur, G. R., <strong>Cano-Barrita P. F. de J<\/strong>., Balcom, B. J. (2021), A portable, submersible, MR sensor- The Proteus Magnet, <em>Journal of Magnetic Resonance<\/em>, 106964. <a href=\"https:\/\/doi.org\/10.1016\/j.jmr.2021.106964\" target=\"_blank\" rel=\"noreferrer noopener\">https:\/\/doi.org\/10.1016\/j.jmr.2021.106964<\/a>.<\/p>\n\n\n\n<p>Le\u00f3n-Mart\u00ednez F. M., <strong>Cano-Barrita P. F. de J.<\/strong>&nbsp;(2021), Castellanos F., Luna-Vicente K. B., Ram\u00edrez-Arellanes S., and G\u00f3mez-Y\u00e1\u00f1ez C.,&nbsp;Carbonation of high calcium lime mortars containing cactus mucilage as additive: a spectroscopic approach, <em>J Mater Sci,<\/em>&nbsp;56 (5), 3778-3789.&nbsp;<a href=\"https:\/\/doi.org\/10.1007\/s10853-020-05514-5\" target=\"_blank\" rel=\"noreferrer noopener\">https:\/\/doi.org\/10.1007\/s10853-020-05514-5<\/a>.<\/p>\n\n\n\n<p>Floriberto D\u00edaz D\u00edaz, <strong>Prisciliano F. de J. Cano Barrita<\/strong>, Frank Manuel Le\u00f3n Mart\u00ednez, Francisco Castellanos&nbsp;(2020). Unilateral low-field magnetic resonance measurements of carbonation depth in unsaturated and saturated Portland cement mortars,&nbsp;<em>Cement and Concrete Research<\/em>, 138, 1-9.&nbsp;<a href=\"https:\/\/doi.org\/10.1016\/j.cemconres.2020.106237\" target=\"_blank\" rel=\"noreferrer noopener\">https:\/\/doi.org\/10.1016\/j.cemconres.2020.106237<\/a>.<\/p>\n\n\n\n<p>Antonio S\u00e1nchez, J. O., Le\u00f3n Mart\u00ednez, F. M., <strong>Cano-Barrita, P. F. de J.<\/strong>, &amp; Castellanos-Leon, F. (2019). Correlaci\u00f3n entre propiedades de onda ultras\u00f3nica con el esfuerzo de fluencia de un fluido viscopl\u00e1stico. Contribuci\u00f3n al Conocimiento Cient\u00edfico y Tecnol\u00f3gico en Oaxaca, 3(3), 6\u201312.<\/p>\n\n\n\n<p>Enjilela, Razieh, <strong>Cano-Barrita, P. F. de&nbsp;J.<\/strong>, Komar, A., Boyd, A. J., &amp; Balcom, B. J. (2018). Wet front penetration with unsteady state wicking in mortar studied by Magnetic Resonance Imaging (MRI). <em>Materials and Structures<\/em>, 51, 1\u201316. <a href=\"https:\/\/doi.org\/10.1617\/s11527-018-1142-y\">https:\/\/doi.org\/10.1<\/a><a href=\"https:\/\/doi.org\/10.1617\/s11527-018-1142-y\" target=\"_blank\" rel=\"noreferrer noopener\">6<\/a><a href=\"https:\/\/doi.org\/10.1617\/s11527-018-1142-y\">17\/s11527-018-1142-y<\/a><\/p>\n\n\n\n<p>Hern\u00e1ndez, E. F., Pfeiffer Perea, H., &amp; <strong>Cano Barrita, P. F. J.<\/strong> (2018). Influencia del muc\u00edlago de nopal y extracto de algas caf\u00e9s en el grado de hidrataci\u00f3n de pastas de cemento Portland ordinario. <em>Nexo Revista Cient\u00edfica<\/em>, 30(2), 73\u201383. <a href=\"https:\/\/doi.org\/10.5377\/nexo.v30i2.5526\" target=\"_blank\" rel=\"noreferrer noopener\">https:\/\/doi.org\/10.5377\/nexo.v30i2.5526<\/a><\/p>\n\n\n\n<p>Ram\u00edrez-Ort\u00edz, A. E., Castellanos, F., &amp; <strong>Cano-Barrita, P. F. J.<\/strong> (2018). Ultrasonic Detection of Chloride Ions and Chloride Binding in Portland Cement Pastes. <em>International Journal of Concrete Structures and Materials<\/em>, 12(1). <a href=\"https:\/\/doi.org\/10.1186\/s40069-018-0254-7\" target=\"_blank\" rel=\"noreferrer noopener\">https:\/\/doi.org\/10.1186\/s40069-018-0254-7<\/a><\/p>\n\n\n\n<p><strong>Cano-Barrita, P. F. J.<\/strong>, Balcom, B. J., &amp; Castellanos, F. (2017). Carbonation front in cement paste detected by T<sub>2<\/sub> NMR measurements using a low field unilateral magnet. <em>Materials and Structures<\/em>, 50(2), 150. <a href=\"https:\/\/doi.org\/10.1617\/s11527-017-1019-5\" target=\"_blank\" rel=\"noreferrer noopener\">https:\/\/doi.org\/10.1617\/s11527-017-1019-5<\/a><\/p>\n\n\n\n<p>Cosmes-L\u00f3pez, M. F., Castellanos, F., &amp; <strong>Cano-Barrita, P. F. J.<\/strong> (2017). Ultrasound frequency analysis for identification of aggregates and cement paste in concrete. <em>Ultrasonics<\/em>, 73, 88\u201395. <a href=\"https:\/\/doi.org\/10.1016\/j.ultras.2016.08.016\" target=\"_blank\" rel=\"noreferrer noopener\">https:\/\/doi.org\/10.1016\/j.ultras.2016.08.016<\/a><\/p>\n\n\n\n<p>Enjilela, R., <strong>Cano-Barrita, P.  de J.<\/strong>, Komar, A., Boyd, A. J., &amp; Balcom, B. J. (2017). Monitoring steady state moisture distribution during wick action in mortar by magnetic resonance imaging (MRI). <em>Materials and Structures<\/em>, 50, 1\u201312. <a href=\"https:\/\/doi.org\/10.1617\/s11527-017-1017-7\" target=\"_blank\" rel=\"noreferrer noopener\">https:\/\/doi.org\/10.1617\/s11527-017-1017-7<\/a><\/p>\n\n\n\n<p>Hernandez-Bautista, E., Sandoval-Torres, S., <strong>Cano-Barrita, P. F. de J<\/strong>., &amp; Bentz, D. P. (2017). Modeling heat and moisture transport in steam-cured mortar: Application to AASHTO Type VI beams. <em>Construction and Building Materials<\/em>, 151, 186\u2013195. <a href=\"https:\/\/doi.org\/10.1016\/j.conbuildmat.2017.05.151\" target=\"_blank\" rel=\"noreferrer noopener\">https:\/\/doi.org\/10.1016\/j.conbuildmat.2017.05.151<\/a><\/p>\n\n\n\n<p>Hern\u00e1ndez, E., <strong>Cano Barrita, P. F. de J.<\/strong>, Le\u00f3n-Mart\u00ednez, F. M., &amp; Torres-Acosta, A. (2017). Performance of cactus mucilage and brown seaweed extract as a steel corrosion inhibitor in chloride contaminated alkaline media. <em>Anti-Corrosion Methods and Materials<\/em>, 0. <a href=\"https:\/\/doi.org\/10.1108\/ACMM-02-2016-1646\" target=\"_blank\" rel=\"noreferrer noopener\">https:\/\/doi.org\/10.1108\/ACMM-02-2016-1646<\/a><\/p>\n\n\n\n<p>Leon Martinez, F. M., &amp; <strong>Cano-Barrita, P. F. de J.<\/strong> (2017). Yield Stress of Mortars in Rotational and Oscillatory Shear Experiments Conducted Using a Ball Measuring System. <em>Applied Rheology<\/em>, 27, 1\u201311. <a href=\"https:\/\/doi.org\/10.3933\/APPLRHEOL-27-45838\" target=\"_blank\" rel=\"noreferrer noopener\">https:\/\/doi.org\/10.3933\/APPLRHEOL-27-45838<\/a><\/p>\n\n\n\n<p>Hernandez-Bautista, E., Bentz, D. P., Sandoval-Torres, S., &amp; <strong>Cano-Barrita, P. F. J. <\/strong>(2016). Numerical simulation of heat and mass transport during hydration of Portland cement mortar in semi-adiabatic and steam curing conditions. <em>Cement and Concrete Composites<\/em>, 69, 38\u201348. <a href=\"https:\/\/doi.org\/10.1016\/j.cemconcomp.2015.10.014\" target=\"_blank\" rel=\"noreferrer noopener\">https:\/\/doi.org\/10.1016\/j.cemconcomp.2015.10.014<\/a><\/p>\n\n\n\n<p>Hern\u00e1ndez, E. F., <strong>Cano-Barrita, P. F. J.<\/strong>, &amp; Torres-Acosta, A. A. (2016). Influence of cactus mucilage and marine brown algae extract on the compressive strength and durability of concrete. <em>Materiales de Construcci\u00f3n<\/em>, 66(321), 1\u201314. <a href=\"https:\/\/doi.org\/10.3989\/mc.2016.07514\" target=\"_blank\" rel=\"noreferrer noopener\">https:\/\/doi.org\/10.3989\/mc.2016.07514<\/a><\/p>\n\n\n\n<p>Le\u00f3n-Mart\u00ednez, F. M., Abad-Zarate, E. F., Lagunez-Rivera, L., &amp; <strong>Cano-Barrita, P. F. de J.<\/strong> (2016). Laboratory and field performance of biodegradable release agents for hydraulic concrete. <em>Materials and Structures<\/em>, 49(7), 2731\u20132748. <a href=\"https:\/\/doi.org\/10.1617\/s11527-015-0681-8\" target=\"_blank\" rel=\"noreferrer noopener\">https:\/\/doi.org\/10.1617\/s11527-015-0681-8<\/a><\/p>\n\n\n\n<p><strong>Cano-Barrita, P. F. D. J.<\/strong>, Castellanos, F., Ram\u00edrez-Arellanes, S., Cosmes-L\u00f3pez, M. F., Reyes-Estevez, L. R., Hern\u00e1ndez-Arrazola, S. E., &amp; Ram\u00edrez-Ort\u00edz, A. E. (2015). Monitoring compressive strength of concrete by nuclear magnetic resonance, ultrasound, and rebound hammer. <em>ACI Materials Journal<\/em>, 112(1). <a href=\"https:\/\/doi.org\/10.14359\/51686984\" target=\"_blank\" rel=\"noreferrer noopener\">https:\/\/doi.org\/10.14359\/51686984<\/a><\/p>\n\n\n\n<p>Le\u00f3n-Mart\u00ednez, F. M., <strong>Cano-Barrita, P. F. de J.<\/strong>, Lagunez-Rivera, L., &amp; Medina-Torres, L. (2014). Study of nopal mucilage and marine brown algae extract as viscosity-enhancing admixtures for cement based materials. <em>Construction and Building Materials<\/em>, 53, 190\u2013202. <a href=\"https:\/\/doi.org\/10.1016\/j.conbuildmat.2013.11.068\" target=\"_blank\" rel=\"noreferrer noopener\">https:\/\/doi.org\/10.1016\/j.conbuildmat.2013.11.068<\/a><\/p>\n\n\n\n<p>D\u00edaz-D\u00edaz, F., <strong>Cano-Barrita, P. F. de J.<\/strong>, Balcom, B. J., Sol\u00eds-N\u00e1jera, S. E., &amp; Rodr\u00edguez, A. O. (2013). Embedded NMR sensor to monitor compressive strength development and pore size distribution in hydrating concrete. <em>Sensors<\/em> (Switzerland), 13(12), 15985\u201315999.&nbsp;&nbsp;<a href=\"https:\/\/doi.org\/10.3390\/s131215985\" target=\"_blank\" rel=\"noreferrer noopener\">https:\/\/doi.org\/10.3390\/s131215985<\/a><\/p>\n\n\n\n<p>Hernandez-Bautista, E., Sandoval-Torres, S., &amp; <strong>Cano-Barrita, P. F. de J.<\/strong> (2013). Modeling Chemical Reactions and Heat and Mass Transport in a Hydrating Cement Particle Using Comsol Multiphysics 3.5a. <em>Advances in Computer Science<\/em>, 67, 133\u2013145.<\/p>\n\n\n\n<p>Ramirez-Arellanes, S., <strong>Cano-Barrita, P. F. de J.<\/strong>, Julian-Caballero, F., &amp; Gomez-Yanez, C. (2012). Concrete durability properties and microstructural analysis of cement pastes with nopal cactus mucilage as a natural additive. <em>Materiales de Construccion<\/em>, 62(307), 327\u2013341. <a href=\"https:\/\/doi.org\/10.3989\/mc.2012.00211\" target=\"_blank\" rel=\"noreferrer noopener\">https:\/\/doi.org\/10.3989\/mc.2012.00211<\/a><\/p>\n\n\n\n<p>Juarez Ruiz, L. A., <strong>Cano Barrita, P. F. de J.<\/strong>, &amp; Castro Borges, P. (2011). Hydraulic diffusivity of different concrete mixtures based on sorptivity and moisture concentration profiles. <em>Revista&nbsp;T\u00e9cnica de la Facultad de Ingenier\u00eda Universidad del Zulia<\/em>, 34(1), 3\u201313.<\/p>\n\n\n\n<p>Cortez-Ortiz, E., Pech Perez, A., <strong>Cano Barrita, P. F. de J.<\/strong>, &amp; Vazquez Feijoo, J. A. (2010). Chloride detection in cement based materials by ultrasonic interferometry. <em>Journal of the Acoustical Society of America<\/em>, 128(4), 2317. <a href=\"https:\/\/doi.org\/10.1121\/1.3508164\" target=\"_blank\" rel=\"noreferrer noopener\">https:\/\/doi.org\/10.1121\/1.3508164<\/a><\/p>\n\n\n\n<p><strong>Cano-Barrita, P. F. de J.<\/strong>, Marble, A. E., Balcom, B. J., Garc\u00eda, J. C., Masthikin, I. V., Thomas, M. D. A., &amp; Bremner, T. W. (2009). Embedded NMR sensors to monitor evaporable water loss caused by hydration and drying in Portland cement mortar. <em>Cement and Concrete Research<\/em>, 39(4), 324\u2013328.<\/p>\n\n\n\n<p>Romanenko, K. V., <strong>Cano-Barrita, P. F. J.<\/strong>, &amp; Balcom, B. J. (2009). 35Cl profiling using centric scan SPRITE with variable flip angle excitation. <em>Journal of Magnetic Resonance<\/em>, 198, 24\u201330. <a href=\"https:\/\/doi.org\/10.1016\/j.jmr.2009.01.007\" target=\"_blank\" rel=\"noreferrer noopener\">https:\/\/doi.org\/10.1016\/j.jmr.2009.01.007<\/a><\/p>\n\n\n\n<p><strong>Cano Barrita, P. F. de J.<\/strong>, Balcom, B. J., McAloon, M. J., Green, D. P., &amp; Dick, J. (2008). Capillary pressure measurement on cores by MRI. JPT, <em>Journal of Petroleum Technology<\/em>, 60(8), 63-64+66. <a href=\"http:\/\/www.scopus.com\/inward\/record.url?eid=2-s2.0-52349101321&amp;partnerID=40&amp;md5=2039ea94028dd8f80dd5d65eadf4c2b7\" target=\"_blank\" rel=\"noreferrer noopener\">http:\/\/www.scopus.com\/inward\/record.url?eid=2-s2.0-52349101321&amp;partnerID=40&amp;md5=2039ea94028dd8f80dd5d65eadf4c2b7<\/a><\/p>\n\n\n\n<p><strong>Cano-Barrita, P. F. J.<\/strong>, Balcom, B. J., &amp; Bremner, T. W. (2007). Imagenolog\u00eda por resonancia magn\u00e9tica y la determinaci\u00f3n de cloruro y sodio en mortero de cemento P\u00f3rtland. <em>In Ingenier\u00eda, investigaci\u00f3n y tecnolog\u00eda<\/em> (Vol. 8, Issue 3). <a href=\"https:\/\/doi.org\/10.22201\/fi.25940732e.2007.08n3.013\" target=\"_blank\" rel=\"noreferrer noopener\">https:\/\/doi.org\/10.22201\/fi.25940732e.2007.08n3.013<\/a><\/p>\n\n\n\n<p>Torres-Acosta, A., &amp; <strong>Cano-Barrita, P. F. J.<\/strong> (2007). Las bondades del nopal. Revista <em>Construccion y Tecnologia<\/em>, 10, 44\u201349.<\/p>\n\n\n\n<p>Lopez, H. Z., <strong>Cano-Barrita, P. F. de J.<\/strong>, &amp; Jim\u00e9nez Quero, V. (2006). Comportamiento de un muro construido con paneles prefabricados de mortero armado sometido a compresi\u00f3n simple y diagonal. <em>Naturaleza y Desarrollo<\/em>, 4(4), 55\u201363.<\/p>\n\n\n\n<p><strong>Cano-Barrita, P. F. J.<\/strong>, Balcom, B. J., Bremner, T. W., MacMillan, M. B., &amp; Langley, W. S. (2004). Moisture distribution in drying ordinary and high performance concrete cured in a simulated hot dry climate. <em>Materials and Structures\/Materiaux et Constructions<\/em>, 37(272), 522\u2013531. <a href=\"https:\/\/doi.org\/10.1617\/13968\" target=\"_blank\" rel=\"noreferrer noopener\">https:\/\/doi.org\/10.1617\/13968<\/a><\/p>\n\n\n\n<p>Balcom, B. J., <strong>Cano Barrita, P. F. J<\/strong>., Choi, C., Beyea, S. D., Goodyear, D. J., &amp; Bremner, T. W. (2003). Single-point magnetic resonance imaging (MRI) of cement based materials. <em>Materials and Structures,<\/em> 36(4), 166\u2013182. <a href=\"https:\/\/doi.org\/10.1007\/bf02479555\">https:\/\/doi.org\/10.1007\/bf02479555<\/a><\/p>\n\n\n\n<p><strong>Cano Barrita, P. F. de J.<\/strong>, Bremner, T. W., &amp; Balcom, B. J. (2003). Effects of curing temperature on moisture distribution, drying and water absorption in self-compacting concrete. <em>Magazine of Concrete Research<\/em>, 55(6), 517\u2013524. <a href=\"https:\/\/doi.org\/10.1680\/macr.2003.55.6.517\" target=\"_blank\" rel=\"noreferrer noopener\">https:\/\/doi.org\/10.1680\/macr.2003.55.6.517<\/a><\/p>\n\n\n\n<p><strong>Cano, F. de J.<\/strong>, Bremner, T. W., McGregor, R. P., &amp; Balcom, B. J. (2002). Magnetic resonance imaging of <sup>1<\/sup>H, <sup>23<\/sup>Na, and <sup>35<\/sup>Cl penetration in Portland cement mortar. <em>Cement and Concrete Research<\/em>, 32(7), 1067\u20131070. <a href=\"https:\/\/doi.org\/10.1016\/j.cemconres.2009.01.011\" target=\"_blank\" rel=\"noreferrer noopener\">https:\/\/doi.org\/10.1016\/j.cemconres.2009.01.011<\/a><\/p>\n\n\n\n<p>Fern\u00e1ndez, A., &amp; <strong>Cano, F. <\/strong>(2001). Seismic characteristics of low-cost ferrocement monolithic housing. <em>Journal of Ferrocement<\/em>, 31(2), 137\u2013142.<\/p>\n\n\n\n<p><strong>Cano, F.<\/strong>, Jimenez, V., &amp; Fernandez, A. (2000). A reinforced concrete and ferrocement bridge. <em>Journal of Ferrocement<\/em>, 30(2), 191\u2013196.<\/p>\n\n\n\n<p>Fernandez, A., Ju\u00e1rez, L., &amp; <strong>Cano-Barrita, P. F. J.<\/strong> (1998). An economical earthquake\/hurricane resistant ferrocement shool building. <em>Journal of Ferrocement,<\/em> 28(4), 351\u2013357.<\/p>\n\n\n\n<h3 class=\"wp-block-heading\">Cap\u00edtulos de libros<\/h3>\n\n\n\n<p><strong>Cano-Barrita, P. F. de J.<\/strong>, &amp; Leon-Martinez, F. M. (2016). Chapter 11. Biopolymers with viscosity-enhancing properties for concrete. In F. Pacheco-Torgal, V. Ivanov, N. Karat, &amp; H. Jonkers (Eds.), Biopolymers and Biotech Admixtures for Eco-Efficient Construction Materials (First Edit, p. 488). Woodhead Publishing Limited.<\/p>\n\n\n\n<h3 class=\"wp-block-heading\">Art\u00edculos en congresos<\/h3>\n\n\n\n<ul class=\"wp-block-list\">\n<li>Green, D., Dick, J., McAloon, M., <strong>Cano-Barrita, F. de J.<\/strong>, Burger, J. and Balcom, B.&nbsp;\u00abOil\/Water Imbibition and Drainage Capillary Pressure Determined by MRI on a Wide Sampling of Rocks\u00bb, Society of Core Analysts, Abu Dhabi, UAE 29 October-2 November, 2008, 12 pages.<\/li>\n\n\n\n<li>Green, D., Gardner, J., Balcom, B.J., McAloon, M. J. and <strong>Cano Barrita, P. F de J.<\/strong>, \u00abComparison Study of Capillary Pressure Curves Obtained Using Traditional Centrifuge and Magnetic Resonance Imaging Techniques\u00bb, SPE Improved Oil Recovery Symposium, Tulsa, Oklahoma, U.S.A., 19-23 April 2008, 11 pages.<\/li>\n\n\n\n<li><strong>Cano Barrita, P. F de J.<\/strong>, Balcom, B., McAloon, M., Green, D. and Dick, J., \u00abCapillary Pressure Measurement in Petrolem Reservoir Cores with MRI\u00bb, Offshore Technology Conference, Houston, Texas, 5-8 May 2008, 11 pages.<\/li>\n\n\n\n<li>L. A. Ju\u00e1rez, <strong>P. F. de J. Cano-Barrita<\/strong>, P. Castro, C. Robles, Fen\u00f3menos del transporte en el concreto armado, IX Congreso Latinoamericano de Patolog\u00eda y XI Congreso de Control de Calidad en la Construcci\u00f3n, Ecuador, 2007, 8 p\u00e1gs.<\/li>\n\n\n\n<li>L. A. Ju\u00e1rez,<strong> P. F. de J. Cano-Barrita<\/strong>, P. Castro, Evoluci\u00f3n de los modelos de predicci\u00f3n de vida \u00fatil del concreto, IX Congreso Latinoamericano de Patolog\u00eda y XI Congreso de Control de Calidad en la Construcci\u00f3n, Ecuador, 2007, 8 p\u00e1gs.<\/li>\n\n\n\n<li>L. A. Ju\u00e1rez, <strong>P. F. de J. Cano-Barrita<\/strong>, P. Castro, A. Torres, Determinaci\u00f3n de la sortividad como par\u00e1metro de calidad del recubrimiento del concreto y su relaci\u00f3n con el coeficiente de absorci\u00f3n capilar, IX Congreso Latinoamericano de Patolog\u00eda y XI Congreso de Control de Calidad en la Construcci\u00f3n, Ecuador, 2007, 8 p\u00e1gs.<\/li>\n\n\n\n<li>Sildia Mecott G\u00f3mez, Ricardo gallegos Ortega, Gonzalo Bojorquez Morales, An\u00edbal Luna Le\u00f3n, Rafael Alavez Ram\u00edrez, <strong>P. F. de J. Cano Barrita<\/strong>, Eficiencia energ\u00e9tica de 4 sistemas constructivos, Congreso Internacional de Aislamiento T\u00e9rmico y Ac\u00fastico, Espana, 2007, pp. 451-463.<\/li>\n\n\n\n<li>V\u00edctor Guillermo Jim\u00e9nez Quero, Alonso Fern\u00e1ndez Gonz\u00e1lez, <strong>P. F. de J. Cano Barrita<\/strong>, Herwing Zeth L\u00f3pez Calvo, Investigaci\u00f3n y desarrollo de ferrocemento para la construcci\u00f3n de puentes vehiculares en Oaxaca, M\u00e9xico, 13 Convenci\u00f3n Cient\u00edfica de Ingenier\u00eda y Arquitectura, Cuba, 2006, 8 p\u00e1gs.<\/li>\n\n\n\n<li><strong>F. de J. Cano Barrita<\/strong>, B. J. Balcom, and T. W. Bremner, Water absorption of high performance concrete, Raymundo Rivera International Symposium on Durability of Concrete, Monterrey, M\u00e9xico, mayo 11-13, 2005, pp. 521-543.<\/li>\n\n\n\n<li><strong>F. de J. Cano Barrita<\/strong>, B. J. Balcom, and T. W. Bremner, The Gravimetric and magnetic resonance imaging techniques used to identify appropriate curing regimes for concrete in hot dry climates, Raymundo Rivera International Symposium on Durability of Concrete, Monterrey, M\u00e9xico, mayo 11-13, 2005, pp. 215-235.<\/li>\n\n\n\n<li><strong>F. de J. Cano Barrita<\/strong>, B. J. Balcom, and T. W. Bremner, Nondestructive determination of chlorides and sodium distribution in Portland cement mortar, International Conference on Durability of High Performance Concrete, Essen, Alemania, septiembre 21-24, 2004.<\/li>\n\n\n\n<li><strong>F. de J. Cano<\/strong>, T. W. Bremner, M. B. McMillan, B. J. Balcom, and W. S. Langley, 2002, Curing of High Performance Concrete in Hot Dry Weather Conditions Studied by Magnetic Resonance Imaging, Proceedings of the 5th ACI International Conference in Cancun, Mexico, December 10-13, pp. 129-138.<\/li>\n\n\n\n<li><strong>F. de J. Cano<\/strong>, T. W. Bremner, B. J. Balcom, Magnetic Resonance Imaging of Chlorides in Mortar,12th ACBM\/NIST Computer Modeling Workshop, Gaithersburg, Maryland, USA, 2001.<\/li>\n\n\n\n<li><strong>F. de J. Cano<\/strong>, T. W. Bremner, R. P. McGregor, and B. J. Balcom, Use of SPRITE to Study the Penetration of 1H, 23Na, and 35Cl in Portland Cement Mortar. Poster presentado en la 6th International Conference on Magnetic Resonance Microscopy, Universidad de Nottingham, UK, Septiembre 2-5, 2001.<\/li>\n\n\n\n<li>Fern\u00e1ndez, A., and <strong>Cano, J.<\/strong>, Seismic Characteristics of Low Cost Ferrocement Integral Housing, Proceedings of the International Symposium on New Development in Concrete Science and Technology, Nanjing, China, Southeast University Press, pp. 772-777, 1995.<\/li>\n<\/ul>\n\n\n\n<p><\/p>\n","protected":false},"excerpt":{"rendered":"<p>Art\u00edculos en Revistas\/Journals Rojas-Olivos, A., Le\u00f3n-Mart\u00ednez, F. M., Soto-Castro, D., Robles-Franco, E., Alvarez-Bajo, O., &amp; Cano-Barrita, P. F. de J. (2025). Functional, rheological, and physicochemical properties of Opuntia ficus indica and Opuntia undulata mucilages. Applied Food Research, 5(2), 1\u201311. https:\/\/doi.org\/10.1016\/j.afres.2025.101505 D\u00edaz-D\u00edaz, F., &amp; Cano-Barrita, P. F. de J. (2025). Design and construction of a small [&hellip;]<\/p>\n","protected":false},"author":12,"featured_media":0,"parent":0,"menu_order":0,"comment_status":"closed","ping_status":"closed","template":"","meta":{"_swt_meta_header_display":false,"_swt_meta_footer_display":false,"_swt_meta_site_title_display":false,"_swt_meta_sticky_header":false,"_swt_meta_transparent_header":false,"footnotes":""},"class_list":["post-4","page","type-page","status-publish","hentry"],"_links":{"self":[{"href":"https:\/\/web.ciidiroaxaca.ipn.mx\/pcano\/wp-json\/wp\/v2\/pages\/4","targetHints":{"allow":["GET"]}}],"collection":[{"href":"https:\/\/web.ciidiroaxaca.ipn.mx\/pcano\/wp-json\/wp\/v2\/pages"}],"about":[{"href":"https:\/\/web.ciidiroaxaca.ipn.mx\/pcano\/wp-json\/wp\/v2\/types\/page"}],"author":[{"embeddable":true,"href":"https:\/\/web.ciidiroaxaca.ipn.mx\/pcano\/wp-json\/wp\/v2\/users\/12"}],"replies":[{"embeddable":true,"href":"https:\/\/web.ciidiroaxaca.ipn.mx\/pcano\/wp-json\/wp\/v2\/comments?post=4"}],"version-history":[{"count":13,"href":"https:\/\/web.ciidiroaxaca.ipn.mx\/pcano\/wp-json\/wp\/v2\/pages\/4\/revisions"}],"predecessor-version":[{"id":124,"href":"https:\/\/web.ciidiroaxaca.ipn.mx\/pcano\/wp-json\/wp\/v2\/pages\/4\/revisions\/124"}],"wp:attachment":[{"href":"https:\/\/web.ciidiroaxaca.ipn.mx\/pcano\/wp-json\/wp\/v2\/media?parent=4"}],"curies":[{"name":"wp","href":"https:\/\/api.w.org\/{rel}","templated":true}]}}