{"id":10,"date":"2011-10-26T20:45:32","date_gmt":"2011-10-26T20:45:32","guid":{"rendered":"https:\/\/web.ciidiroaxaca.ipn.mx\/pcano\/actividades-academicas\/"},"modified":"2025-10-18T06:22:25","modified_gmt":"2025-10-18T12:22:25","slug":"actividades-academicas","status":"publish","type":"page","link":"https:\/\/web.ciidiroaxaca.ipn.mx\/pcano\/actividades-academicas\/","title":{"rendered":"Actividades acad\u00e9micas"},"content":{"rendered":"\n<h3 class=\"wp-block-heading\">Docencia<\/h3>\n\n\n\n<ul class=\"wp-block-list\">\n<li><a href=\"https:\/\/web.ciidiroaxaca.ipn.mx\/pcano\/wp-content\/uploads\/sites\/12\/2011\/10\/Durabilidad-de-estructuras-de-concreto.pdf\" target=\"_blank\" rel=\"noreferrer noopener\">Durabilidad de Estructuras de Concreto<\/a><\/li>\n\n\n\n<li><a href=\"https:\/\/web.ciidiroaxaca.ipn.mx\/pcano\/wp-content\/uploads\/sites\/12\/2011\/10\/Tecnologia-del-concreto.pdf\" target=\"_blank\" rel=\"noreferrer noopener\">Tecnolog\u00eda del concreto<\/a><\/li>\n\n\n\n<li><a href=\"https:\/\/web.ciidiroaxaca.ipn.mx\/pcano\/wp-content\/uploads\/sites\/12\/2011\/10\/tecnicas-avanzadas.pdf\" target=\"_blank\" rel=\"noreferrer noopener\">T\u00e9cnicas avanzadas para la caracterizaci\u00f3n de materiales basados en cemento<\/a><\/li>\n\n\n\n<li>Seminarios de Investigaci\u00f3n en los programas de Maestr\u00eda y Doctorado en Ciencias en Conservaci\u00f3n y Aprovechamiento de Recursos Naturales, as\u00ed como en el Doctorado en Ciencia y Tecnolog\u00eda de Ingenier\u00eda Civil, Materiales y Mec\u00e1nica Computacional.<\/li>\n<\/ul>\n\n\n\n<h3 class=\"wp-block-heading\">Estancias de investigaci\u00f3n<\/h3>\n\n\n\n<ul class=\"wp-block-list\">\n<li>Estancia sab\u00e1tica de investigaci\u00f3n (apoyada por el Conacyt) en el Centro de Imagenolog\u00eda por Resonancia Magn\u00e9tica del Departamento de F\u00edsica de la Universidad de New Brunswick, Canad\u00e1 (Agosto 2007-Julio 2008). Profesor receptor: Dr. Bruce J. Balcom.<\/li>\n\n\n\n<li>Estancia sab\u00e1tica de investigaci\u00f3n (apoyada por el Conacyt) en el <a href=\"http:\/\/www2.unb.ca\/mri\/personnel.php\" target=\"_blank\" rel=\"noreferrer noopener\">Centro de Imagenolog\u00eda por Resonancia Magn\u00e9tica<\/a> del Departamento de F\u00edsica de la Universidad de New Brunswick, Canad\u00e1 (Agosto 2015-Julio 2016). Profesor receptor: Dr. Bruce J. Balcom.<\/li>\n<\/ul>\n\n\n\n<h3 class=\"wp-block-heading\">Distinciones y premios<\/h3>\n\n\n\n<ul class=\"wp-block-list\">\n<li>Miembro del Sistema Nacional de Investigadores del Conacyt: Nivel I (2004-2022).<\/li>\n\n\n\n<li>Miembro del Sistema Nacional de Investigadores de la SECIHTI NIvel II (2023-2027).<\/li>\n\n\n\n<li>Becario Conacyt para estudios de maestr\u00eda (1993-1995) y doctorado (1998-2002).<\/li>\n\n\n\n<li>II Premio Iberoamericano Instituto Torroja- Mejor trabajo de investigaci\u00f3n In\u00e9dito, 2007, Instituto de Ciencias de la Construcci\u00f3n Eduardo Torroja, Espa\u00f1a.&nbsp;<\/li>\n\n\n\n<li>Asesor de estudiantes ganadores del Primer Lugar en el Premio del Instituto Mexicano de la Juventud 2006 y 2007 en el \u00e1rea de Ciencia y Tecnolog\u00eda.&nbsp;<\/li>\n\n\n\n<li>Beca T. W. Bremner de la Universidad de New Brunswick, Canad\u00e1, otorgada a estudiantes que realicen investigaci\u00f3n original en el \u00e1rea de concreto (1999).&nbsp;<\/li>\n<\/ul>\n\n\n\n<h3 class=\"wp-block-heading\">\u00c1rbitro de revistas indizadas en el Journal Citation Reports (JCR)<\/h3>\n\n\n\n<ul class=\"wp-block-list\">\n<li><a href=\"https:\/\/www.journals.elsevier.com\/cement-and-concrete-research\" target=\"_blank\" rel=\"noreferrer noopener\">Cement and Concrete Research<\/a><\/li>\n\n\n\n<li><a href=\"https:\/\/www.concrete.org\/publications\/acimaterialsjournal.aspx\" target=\"_blank\" rel=\"noreferrer noopener\">ACI Materials Journal<\/a><\/li>\n\n\n\n<li><a href=\"https:\/\/www.springer.com\/journal\/11527\" target=\"_blank\" rel=\"noreferrer noopener\">Materials and Structures<\/a><\/li>\n\n\n\n<li><a href=\"https:\/\/www.j-act.org\/index.html\" target=\"_blank\" rel=\"noreferrer noopener\">Journal of Advanced Concrete Technology<\/a><\/li>\n\n\n\n<li><a href=\"https:\/\/www.mdpi.com\/journal\/sensors\" target=\"_blank\" rel=\"noreferrer noopener\">Sensors<\/a><\/li>\n\n\n\n<li><a href=\"https:\/\/www.sciencedirect.com\/journal\/sensors-and-actuators-a-physical\" target=\"_blank\" rel=\"noreferrer noopener\">Sensors and Actuators: A. Physical<\/a><\/li>\n\n\n\n<li><a href=\"https:\/\/www.journals.elsevier.com\/construction-and-building-materials\" target=\"_blank\" rel=\"noreferrer noopener\">Construction and Building Materials<\/a><\/li>\n\n\n\n<li><a href=\"https:\/\/www.tandfonline.com\/journals\/tgeo20\" target=\"_blank\" rel=\"noreferrer noopener\">Geomechanics and Engineering, An International Journal<\/a><\/li>\n\n\n\n<li><a href=\"http:\/\/www.scielo.org.ve\/scielo.php?script=sci_serial&amp;pid=0254-0770&amp;lng=es\" target=\"_blank\" rel=\"noreferrer noopener\">Revista T\u00e9cnica de Ingenier\u00eda, Universidad del Zulia<\/a><\/li>\n\n\n\n<li><a href=\"https:\/\/www.mdpi.com\/journal\/sustainability\" target=\"_blank\" rel=\"noreferrer noopener\">Sustainability<\/a><\/li>\n\n\n\n<li><a href=\"https:\/\/construccioncivil.uc.cl\/revista-de-la-construccion\/\" target=\"_blank\" rel=\"noreferrer noopener\">Revista de la Construcci\u00f3n<\/a><\/li>\n\n\n\n<li><a href=\"https:\/\/www.journals.elsevier.com\/journal-of-building-engineering%20\" target=\"_blank\" rel=\"noreferrer noopener\">Journal of Building Engineering<\/a><\/li>\n\n\n\n<li><a href=\"https:\/\/www.mdpi.com\/journal\/materials\" target=\"_blank\" rel=\"noreferrer noopener\">Materials<\/a><\/li>\n\n\n\n<li><a href=\"https:\/\/materconstrucc.revistas.csic.es\/index.php\/materconstrucc\" target=\"_blank\" rel=\"noreferrer noopener\">Materiales de Construcci\u00f3n<\/a><\/li>\n\n\n\n<li><a href=\"https:\/\/www.icevirtuallibrary.com\/toc\/jadcr\/current\" target=\"_blank\" rel=\"noreferrer noopener\">Advances in Cement Research<\/a><\/li>\n\n\n\n<li><a href=\"https:\/\/www.icevirtuallibrary.com\/toc\/jenge\/current\" target=\"_blank\" rel=\"noreferrer noopener\">Environmental Geotechnics<\/a><\/li>\n\n\n\n<li><a href=\"https:\/\/www.emeraldgrouppublishing.com\/journal\/jmacr\" data-type=\"link\" data-id=\"https:\/\/www.emeraldgrouppublishing.com\/journal\/jmacr\">Magazine of Concrete Research<\/a><\/li>\n<\/ul>\n\n\n\n<h3 class=\"wp-block-heading\">\u00c1rbitro de revistas no indizadas en el Journal Citation Reports (JCR)<\/h3>\n\n\n\n<ul class=\"wp-block-list\">\n<li>Ain Shams Engineering Journal<\/li>\n\n\n\n<li>Revista Latinoamericana de Metalurgia y Materiales<\/li>\n\n\n\n<li><a href=\"https:\/\/revistaalconpat.org\/index.php\/RA\" target=\"_blank\" rel=\"noreferrer noopener\">Revista Alconpat<\/a><\/li>\n<\/ul>\n\n\n\n<h3 class=\"wp-block-heading\">Evaluador<\/h3>\n\n\n\n<ul class=\"wp-block-list\">\n<li>Evaluador de proyectos de investigaci\u00f3n Conacyt<\/li>\n\n\n\n<li>Evaluador en Convocatorias CONACYT para la Formaci\u00f3n de Recursos Humanos de Alto Nivel en Programas de Posgrado de Calidad en el Extranjero<\/li>\n\n\n\n<li>Evaluador en el Programa Nacional de Posgrados de Calidad PNPC, CONACYT<\/li>\n\n\n\n<li>Evaluador de solicitantes para Verano de la Investigaci\u00f3n Cient\u00edfica de la Academia Mexicana de Ciencias&nbsp;<\/li>\n\n\n\n<li>Evaluador de solicitantes de estancias posdoctorales nacionales apoyadas por el Conacyt<\/li>\n<\/ul>\n\n\n\n<p>&nbsp;<\/p>\n\n\n\n<p>&nbsp;<\/p>\n\n\n\n<p>&nbsp;<\/p>\n\n\n\n<p>&nbsp;<\/p>\n","protected":false},"excerpt":{"rendered":"<p>Docencia Estancias de investigaci\u00f3n Distinciones y premios \u00c1rbitro de revistas indizadas en el Journal Citation Reports (JCR) \u00c1rbitro de revistas no indizadas en el Journal Citation Reports (JCR) Evaluador &nbsp; &nbsp; &nbsp; &nbsp;<\/p>\n","protected":false},"author":12,"featured_media":0,"parent":0,"menu_order":0,"comment_status":"closed","ping_status":"closed","template":"","meta":{"_swt_meta_header_display":false,"_swt_meta_footer_display":false,"_swt_meta_site_title_display":false,"_swt_meta_sticky_header":false,"_swt_meta_transparent_header":false,"footnotes":""},"class_list":["post-10","page","type-page","status-publish","hentry"],"_links":{"self":[{"href":"https:\/\/web.ciidiroaxaca.ipn.mx\/pcano\/wp-json\/wp\/v2\/pages\/10","targetHints":{"allow":["GET"]}}],"collection":[{"href":"https:\/\/web.ciidiroaxaca.ipn.mx\/pcano\/wp-json\/wp\/v2\/pages"}],"about":[{"href":"https:\/\/web.ciidiroaxaca.ipn.mx\/pcano\/wp-json\/wp\/v2\/types\/page"}],"author":[{"embeddable":true,"href":"https:\/\/web.ciidiroaxaca.ipn.mx\/pcano\/wp-json\/wp\/v2\/users\/12"}],"replies":[{"embeddable":true,"href":"https:\/\/web.ciidiroaxaca.ipn.mx\/pcano\/wp-json\/wp\/v2\/comments?post=10"}],"version-history":[{"count":8,"href":"https:\/\/web.ciidiroaxaca.ipn.mx\/pcano\/wp-json\/wp\/v2\/pages\/10\/revisions"}],"predecessor-version":[{"id":95,"href":"https:\/\/web.ciidiroaxaca.ipn.mx\/pcano\/wp-json\/wp\/v2\/pages\/10\/revisions\/95"}],"wp:attachment":[{"href":"https:\/\/web.ciidiroaxaca.ipn.mx\/pcano\/wp-json\/wp\/v2\/media?parent=10"}],"curies":[{"name":"wp","href":"https:\/\/api.w.org\/{rel}","templated":true}]}}