{"id":12,"date":"2015-01-28T19:55:54","date_gmt":"2015-01-28T19:55:54","guid":{"rendered":"https:\/\/web.ciidiroaxaca.ipn.mx\/mros\/actividades-academicas\/"},"modified":"2025-09-19T17:26:28","modified_gmt":"2025-09-19T17:26:28","slug":"actividades-academicas","status":"publish","type":"page","link":"https:\/\/web.ciidiroaxaca.ipn.mx\/mros\/actividades-academicas\/","title":{"rendered":"Actividades acad\u00e9micas"},"content":{"rendered":"\n<h3 class=\"wp-block-heading\"><strong>2024<\/strong><\/h3>\n\n\n\n<p>Patrones de diversidad en paisajes naturales y modificados por el hombre. Coordinador. CIIDIR Oaxaca, Instituto Polit\u00e9cnico Nacional.<\/p>\n\n\n\n<h3 class=\"wp-block-heading\"><strong>2023<\/strong><\/h3>\n\n\n\n<p>Seminario de Investigaci\u00f3n VII.&nbsp;CIIDIR Oaxaca, Instituto Polit\u00e9cnico Nacional.&nbsp;<\/p>\n\n\n\n<h3 class=\"wp-block-heading\"><strong>2021<\/strong><\/h3>\n\n\n\n<p>Patrones de diversidad en paisajes naturales y modificados por el hombre. Coordinador. CIIDIR Oaxaca, Instituto Polit\u00e9cnico Nacional.<\/p>\n\n\n\n<p>Seminario de Investigacion II Maestria.&nbsp;Coordinador. CIIDIR Oaxaca, Instituto Polit\u00e9cnico Nacional.<\/p>\n\n\n\n<h3 class=\"wp-block-heading\"><strong>2020<\/strong><\/h3>\n\n\n\n<p>Temas selectos de Ecologia.&nbsp;Coordinador. CIIDIR Oaxaca, Instituto Polit\u00e9cnico Nacional.<\/p>\n\n\n\n<h3 class=\"wp-block-heading\"><strong>2019<\/strong><\/h3>\n\n\n\n<p>Patrones de diversidad en paisajes naturales y modificados por el hombre. Coordinador. CIIDIR Oaxaca, Instituto Polit\u00e9cnico Nacional.<\/p>\n\n\n\n<h3 class=\"wp-block-heading\"><strong>2018<\/strong><\/h3>\n\n\n\n<p>Patrones de diversidad en paisajes naturales y modificados por el hombre.&nbsp;Coordinador. CIIDIR Oaxaca, Instituto Polit\u00e9cnico Nacional.<\/p>\n\n\n\n<p>An\u00e1lisis de patrones de diversidad biol\u00f3gica en el espacio (y el tiempo). Coordinador. CUCSUR, Universidad de Guadalajara, Autlan.<\/p>\n\n\n\n<p>Seminario de Investigaci\u00f3n VI, Doctorado.&nbsp;Coordinador. CIIDIR Oaxaca, Instituto Polit\u00e9cnico Nacional.<\/p>\n\n\n\n<h3 class=\"wp-block-heading\"><strong>2017<\/strong><\/h3>\n\n\n\n<p>Macroinvertebrados como indicadores de calidad de agua.&nbsp;Coordinador. CIIDIR Oaxaca, Instituto Polit\u00e9cnico Nacional.<\/p>\n\n\n\n<p>Patrones de Diversidad en paisajes naturales y modificados por el hombre.&nbsp;Coordinador. CIIDIR Oaxaca, Instituto Polit\u00e9cnico Nacional.<\/p>\n\n\n\n<h3 class=\"wp-block-heading\"><strong>2016<\/strong><\/h3>\n\n\n\n<p>Patrones de diversidad en paisajes naturales y modificados. Universidad de Caldas, Manizales, Colombia, coordinador.<\/p>\n\n\n\n<p>Patrones de diversidad en paisajes naturales y modificados por el hombre.&nbsp;Coordinador. CIIDIR Oaxaca, Instituto Polit\u00e9cnico Nacional.<\/p>\n\n\n\n<h3 class=\"wp-block-heading\"><strong>2015<\/strong><\/h3>\n\n\n\n<p>Ecologia de paisaje, ECOSUR San Cristobal de las Casas, Chiapas, asistente.<\/p>\n\n\n\n<p>Seminario de Investigacion VIII Doctorado.&nbsp;Coordinador. CIIDIR Oaxaca, Instituto Polit\u00e9cnico Nacional.<\/p>\n\n\n\n<p>Seminario de Investigacion IV Maestria.&nbsp;Coordinador. CIIDIR Oaxaca, Instituto Polit\u00e9cnico Nacional.<\/p>\n","protected":false},"excerpt":{"rendered":"<p>2024 Patrones de diversidad en paisajes naturales y modificados por el hombre. Coordinador. CIIDIR Oaxaca, Instituto Polit\u00e9cnico Nacional. 2023 Seminario de Investigaci\u00f3n VII.&nbsp;CIIDIR Oaxaca, Instituto Polit\u00e9cnico Nacional.&nbsp; 2021 Patrones de diversidad en paisajes naturales y modificados por el hombre. Coordinador. CIIDIR Oaxaca, Instituto Polit\u00e9cnico Nacional. Seminario de Investigacion II Maestria.&nbsp;Coordinador. CIIDIR Oaxaca, Instituto Polit\u00e9cnico Nacional. [&hellip;]<\/p>\n","protected":false},"author":18,"featured_media":0,"parent":0,"menu_order":0,"comment_status":"closed","ping_status":"closed","template":"","meta":{"_swt_meta_header_display":false,"_swt_meta_footer_display":false,"_swt_meta_site_title_display":false,"_swt_meta_sticky_header":false,"_swt_meta_transparent_header":false,"footnotes":""},"class_list":["post-12","page","type-page","status-publish","hentry"],"_links":{"self":[{"href":"https:\/\/web.ciidiroaxaca.ipn.mx\/mros\/wp-json\/wp\/v2\/pages\/12","targetHints":{"allow":["GET"]}}],"collection":[{"href":"https:\/\/web.ciidiroaxaca.ipn.mx\/mros\/wp-json\/wp\/v2\/pages"}],"about":[{"href":"https:\/\/web.ciidiroaxaca.ipn.mx\/mros\/wp-json\/wp\/v2\/types\/page"}],"author":[{"embeddable":true,"href":"https:\/\/web.ciidiroaxaca.ipn.mx\/mros\/wp-json\/wp\/v2\/users\/18"}],"replies":[{"embeddable":true,"href":"https:\/\/web.ciidiroaxaca.ipn.mx\/mros\/wp-json\/wp\/v2\/comments?post=12"}],"version-history":[{"count":2,"href":"https:\/\/web.ciidiroaxaca.ipn.mx\/mros\/wp-json\/wp\/v2\/pages\/12\/revisions"}],"predecessor-version":[{"id":36,"href":"https:\/\/web.ciidiroaxaca.ipn.mx\/mros\/wp-json\/wp\/v2\/pages\/12\/revisions\/36"}],"wp:attachment":[{"href":"https:\/\/web.ciidiroaxaca.ipn.mx\/mros\/wp-json\/wp\/v2\/media?parent=12"}],"curies":[{"name":"wp","href":"https:\/\/api.w.org\/{rel}","templated":true}]}}