{"id":6,"date":"2016-10-19T16:07:57","date_gmt":"2016-10-19T16:07:57","guid":{"rendered":"https:\/\/web.ciidiroaxaca.ipn.mx\/mrasilla\/publicaciones\/"},"modified":"2025-10-13T22:01:54","modified_gmt":"2025-10-13T22:01:54","slug":"publicaciones","status":"publish","type":"page","link":"https:\/\/web.ciidiroaxaca.ipn.mx\/mrasilla\/publicaciones\/","title":{"rendered":"Publicaciones"},"content":{"rendered":"\n<p>Rasilla Cano M., Cavazos Salazar R. L., Salinas Callejas M.L., Gonz\u00e1lez V\u00e1zquez C. (2024). <strong>Cap\u00edtulo 3: Dimensi\u00f3n tecnol\u00f3gica<\/strong>. En J.L. Ponce-L\u00f3pez, C.M. Vicario-Sol\u00f3rzano y F. L\u00f3pez-Valencia (Coords.), <em>Estado actual de las tecnolog\u00edas educativas en las instituciones de educaci\u00f3n superior en M\u00e9xico. Estudio 2024<\/em>. M\u00e9xico: Asociaci\u00f3n Nacional de Universidades e Instituciones de Educaci\u00f3n Superior, pp 104-129 (ISBN:978-607-451-245-8)<\/p>\n\n\n\n<p>Caballero Montes Jos\u00e9 Luis, Alav\u00e9z Ram\u00edrez Rafael, Rasilla Cano Margarita.(2024<strong>). Cap\u00edtulo 19 <em>intervenci\u00f3n solidaria de estudiantes de posgrado en zonas afectadas por eventos naturales mediante el dise\u00f1o de viviendas sostenibles<\/em><\/strong> En Manuel Berm\u00fadez V\u00e1zquez, Alfonso Chaves-Montero, Julio Otero Santamar\u00eda (Coord.) Las Fronteras Del Conocimiento: Perspectivas Y Aplicaciones En La Era Digital. Madrid: Dykinson S.L., pp 359-38, ISBN: 978-84-1170-934-7<\/p>\n\n\n\n<p>Guti\u00e9rrez Ruiz Luc\u00eda, Rasilla Cano Margarita, Caballero Montes Jos\u00e9 Luis, Alavez Ram\u00edrez Rafael (2024) <strong>Cap\u00edtulo 4<em>. Metodolog\u00eda de innovaci\u00f3n social para mejorar la habitabilidad de la infraestructura donde se elaboran artesan\u00edas en comunidad de Oaxaca, M\u00e9xico<\/em><\/strong> En: Olivero Guidobono Sandra (Coord) Pasado y presente: el individuo frente a los desaf\u00edos de la sociedad. Madrid: Egregius editorial, pp 71-88 ISBN: 978-84-1177-056-9<\/p>\n\n\n\n<p>Ju\u00e1rez-Ruiz Lidia Argelia, Caballero-Montes Jos\u00e9 Luis, Rasilla-Cano Margarita (2024) <strong>Cap\u00edtulo 2: <em>Espacio de aprendizaje para promover el desarrollo comunitario sostenible en Oaxaca, M\u00e9xico. <\/em><\/strong>En Sede\u00f1o D\u00edaz Jacinto El\u00edas, Escobedo Ur\u00edas Diana Cacilia, L\u00f3pez L\u00f3pez Eugenia, Tavera Cort\u00e9s Mar\u00eda Elena, (coordinadores) La sociedad y el aprovechamiento sustentable de los recursos naturales. Medio ambiente y Objetivos del Desarrollo Sostenible. M\u00e9xico: Ediciones Comunicaci\u00f3n Cient\u00edfica, S. A. de C. V., pp 31-46, ISBN 978-607-9104-35-1<\/p>\n\n\n\n<p>Rodr\u00edguez-Ruvalcaba M\u00f3nica Soledad, Caballero-Montes Jos\u00e9 Luis, Rasilla Cano Margarita (2024) <strong>Cap\u00edtulo 6:<em> La importancia del espacio f\u00edsico en el aprendizaje: intervenci\u00f3n educativa en una escuela telesecundaria en Ocotl\u00e1n de Morelos, Oaxaca<\/em><\/strong><em>, M\u00e9xico<\/em> En Sede\u00f1o D\u00edaz Jacinto El\u00edas, Escobedo Ur\u00edas Diana Cacilia, L\u00f3pez L\u00f3pez Eugenia, Tavera Cort\u00e9s Mar\u00eda Elena, (coordinadores) La sociedad y el aprovechamiento sustentable de los recursos naturales. Medio ambiente y Objetivos del Desarrollo Sostenible. M\u00e9xico: Ediciones Comunicaci\u00f3n Cient\u00edfica, S. A. de C. V., pp 105-125, ISBN 978-607-9104-35-1<\/p>\n\n\n\n<p>Cavazos-Salazar R. L., Ram\u00edrez Apud L\u00f3pez Z., Rasilla Cano M., (2023). <strong><em>Cap\u00edtulo 7: Exploraci\u00f3n de herramientas de inteligencia artificial a trav\u00e9s de un taller para estudiante<\/em>.<\/strong> En J.L. Ponce L\u00f3pez y L.M. Casta\u00f1eda de Le\u00f3n (Coords.) Inteligencia artificial en la educaci\u00f3n superior, perspectivas e implicaciones pr\u00e1cticas en las instituciones mexicanas. M\u00e9xico: Asociaci\u00f3n Nacional de Universidades e Instituciones de Educaci\u00f3n Superior. Pp117-128. ISBN: 978-607-451-204-5. <a href=\"https:\/\/publicaciones-tic.anuies.mx\/\">https:\/\/publicaciones-tic.anuies.mx\/<\/a><\/p>\n\n\n\n<p>Hern\u00e1ndez Flores M. F., Rasilla Cano M., Cavazos Salazar R. L., Gonz\u00e1lez V\u00e1zquez C. (2023). <strong><em>Cap\u00edtulo 3: Dimensi\u00f3n tecnol\u00f3gica<\/em><\/strong>. En J.L. Ponce-L\u00f3pez, C.M. Vicario-Sol\u00f3rzano y F. L\u00f3pez-Valencia (Coords.), Estado actual de las tecnolog\u00edas educativas en las instituciones de educaci\u00f3n superior en M\u00e9xico. Estudio 2023. M\u00e9xico: Asociaci\u00f3n Nacional de Universidades e Instituciones de Educaci\u00f3n Superior. Pp 96-145 &nbsp;(ISBN: 978-607-451-198-7 )<\/p>\n\n\n\n<p>Rasilla Cano M., Cuauht\u00e9moc Gonz\u00e1lez V\u00e1zquez, Madero Villanueva M.I., Cavazos Salazar R. L., Ram\u00edrez Apud L\u00f3pez Z, Galv\u00e1n Dom\u00ednguez M.Y., Salinas Callejas M.L. Hern\u00e1ndez Flores M.F. (2022). <strong><em>Cap\u00edtulo 3: Dimensi\u00f3n tecnol\u00f3gica<\/em><\/strong>. En Ponce L\u00f3pez, J.L., Vicario Sol\u00f3rzano, C.M. y L\u00f3pez Valencia F. (Coords.). Estado actual de las tecnolog\u00edas educativas en las IES en M\u00e9xico. Estudio 2022. M\u00e9xico: Asociaci\u00f3n Nacional de Universidades e Instituciones de Educaci\u00f3n Superior, pp 107-140&nbsp;&nbsp; (ISBN: <strong>978-607-451-185-7)<\/strong><\/p>\n\n\n\n<figure class=\"wp-block-embed is-type-wp-embed is-provider-publicaciones-del-comit-anuies-tic wp-block-embed-publicaciones-del-comit-anuies-tic\"><div class=\"wp-block-embed__wrapper\">\n<blockquote class=\"wp-embedded-content\" data-secret=\"L9TMx0GJXd\"><a href=\"https:\/\/publicaciones-tic.anuies.mx\/estado-actual-de-las-tecnologias-educativas-en-las-instituciones-de-educacion-superior-en-mexico\/\">Estado Actual de las Tecnolog\u00edas Educativas en las Instituciones de Educaci\u00f3n Superior en M\u00e9xico<\/a><\/blockquote><iframe loading=\"lazy\" class=\"wp-embedded-content\" sandbox=\"allow-scripts\" security=\"restricted\" style=\"position: absolute; visibility: hidden;\" title=\"&#8220;Estado Actual de las Tecnolog\u00edas Educativas en las Instituciones de Educaci\u00f3n Superior en M\u00e9xico&#8221; &#8212; Publicaciones del Comit\u00e9 ANUIES-TIC\" src=\"https:\/\/publicaciones-tic.anuies.mx\/estado-actual-de-las-tecnologias-educativas-en-las-instituciones-de-educacion-superior-en-mexico\/embed\/#?secret=PlNUyno10W#?secret=L9TMx0GJXd\" data-secret=\"L9TMx0GJXd\" width=\"500\" height=\"282\" frameborder=\"0\" marginwidth=\"0\" marginheight=\"0\" scrolling=\"no\"><\/iframe>\n<\/div><\/figure>\n\n\n\n<p><a href=\"https:\/\/publicaciones-tic.anuies.mx\/ftp\/Estado_Actual_Tecnolog%C3%ADas2022_vf.pdf\">https:\/\/publicaciones-tic.anuies.mx\/ftp\/Estado_Actual_Tecnolog%C3%ADas2022_vf.pdf<\/a><\/p>\n\n\n\n<p>Juan de Dios Vera Castillo, Margarita Rasilla Cano, Jos\u00e9 Luis Caballero Montes (2020) Estrategia Educativa para el uso y Aprovechamiento del Carrizo en Viviendas afectadas por Sismos en el Istmo de Tehuantepec, Oaxaca. Lat. Am. J. Sci. Educ. Vol 7 num 1, 12001-1 &#8211; 12001-10. ISSN 2007-9842: http:\/\/www.lajse.org\/may20\/2020_12001.pdf<\/p>\n\n\n\n<p>Rasilla Cano Margarita, Ju\u00e1rez Ruiz Lidia Argelia, Garc\u00eda L\u00f3pez Brenda Lizbeth (2019) Desarrollo de competencias docentes en gestores de proyectos para el desarrollo solidario. Lat. Am. J. Sci. Educ. Vol 6 num 1, 12055-1 &#8211; 12055-5. ISSN 2007-9842: <a href=\"http:\/\/www.lajse.org\/may19\/2019_12055.pdf\" target=\"_blank\" rel=\"noreferrer noopener\">http:\/\/www.lajse.org\/may19\/2019_12055.pdf<\/a><\/p>\n\n\n\n<p>Ojeda Salinas Citlalli, Ju\u00e1rez Ruiz Lidia Argelia Rasilla Cano Margarita, (2019) Educaci\u00f3n para la transferencia de tecnolog\u00eda. Lat. Am. J. Sci. Educ. Vol 6 num 1, 12054-1 &#8211; 12054-9. ISSN 2007-9842: <a href=\"http:\/\/www.lajse.org\/may19\/2019_12054.pdf\" target=\"_blank\" rel=\"noreferrer noopener\">http:\/\/www.lajse.org\/may19\/2019_12054.pdf<\/a><\/p>\n\n\n\n<p>Garc\u00eda L\u00f3pez Brenda Lizbeth, Rasilla Cano Margarita, Ju\u00e1rez Ruiz Lidia Argelia (2019) El patio escolar como herramienta Ludo-did\u00e1ctica. Lat. Am. J. Sci. Educ. Vol 6 num 1, 12052-1-22065-6. ISSN 2007-9842: <a href=\"http:\/\/www.lajse.org\/may19\/2019_12052.pdf\" target=\"_blank\" rel=\"noreferrer noopener\">http:\/\/www.lajse.org\/may19\/2019_12052.pdf<\/a><\/p>\n\n\n\n<p>Ju\u00e1rez Ruiz Lidia Argelia Rasilla Cano Margarita, Jos\u00e9 Luis Caballero-Montes, Garc\u00eda L\u00f3pez Brenda Lizbeth, (2019) Educaci\u00f3n para la sostenibilidad de proyectos de desarrollo solidario en comunidades marginadas de Oaxaca, M\u00e9xico. Lat. Am. J. Sci. Educ. Vol 6 num 1, 12053-1 &#8211; 12053-8. ISSN 2007-9842: <a href=\"http:\/\/www.lajse.org\/may19\/2019_12053.pdf\" target=\"_blank\" rel=\"noreferrer noopener\">http:\/\/www.lajse.org\/may19\/2019_12053.pdf<\/a><\/p>\n\n\n\n<p>Jim\u00e9nez L\u00f3pez Jes\u00fas Ren\u00e9, Ju\u00e1rez Ruiz Lidia Argelia, Margarita Rasilla-Cano y Jos\u00e9 Luis Caballero-Montes (2019): Espacios de participaci\u00f3n comunitaria para la construcci\u00f3n de sistemas sanitarios apropiados como herramientas educativa, Revista: Brazilian Journal of Development, ISBN 2525-8761 DOI: 10.34117\/bjdv5n6-097. Volumen 5, numero 6 p. 5733-5743, jun 2019. <a href=\"http:\/\/www.brazilianjournals.com\/index.php\/BRJD\/article\/view\/1794\" target=\"_blank\" rel=\"noreferrer noopener\">http:\/\/www.brazilianjournals.com\/index.php\/BRJD\/article\/view\/1794<\/a><\/p>\n\n\n\n<p>Ojeda Salinas Citlalli, Lidia Argelia Ju\u00e1rez-Ruiz y Margarita Rasilla-Cano (2019): Educaci\u00f3n para la apropiaci\u00f3n social de ecot\u00e9cnias, Revista: Brazilian Journal of Development, ISBN 2525-8761 DOI: 10.34117\/bjdv5n6-098. Volumen 5, numero 6 p. 5733-5743, jun 2019.<\/p>\n\n\n\n<p>Lidia Argelia Ju\u00e1rez-Ruiz, Jos\u00e9 Luis Caballero-Montes y Margarita Rasilla-Cano (2018): \u201cDise\u00f1o y tecnolog\u00edas sustentables para la edificaci\u00f3n: dise\u00f1o curricular con enfoque social solidario\u201d, Revista: OIDLES Observatorio Iberoamericano del Desarrollo Local y la Econom\u00eda Social, n. 25 (diciembre 2018). En l\u00ednea:<br>https:\/\/www.eumed.net\/rev\/oidles\/25\/edificacion-sustentable.html&nbsp;<br><a href=\"http:\/\/hdl.handle.net\/20.500.11763\/oidles25edificacion-sustentable\" target=\"_blank\" rel=\"noreferrer noopener\">http:\/\/hdl.handle.net\/20.500.11763\/oidles25edificacion-sustentable<\/a><\/p>\n\n\n\n<p>Rasilla Cano Margarita, Jos\u00e9 Luis Caballero-Montes y Ju\u00e1rez Ruiz Lidia Argelia (2018) Formaci\u00f3n docente con visi\u00f3n multidisciplinaria. Lat. Am. J. Sci. Educ. Vol 5 num 2, 22013-1 &#8211; 22013-10. ISSN 2007-9842: <a href=\"http:\/\/www.lajse.org\/nov18\/2018_22013.pdf\" target=\"_blank\" rel=\"noreferrer noopener\">http:\/\/www.lajse.org\/nov18\/2018_22013.pdf<\/a><\/p>\n\n\n\n<p>Rasilla Cano Margarita, Jos\u00e9 Luis Caballero-Montes, Ju\u00e1rez Ruiz Lidia Argelia, (2018) Formaci\u00f3n docente con visi\u00f3n multidisciplinaria. Lat. Am. J. Sci. Educ. Vol 5 num 2, 22013-1 &#8211; 22013-10. ISSN 2007-9842: <a href=\"http:\/\/www.lajse.org\/nov18\/2018_22013.pdf\" target=\"_blank\" rel=\"noreferrer noopener\">http:\/\/www.lajse.org\/nov18\/2018_22013.pdf<\/a><\/p>\n\n\n\n<p>Escobar Duran German, Rasilla Cano Margarita (2017) Leyes ponderales de la materia. Estrategia did\u00e1ctica centrada en alteraciones clim\u00e1ticas ocasionadas por la actividad humana. Lat. Am. J. Sci. Educ. Vol 4 num 2, 22094-1 &#8211; 22094-8. ISSN 2007-9842: <a href=\"http:\/\/www.lajse.org\/nov17\/22094_Escobar_2017.pdf\" target=\"_blank\" rel=\"noreferrer noopener\">http:\/\/www.lajse.org\/nov17\/22094_Escobar_2017.pdf<\/a><\/p>\n\n\n\n<p>Mart\u00ednez Santiago Miguel \u00c1ngel, Ju\u00e1rez Ruiz Lidia Argelia, Rasilla Cano Margarita (2017) Juega, recicla y construye con ecoladrillos: Una experiencia en educaci\u00f3n preescolar. Lat. Am. J. Sci. Educ. Vol 4 num 2, 22093-1 &#8211; 22093-8. ISSN 2007-9842: http:\/\/www.lajse.org\/nov17\/22093_Miguel_2017.pdf<\/p>\n\n\n\n<p>Roberto L\u00f3pez Fernando, Lidia Argelia Ju\u00e1rez Ru\u00edz (ORCID: 0000-0001-6180-3251) , Margarita Rasilla Cano, Carlos Espinoza N\u00e1jera (2017) Contaminaci\u00f3n por jales en terrenos de cultivo y pastoreo, agua, aire y las posibles afectaciones a la salud. Lat. Am. J. Sci. Educ. Vol 4 num 2, 22083-1 &#8211; 22083-16. ISSN 2007-9842: http:\/\/www.lajse.org\/nov17\/22083_Lopez_2017.pdf<\/p>\n\n\n\n<p>Jim\u00e9nez L\u00f3pez Jes\u00fas Ren\u00e9, Ju\u00e1rez Ruiz Lidia Argelia (0000-0001-6180-3251) &nbsp;, Rasilla Cano Margarita (2017) Los Vigilantes del Agua. Lat. Am. J. Sci. Educ. Vol 4 num 2, 22071-1 &#8211; 22071-10. ISSN 2007-9842: http:\/\/www.lajse.org\/nov17\/22071_Lopez_2017.pdf<\/p>\n\n\n\n<p>Santiago Sanjuan Agustina, Rasilla Cano Margarita (2017) Evaluaci\u00f3n del aprendizaje en grupos numerosos: Tianguis responsabilidad sexual. Lat. Am. J. Sci. Educ. Vol 4 num 2, 22070-1 &#8211; 22070-6. ISSN 2007-9842: http:\/\/www.lajse.org\/nov17\/22070_Santiago_2017.pdf<\/p>\n\n\n\n<p>Garc\u00eda L\u00f3pez Brenda Lizbetha , Rasilla Cano Margaritab , Ju\u00e1rez Ruiz Lidia Argelia (2017) Dise\u00f1o participativo de espacio Ludo-did\u00e1ctico de nivel b\u00e1sico en escuela rural. Lat. Am. J. Sci. Educ. Vol 4 num 2, 22065-1 &#8211; 22065-11. ISSN 2007-9842: <a href=\"http:\/\/www.lajse.org\/nov17\/22065_Garcia_2017.pdf\" target=\"_blank\" rel=\"noreferrer noopener\">http:\/\/www.lajse.org\/nov17\/22065_Garcia_2017.pdf<\/a><\/p>\n\n\n\n<p>Rasilla Cano Margarita (2016) Elementos para una docencia multidisciplinaria. Lat. Am. J. Sci. Educ. 3, 12023. ISSN 2007-9842 Recuperado en. Lat. Am. J. Sci. Educ. 2, 22049. Recuperado en: http:\/\/www.lajse.org\/may16\/12023_Rasilla_2016.pdf<\/p>\n\n\n\n<p>RASILLA CANO .M. JUAREZ RUIZ L.A. (2016) Multidisciplinary approach for curriculum design of professional master\u2019s program with focusing on solidary economy in Oaxaca, Mex. 11(14)&nbsp; pp 1317-1323. Academic journals. Educational Research and reviews. ISSN 1990-3839. Recuperado en: <a href=\"http:\/\/www.academicjournals.org\/journal\/ERR\/article-full-text-pdf\/379907A59525\" target=\"_blank\" rel=\"noreferrer noopener\">http:\/\/www.academicjournals.org\/journal\/ERR\/article-full-text-pdf\/379907A59525<\/a><\/p>\n\n\n\n<p>Rasilla Cano, Per\u00e9z P\u00e9rez, M.b , Santiago Sanju\u00e1n, A.b , Jim\u00e9nez L\u00f3pez, X. (2015) Diagn\u00f3stico para la formaci\u00f3n docente en did\u00e1ctica de la Qu\u00edmica. Lat. Am. J. Sci. Educ. 2, 22049 ISSN 2007-9842 Recuperado en. <a href=\"http:\/\/www.lajse.org\/nov15\/22049_Rasilla_2015.pdf\" target=\"_blank\" rel=\"noreferrer noopener\">http:\/\/www.lajse.org\/nov15\/22049_Rasilla_2015.pdf<\/a><\/p>\n\n\n\n<p>GONZALES A. L.M.G., RASILLA C.M. (2011) Una estrategia para el aprendizaje de la cultura cient\u00edfica. Formaci\u00f3n Universitaria 4 (2) 15-26 Recuperado en: <a href=\"http:\/\/www.scielo.cl\/scielo.php?script=sci_issuetoc&amp;pid=0718-500620110002&amp;lng=es&amp;nrm=iso\" target=\"_blank\" rel=\"noreferrer noopener\">http:\/\/www.scielo.cl\/scielo.php?script=sci_issuetoc&amp;pid=0718-500620110002&amp;lng=es&amp;nrm=iso<\/a><\/p>\n\n\n\n<p>SUAREZ, T. L., MORENO, B. E.A. RASILLA C.M y otros. Seminario Permanente de Innovaci\u00f3n Educativa: una estrategia para la transformaci\u00f3n de una instituci\u00f3n. Memorias del ve2008, Zaragoza Espa\u00f1a, (en l\u00ednea) REPOSITAL. Material educativo. CUAED. UNAM. Fecha de publicaci\u00f3n: 8 octubre 2010 en&nbsp; <a href=\"http:\/\/hdl.handle.net\/123456789\/1094\" target=\"_blank\" rel=\"noreferrer noopener\">http:\/\/hdl.handle.net\/123456789\/1094<\/a><\/p>\n","protected":false},"excerpt":{"rendered":"<p>Rasilla Cano M., Cavazos Salazar R. L., Salinas Callejas M.L., Gonz\u00e1lez V\u00e1zquez C. (2024). Cap\u00edtulo 3: Dimensi\u00f3n tecnol\u00f3gica. En J.L. Ponce-L\u00f3pez, C.M. Vicario-Sol\u00f3rzano y F. L\u00f3pez-Valencia (Coords.), Estado actual de las tecnolog\u00edas educativas en las instituciones de educaci\u00f3n superior en M\u00e9xico. Estudio 2024. M\u00e9xico: Asociaci\u00f3n Nacional de Universidades e Instituciones de Educaci\u00f3n Superior, pp 104-129 [&hellip;]<\/p>\n","protected":false},"author":64,"featured_media":0,"parent":0,"menu_order":0,"comment_status":"closed","ping_status":"closed","template":"","meta":{"_swt_meta_header_display":false,"_swt_meta_footer_display":false,"_swt_meta_site_title_display":false,"_swt_meta_sticky_header":false,"_swt_meta_transparent_header":false,"footnotes":""},"class_list":["post-6","page","type-page","status-publish","hentry"],"_links":{"self":[{"href":"https:\/\/web.ciidiroaxaca.ipn.mx\/mrasilla\/wp-json\/wp\/v2\/pages\/6","targetHints":{"allow":["GET"]}}],"collection":[{"href":"https:\/\/web.ciidiroaxaca.ipn.mx\/mrasilla\/wp-json\/wp\/v2\/pages"}],"about":[{"href":"https:\/\/web.ciidiroaxaca.ipn.mx\/mrasilla\/wp-json\/wp\/v2\/types\/page"}],"author":[{"embeddable":true,"href":"https:\/\/web.ciidiroaxaca.ipn.mx\/mrasilla\/wp-json\/wp\/v2\/users\/64"}],"replies":[{"embeddable":true,"href":"https:\/\/web.ciidiroaxaca.ipn.mx\/mrasilla\/wp-json\/wp\/v2\/comments?post=6"}],"version-history":[{"count":3,"href":"https:\/\/web.ciidiroaxaca.ipn.mx\/mrasilla\/wp-json\/wp\/v2\/pages\/6\/revisions"}],"predecessor-version":[{"id":60,"href":"https:\/\/web.ciidiroaxaca.ipn.mx\/mrasilla\/wp-json\/wp\/v2\/pages\/6\/revisions\/60"}],"wp:attachment":[{"href":"https:\/\/web.ciidiroaxaca.ipn.mx\/mrasilla\/wp-json\/wp\/v2\/media?parent=6"}],"curies":[{"name":"wp","href":"https:\/\/api.w.org\/{rel}","templated":true}]}}