{"id":9,"date":"2015-10-01T15:03:35","date_gmt":"2015-10-01T15:03:35","guid":{"rendered":"https:\/\/web.ciidiroaxaca.ipn.mx\/mperezf\/proyectos-de-investigacion\/"},"modified":"2025-10-21T18:44:38","modified_gmt":"2025-10-22T00:44:38","slug":"proyectos-de-investigacion","status":"publish","type":"page","link":"https:\/\/web.ciidiroaxaca.ipn.mx\/mperezf\/proyectos-de-investigacion\/","title":{"rendered":"Proyectos de investigaci\u00f3n"},"content":{"rendered":"\n<ul class=\"wp-block-list\">\n<li>Estrategias participativas para propiciar una alimentaci\u00f3n sostenible con los adolescentes de escuelas secundarias de Oaxaca. Clave SIP 20240797\u00a020250556<\/li>\n\n\n\n<li>El consumo responsable de los alimentos: evaluaci\u00f3n de una propuesta participativa y solidaria en una poblaci\u00f3n de adolescentes de los Valles Centrales de Oaxaca. Clave SIP 20220939\u00a0y 20231296<\/li>\n\n\n\n<li>Directora del proyecto de investigaci\u00f3n: Acciones participativas para la seguridad alimentaria en una poblaci\u00f3n de estudiantes adolescentes con malnutrici\u00f3n de Santa Cruz Xoxocotl\u00e1n, Oaxaca. calve SIP 20200213\u00a0y 20210982 IPN<\/li>\n\n\n\n<li>Directora del proyecto de investigaci\u00f3n: Conocimientos, actitudes y percepciones de los adolescentes de Oaxaca, sobre las estrategias para combatir el sobrepeso y la obesidad. Clave SIP&nbsp; 20190105 IPN&nbsp;<\/li>\n\n\n\n<li>Participacipaci\u00f3n en el proyecto de investigaci\u00f3n: Importancia social, econ\u00f3mica y de compuestos funcionales en frutos de <em>Stenocereus stellatus (pfeiffer) Riccoboco<\/em> cultivados en Valles Centrales de Oaxaca. Clave SIP 20195049 IPN.<\/li>\n\n\n\n<li>Participante en el proyecto de investigaci\u00f3n&nbsp;multidisciplinaniro,&nbsp;modulo:&nbsp;Caracter\u00edzaci\u00f3n y evaluaci\u00f3n de grupos qu\u00edmicos funcionales con propiedades fungicidas extra\u00eddos de genotipos de zarzamora (<em>Rubus<\/em> spp) silvestres recolectados en la Sierra Norte del estado de Oaxaca. con clave sip 20181178 IPN.&nbsp;<\/li>\n\n\n\n<li>Participante del proyecto multidisciplinario: modulo estudio de la calidad y cambios bioqu\u00edmicos y fisiol\u00f3gicos poscosecha de \u00e1randano <em>Vaccinium corynbosum L<\/em>., en dos regiones del estado de Oaxaca. Clave 20150204 IPN. y clave 20160521.<\/li>\n\n\n\n<li>Directora del proyecto: Diversidad de la dieta, nutrici\u00f3n y g\u00e9nero en una poblaci\u00f3n adulta de los Valles Centrales de Oaxaca.&nbsp; Clave 20150782 IPN.<\/li>\n\n\n\n<li>Participante del proyecto: Evaluaci\u00f3n de las acciones de intervenci\u00f3n en una unidad ambiental con actividad agr\u00edcola intensiva por medio de \u00edndices hidroqu\u00edmicos y ambientales, con enfoque Hidrosocial. Clave 20152059 IPN.<\/li>\n\n\n\n<li>Participante del proyecto: Desarrollo de tecnolog\u00eda fe+reciclado para vivienda econ\u00f3mica y su evaluaci\u00f3n s\u00edsmica en la zona metropolitana de Oaxaca. En el diagn\u00f3stico participativo de viviendas precarias. Registro SIP No. 20090358 y 20100365 IPN. Periodo: de enero 2009 diciembre 2010.<\/li>\n\n\n\n<li>Participante del proyecto: Prevalencia de niveles elevados de plomo sangu\u00edneo de los ni\u00f1os menores de 3 a\u00f1os y factores asociados Registro SIP No. 20071061 y 20080693 IPN. Periodo: de enero 2006 enero 2008.<\/li>\n\n\n\n<li>Participante del proyecto: Cuantificaci\u00f3n de los Niveles de Contaminaci\u00f3n Ambiental por Plomo, Mercurio y Cadmio y su Impacto en la Salud de Grupos de Riesgo.&nbsp; Registro SIP No. 20061061 IPN. Periodo: de enero 2006 diciembre 2006.<\/li>\n\n\n\n<li>Participante del proyecto: Evaluaci\u00f3n de un Sistema de Intervenci\u00f3n Para el Desarrollo Comunitario, con clave DEPI 970531 IPN. Periodo: de marzo 1997 a junio 1998.<\/li>\n\n\n\n<li>Participante del proyecto \u201cEvaluaci\u00f3n de un Paquete de Seguridad Alimentar\u00eda y Saneamiento B\u00e1sico con clave DEPI 966894 IPN. Periodo: marzo 1996 a febrero de 1997.<\/li>\n\n\n\n<li>Participante en el proyecto: \u00abEvaluaci\u00f3n de un Paquete de Intervenci\u00f3n Nutricional en Comunidades Rurales con clave DEPI 945251. Instituci\u00f3n: Centro de Investigaci\u00f3n Interdisciplinario Para el Desarrollo Integral Regional Unidad Oaxaca (CIIDIR-IPN). Periodo: 1994-1995.<\/li>\n\n\n\n<li>Evaluaci\u00f3n de los programas alimentarios Estatales de Oaxaca: \u201cDesarrollo Infantil y Aula Abierta\u201d. Periodo: de octubre a diciembre de 1997<\/li>\n<\/ul>\n","protected":false},"excerpt":{"rendered":"","protected":false},"author":70,"featured_media":0,"parent":0,"menu_order":0,"comment_status":"closed","ping_status":"closed","template":"","meta":{"_swt_meta_header_display":false,"_swt_meta_footer_display":false,"_swt_meta_site_title_display":false,"_swt_meta_sticky_header":false,"_swt_meta_transparent_header":false,"footnotes":""},"class_list":["post-9","page","type-page","status-publish","hentry"],"_links":{"self":[{"href":"https:\/\/web.ciidiroaxaca.ipn.mx\/mperezf\/wp-json\/wp\/v2\/pages\/9","targetHints":{"allow":["GET"]}}],"collection":[{"href":"https:\/\/web.ciidiroaxaca.ipn.mx\/mperezf\/wp-json\/wp\/v2\/pages"}],"about":[{"href":"https:\/\/web.ciidiroaxaca.ipn.mx\/mperezf\/wp-json\/wp\/v2\/types\/page"}],"author":[{"embeddable":true,"href":"https:\/\/web.ciidiroaxaca.ipn.mx\/mperezf\/wp-json\/wp\/v2\/users\/70"}],"replies":[{"embeddable":true,"href":"https:\/\/web.ciidiroaxaca.ipn.mx\/mperezf\/wp-json\/wp\/v2\/comments?post=9"}],"version-history":[{"count":4,"href":"https:\/\/web.ciidiroaxaca.ipn.mx\/mperezf\/wp-json\/wp\/v2\/pages\/9\/revisions"}],"predecessor-version":[{"id":64,"href":"https:\/\/web.ciidiroaxaca.ipn.mx\/mperezf\/wp-json\/wp\/v2\/pages\/9\/revisions\/64"}],"wp:attachment":[{"href":"https:\/\/web.ciidiroaxaca.ipn.mx\/mperezf\/wp-json\/wp\/v2\/media?parent=9"}],"curies":[{"name":"wp","href":"https:\/\/api.w.org\/{rel}","templated":true}]}}