{"id":7,"date":"2015-10-01T14:57:53","date_gmt":"2015-10-01T14:57:53","guid":{"rendered":"https:\/\/web.ciidiroaxaca.ipn.mx\/mperezf\/dra-maria-eufemia-perez-flores\/"},"modified":"2025-10-17T16:01:05","modified_gmt":"2025-10-17T22:01:05","slug":"dra-maria-eufemia-perez-flores","status":"publish","type":"page","link":"https:\/\/web.ciidiroaxaca.ipn.mx\/mperezf\/","title":{"rendered":"Dra. Mar\u00eda Eufemia P\u00e9rez Flores"},"content":{"rendered":"\n<div class=\"wp-block-columns is-layout-flex wp-container-core-columns-is-layout-28f84493 wp-block-columns-is-layout-flex\">\n<div class=\"wp-block-column is-layout-flow wp-block-column-is-layout-flow\">\n<figure class=\"wp-block-gallery has-nested-images columns-default is-cropped wp-block-gallery-1 is-layout-flex wp-block-gallery-is-layout-flex\">\n<figure class=\"wp-block-image size-large\"><img loading=\"lazy\" decoding=\"async\" width=\"851\" height=\"315\" data-id=\"60\" src=\"https:\/\/web.ciidiroaxaca.ipn.mx\/mperezf\/wp-content\/uploads\/sites\/70\/2025\/10\/iNTENTO-2.png\" alt=\"\" class=\"wp-image-60\" srcset=\"https:\/\/web.ciidiroaxaca.ipn.mx\/mperezf\/wp-content\/uploads\/sites\/70\/2025\/10\/iNTENTO-2.png 851w, https:\/\/web.ciidiroaxaca.ipn.mx\/mperezf\/wp-content\/uploads\/sites\/70\/2025\/10\/iNTENTO-2-300x111.png 300w, https:\/\/web.ciidiroaxaca.ipn.mx\/mperezf\/wp-content\/uploads\/sites\/70\/2025\/10\/iNTENTO-2-768x284.png 768w\" sizes=\"auto, (max-width: 851px) 100vw, 851px\" \/><\/figure>\n<\/figure>\n<\/div>\n<\/div>\n\n\n\n<h3 class=\"wp-block-heading has-text-align-center\">\u00a0 <em>Doctora en Ciencias en Desarrollo Regional y Tecnol\u00f3gico<\/em><\/h3>\n\n\n\n<p class=\"has-text-align-center\">Por el Tecnol\u00f3gico Nacional de M\u00e9xico, unidad Oaxaca.<\/p>\n\n\n\n<h3 class=\"wp-block-heading has-text-align-center\">&nbsp; <em>Maestra en ciencias con especialidad en Estudios del Desarrollo Rural<\/em><\/h3>\n\n\n\n<p class=\"has-text-align-center\">Por el Colegio de Postgraduados campus Montecillos.<\/p>\n\n\n\n<h3 class=\"wp-block-heading has-text-align-center\">&nbsp; <em>&nbsp;Licenciada en nutrici\u00f3n<\/em><\/h3>\n\n\n\n<p class=\"has-text-align-center\">por el Centro Interdisciplinario de&nbsp;Ciencias de la Salud, unidad Milpa Alta, del Instituto Polit\u00e9cnico Nacional&nbsp;<\/p>\n\n\n\n<h3 class=\"wp-block-heading has-text-align-center\"><em>Miembro del Sistema Nacional de Investigadoras e Investigadores Nivel I (SECIHTI)<\/em><\/h3>\n\n\n\n<p>Profesora Colegiada de&nbsp;posgrado del CIIDIR-Oax., Instituto Polit\u00e9cnico Nacional<\/p>\n\n\n\n<p><strong>L\u00edneas de trabajo:&nbsp;<\/strong><\/p>\n\n\n\n<ul class=\"wp-block-list\">\n<li>Mujer, seguridad y soberan\u00eda alimentaria<\/li>\n\n\n\n<li>Nutrici\u00f3n comunitaria&nbsp; &nbsp;<\/li>\n\n\n\n<li>Participaci\u00f3n comunitaria para el desarrollo rural<\/li>\n\n\n\n<li>Consumo responsable de alimentos&nbsp; &nbsp;<\/li>\n<\/ul>\n\n\n\n<p class=\"has-text-align-center\">Correo electr\u00f3nico:&nbsp; mperezf@ipn.mx&nbsp;&nbsp;Extensi\u00f3n: 82767<\/p>\n","protected":false},"excerpt":{"rendered":"<p>\u00a0 Doctora en Ciencias en Desarrollo Regional y Tecnol\u00f3gico Por el Tecnol\u00f3gico Nacional de M\u00e9xico, unidad Oaxaca. &nbsp; Maestra en ciencias con especialidad en Estudios del Desarrollo Rural Por el Colegio de Postgraduados campus Montecillos. &nbsp; &nbsp;Licenciada en nutrici\u00f3n por el Centro Interdisciplinario de&nbsp;Ciencias de la Salud, unidad Milpa Alta, del Instituto Polit\u00e9cnico Nacional&nbsp; Miembro [&hellip;]<\/p>\n","protected":false},"author":70,"featured_media":0,"parent":0,"menu_order":0,"comment_status":"closed","ping_status":"closed","template":"","meta":{"_swt_meta_header_display":false,"_swt_meta_footer_display":false,"_swt_meta_site_title_display":false,"_swt_meta_sticky_header":false,"_swt_meta_transparent_header":false,"footnotes":""},"class_list":["post-7","page","type-page","status-publish","hentry"],"_links":{"self":[{"href":"https:\/\/web.ciidiroaxaca.ipn.mx\/mperezf\/wp-json\/wp\/v2\/pages\/7","targetHints":{"allow":["GET"]}}],"collection":[{"href":"https:\/\/web.ciidiroaxaca.ipn.mx\/mperezf\/wp-json\/wp\/v2\/pages"}],"about":[{"href":"https:\/\/web.ciidiroaxaca.ipn.mx\/mperezf\/wp-json\/wp\/v2\/types\/page"}],"author":[{"embeddable":true,"href":"https:\/\/web.ciidiroaxaca.ipn.mx\/mperezf\/wp-json\/wp\/v2\/users\/70"}],"replies":[{"embeddable":true,"href":"https:\/\/web.ciidiroaxaca.ipn.mx\/mperezf\/wp-json\/wp\/v2\/comments?post=7"}],"version-history":[{"count":7,"href":"https:\/\/web.ciidiroaxaca.ipn.mx\/mperezf\/wp-json\/wp\/v2\/pages\/7\/revisions"}],"predecessor-version":[{"id":62,"href":"https:\/\/web.ciidiroaxaca.ipn.mx\/mperezf\/wp-json\/wp\/v2\/pages\/7\/revisions\/62"}],"wp:attachment":[{"href":"https:\/\/web.ciidiroaxaca.ipn.mx\/mperezf\/wp-json\/wp\/v2\/media?parent=7"}],"curies":[{"name":"wp","href":"https:\/\/api.w.org\/{rel}","templated":true}]}}

Dra. María Eufemia Pérez Flores

<div class="wp-block-columns is-layout-flex wp-container-core-columns-is-layout-28f84493 wp-block-columns-is-layout-flex">
<div class="wp-block-column is-layout-flow wp-block-column-is-layout-flow">
<figure class="wp-block-gallery has-nested-images columns-default is-cropped wp-block-gallery-1 is-layout-flex wp-block-gallery-is-layout-flex">
<figure class="wp-block-image size-large"><img loading="lazy" decoding="async" width="851" height="315" data-id="60" src="https://web.ciidiroaxaca.ipn.mx/mperezf/wp-content/uploads/sites/70/2025/10/iNTENTO-2.png" alt="" class="wp-image-60" srcset="https://web.ciidiroaxaca.ipn.mx/mperezf/wp-content/uploads/sites/70/2025/10/iNTENTO-2.png 851w, https://web.ciidiroaxaca.ipn.mx/mperezf/wp-content/uploads/sites/70/2025/10/iNTENTO-2-300x111.png 300w, https://web.ciidiroaxaca.ipn.mx/mperezf/wp-content/uploads/sites/70/2025/10/iNTENTO-2-768x284.png 768w" sizes="auto, (max-width: 851px) 100vw, 851px" /></figure>
</figure>
</div>
</div>



<h3 class="wp-block-heading has-text-align-center">  <em>Doctora en Ciencias en Desarrollo Regional y Tecnológico</em></h3>



<p class="has-text-align-center">Por el Tecnológico Nacional de México, unidad Oaxaca.</p>



<h3 class="wp-block-heading has-text-align-center">&nbsp; <em>Maestra en ciencias con especialidad en Estudios del Desarrollo Rural</em></h3>



<p class="has-text-align-center">Por el Colegio de Postgraduados campus Montecillos.</p>



<h3 class="wp-block-heading has-text-align-center">&nbsp; <em>&nbsp;Licenciada en nutrición</em></h3>



<p class="has-text-align-center">por el Centro Interdisciplinario de&nbsp;Ciencias de la Salud, unidad Milpa Alta, del Instituto Politécnico Nacional&nbsp;</p>



<h3 class="wp-block-heading has-text-align-center"><em>Miembro del Sistema Nacional de Investigadoras e Investigadores Nivel I (SECIHTI)</em></h3>



<p>Profesora Colegiada de&nbsp;posgrado del CIIDIR-Oax., Instituto Politécnico Nacional</p>



<p><strong>Líneas de trabajo:&nbsp;</strong></p>



<ul class="wp-block-list">
<li>Mujer, seguridad y soberanía alimentaria</li>



<li>Nutrición comunitaria&nbsp; &nbsp;</li>



<li>Participación comunitaria para el desarrollo rural</li>



<li>Consumo responsable de alimentos&nbsp; &nbsp;</li>
</ul>



<p class="has-text-align-center">Correo electrónico:&nbsp; mperezf@ipn.mx&nbsp;&nbsp;Extensión: 82767</p>

<p>  Doctora en Ciencias en Desarrollo Regional y Tecnológico Por el Tecnológico Nacional de México, unidad Oaxaca. &nbsp; Maestra en ciencias con especialidad en Estudios del Desarrollo Rural Por el Colegio de Postgraduados campus Montecillos. &nbsp; &nbsp;Licenciada en nutrición por el Centro Interdisciplinario de&nbsp;Ciencias de la Salud, unidad Milpa Alta, del Instituto Politécnico Nacional&nbsp; Miembro [&hellip;]</p>
