{"id":6,"date":"2015-10-01T15:22:47","date_gmt":"2015-10-01T15:22:47","guid":{"rendered":"https:\/\/web.ciidiroaxaca.ipn.mx\/mortizgu\/publicaciones\/"},"modified":"2025-09-17T16:05:08","modified_gmt":"2025-09-17T16:05:08","slug":"publicaciones","status":"publish","type":"page","link":"https:\/\/web.ciidiroaxaca.ipn.mx\/mortizgu\/publicaciones\/","title":{"rendered":"Publicaciones"},"content":{"rendered":"\n<ul class=\"wp-block-list\">\n<li>Rafael Alav\u00e9s-Ram\u00edrez, Fernando Chi\u00f1as-Castillo, Valent\u00edn J. Morales-Dom\u00ednguez, <strong>Margarito Ortiz-Guzm\u00e1n, <\/strong>Jos\u00e9 Luis Caballero-Montes and Magdaleno Caballero-Caballero. THERMAL LAG AND DECREMENT FACTOR OF CONSTRUCTIVE COMPONENT REINFORCED MORTAR CHANNELS FILLED WITH SOIL-CEMENT-SAWDUST. INDOOR AND BUILD ENVIROMENT, England &#8211; 2016 vol 0(0), pp 1-20.ISSN: 1420-326X, Online ISSN: 1423-0070, DOI:10.1177\/1420326X16676611.<\/li>\n\n\n\n<li>Valent\u00edn J. Morales Dom\u00ednguez, <strong>Margarito Ortiz Guzm\u00e1n,<\/strong> Rafael Alav\u00e9s Ram\u00edrez. COMPORTAMIENTO DE LA HUMEDAD EN BTC ELABORADOS CON CEMENTO Y MUSILAGO DE NOPAL. Revista Electr\u00f3nica de Investigaci\u00f3n en Educaci\u00f3n Superior, semestral con arbitraje, publicada en 2014, vol 2 (2), pp. 1-16. Editorial: Revista Electr\u00f3nica de Investigaci\u00f3n en Educaci\u00f3n Superior A.C., ISBN- 978-607-83, M\u00e9xico 2016. (SIP\/DI\/DOPI-356\/16).<\/li>\n\n\n\n<li>Valent\u00edn J. Morales Dom\u00ednguez, Baldomero H. Z\u00e1rate Nicolas, <strong>Margarito Ortiz Guzm\u00e1n<\/strong>. CONSTRUCCION DE UN MACROTUNEL PARA EL CULTIVO DEL ARANDANO EN LA MIXTECA OAXAQUE\u00d1A. Revista Electr\u00f3nica de Investigaci\u00f3n en Educaci\u00f3n Superior, semestral con arbitraje, publicada en 2016, pp. 626-623. Editorial: Revista Electr\u00f3nica de Investigaci\u00f3n en Educaci\u00f3n Superior A.C., ISBN- 978-607-8514-10-6, M\u00e9xico 2016.<\/li>\n\n\n\n<li>Valent\u00edn J. Morales Dom\u00ednguez, Alavez Ram\u00edrez Rafael, <strong>Margarito Ortiz Guzm\u00e1n<\/strong>. EFECTOS DE LA DENSIFICACI\u00d3N DE SUELOS EN LA ELABORACI\u00d3N DE BTC. Revista Electr\u00f3nica de Investigaci\u00f3n en Educaci\u00f3n Superior, semestral con arbitraje, publicada en 2016 pp. 681-691. Editorial: Revista Electr\u00f3nica de Investigaci\u00f3n en Educaci\u00f3n Superior A.C., ISBN- 978-607-8514-10-6, M\u00e9xico 2016.<\/li>\n\n\n\n<li>Morales Dominguez Valent\u00edn, Alavez Ram\u00edrez Rafael,J., <strong>Margarito Ortiz Guzm\u00e1n<\/strong>. DISE\u00d1O, CONSTRUCCION Y CARACTERIZACI\u00d3N MEC\u00c1NICA DE UN SISTEMA DE TECHOS PARA VIVIENDA SOCIAL. Revista Electr\u00f3nica de Investigaci\u00f3n en Educaci\u00f3n Superior, semestral con arbitraje, publicada en 2016, pp. 651-665. Editorial: Revista Electr\u00f3nica de Investigaci\u00f3n en Educaci\u00f3n Superior A.C., ISBN- 978-607-8514-10-6, M\u00e9xico 2016.<\/li>\n\n\n\n<li><strong>Margarito Ortiz Guzm\u00e1n,<\/strong>\u00a0 Valent\u00edn J. Morales Dom\u00ednguez, Manuel D. Arag\u00f3n Sulik. EL EMPLEO DEL FERROCEMENTO EM LA CONSTRUCCION DE PRESAS PARA RETENCION DE AGUA DE LLUVIA PARA USO PISCICOLA. Revista Electr\u00f3nica de Investigaci\u00f3n en Educaci\u00f3n Superior, semestral con arbitraje, publicada en 2014, vol 2 (2), pp. 1-16. Editorial: Revista Electr\u00f3nica de Investigaci\u00f3n en Educaci\u00f3n Superior A.C., ISBN- 978-607-83, M\u00e9xico 2016. (SIP\/DI\/DOPI-357\/16).<\/li>\n\n\n\n<li>Baldomero H. Z\u00e1rate Nicolas, Valent\u00edn J. Morales Dom\u00ednguez, <strong>Margarito Ortiz Guzm\u00e1n<\/strong>. DISE\u00d1O DE SUSTRATO DE BAGAZO DE MAGUEY Y APLICACI\u00d3N DE NORMAS EUROPEAS PARA ESTABLECER CRITERIOS DE RIEGO. Revista Electr\u00f3nica de Investigaci\u00f3n en Educaci\u00f3n Superior, semestral con arbitraje, publicada en 2014, vol 2 (2), pp. 1-12. Editorial: Revista Electr\u00f3nica de Investigaci\u00f3n en Educaci\u00f3n Superior A.C., ISBN- 978-607-83, M\u00e9xico 2016. (SIP\/DI\/DOPI-358\/16).<\/li>\n\n\n\n<li><strong>Margarito Ortiz Guzm\u00e1n,<\/strong> Morales Dom\u00ednguez Valent\u00edn J., Rafael Alav\u00e9s Ram\u00edrez. COMPORTAMIENTO DE TEMPERATURA EN UNA ESTUFA SOLAR. Revista Electr\u00f3nica de Investigaci\u00f3n en Educaci\u00f3n Superior, semestral con arbitraje, publicada en 2014, vol 2 (2), pp. 1-13. Editorial: Revista Electr\u00f3nica de Investigaci\u00f3n en Educaci\u00f3n Superior A.C., ISBN- 978-607-83, M\u00e9xico 2016. (SIP\/DI\/DOPI-359\/16).<\/li>\n\n\n\n<li>Manuel Arag\u00f3n Sulik, Oscar escolero Fuentes, Susana Navarro Mendoza y<strong> Margarito Ortiz Guzm\u00e1n<\/strong>. DISTRIBUCION GEOGRAFICA DE ARSENICO EN ACUIFERO DE LOS VALLES DE OAXACA, MEXICO: Revista de Ingenier\u00eda Hidr\u00e1ulica y Ambiental. Vol 63 (1) XXXVI, N\u00b0 1, Enero-Abril,\u00a0 p.p. 102-110, ISSN 181-519x., La Habana Cuba. 2015.<\/li>\n\n\n\n<li><strong>Margarito Ortiz Guzm\u00e1n,<\/strong> Morales Dom\u00ednguez Valent\u00edn J., Rafael Alav\u00e9s Ram\u00edrez. CONSTRUCCI\u00d3N DE ESTUFA SOLAR PARA LAS COMUNIDADES RURALES DE OAXACA. Congreso Internacional Virtual de Innovaci\u00f3n Tecnolog\u00eda y Educaci\u00f3n. CIVITEC. ISBN: 978-607-96314-4-4 Online.\u00a0 Tijuana, Baja California. 2013.<\/li>\n\n\n\n<li><strong>Margarito Ortiz Guzm\u00e1n<\/strong>, Valent\u00edn J. Morales Dom\u00ednguez y Rafael Ram\u00edrez Alavez. PRESAS DE FERROCEMENTO, OPCI\u00d3N ECON\u00d3MICA PARA RETENCI\u00d3N DE AGUA PLUVIAL: Caso de estudio: Revista de Ingenier\u00eda Hidr\u00e1ulica y Ambiental. Vol XXXIII, p.p. 14-22, ISSN 1815-591X., La Habana Cuba. 2012.<\/li>\n\n\n\n<li>Morales Dom\u00ednguez Valent\u00edn J. <strong>Margarito Ortiz Guzm\u00e1n,<\/strong> Rafael Alav\u00e9s Ram\u00edrez. COMPORTAMIENTO DE LA HUMEDAD EN BTC ELABORADOS CON CEMENTO Y MUCILAGO DE NOPAL. Revista Electr\u00f3nica de Investigaci\u00f3n En Educaci\u00f3n Superior. Vol.2 Julio-Diciembre. www.iiies.or\/reedies. Baja California Norte 2014.<\/li>\n\n\n\n<li>R. Alavez-Ramirez, F. Chi\u00f1as-Castillo, V. Morales-Dominguez, <strong>M. Ortiz-Guzm\u00e1n<\/strong>, J. Lara-Romero. THERMAL LAG AND DECREMENT FACTOR OF A COCONUT-FERROCEMENT ROOFING SYSTEM.<\/li>\n\n\n\n<li>Constructi\u00f3n and Building Materials 55 (2014) 246\u2013256.<\/li>\n\n\n\n<li>R. Alavez-Ram\u00edrez, F. Chi\u00f1as-Castillo, V.J. Morales-Dom\u00ednguez, <strong>M. Ortiz-Guzm\u00e1n<\/strong>. THERMAL CONDUCTIVITY OF COCONUT FIBRE FILLED FERROCEMENT SANDWICH PANELS. Constructi\u00f3n and Building Materials 37 (2012) 425-431.<\/li>\n\n\n\n<li><strong>Margarito Ortiz Guzm\u00e1n<\/strong>, Valent\u00edn J. Morales Dom\u00ednguez y Manuel D. Arag\u00f3n Sulik (2012) PRESAS DE FERROCEMENTO, OPCI\u00d3N ECON\u00d3MICA PARA RETENCI\u00d3N DE AGUA PLUVIAL: Caso de estudio: Revista de Ingenier\u00eda Hidr\u00e1ulica y Ambiental. Vol XXXIII, p.p. 14-22, ISSN 1815-591X., La Habana Cuba. 2012.<\/li>\n\n\n\n<li>Morales-Dom\u00ednguez Valent\u00edn J<strong>., <\/strong>Aragon-Sulik Manuel D. y <strong>Ortiz Guzm\u00e1n Margarito<\/strong> (2009). SISTEMA DE ALMACENAMIENTO HIDRICO SEGURO DE BAJO COSTO PARA ZONAS MARGINADAS. CASO CHIDOCO DE JU\u00c1REZ, OAXACA. Revista Temas de ciencia y Tecnolog\u00eda. Vol. 13 N\u00fam. 37, enero-abril del 2009.<\/li>\n\n\n\n<li><strong>Margarito Ortiz Guzm\u00e1n<\/strong>, Valent\u00edn J. Morales Dom\u00ednguez y Manuel D. Arag\u00f3n Sulik (2009). COSECHA DE AGUA DE LLUVIA CON TANQUES DE MAMPOSTER\u00cdA, CASO: SAN MIGUEL PIEDRAS NOCHIXTL\u00c1N, OAX. Revista FACDEARQ\u00a0 Num. 7.<\/li>\n\n\n\n<li>Valent\u00edn Juventino Morales-Dom\u00ednguez<strong>, Margarito Ortiz-Guzm\u00e1n <\/strong>y Manuel Dino Arag\u00f3n-Sulik (2008). TANQUE PARA ALMACENAMIENTO DE AGUA MEDIANTE EL USO DE FERROCEMENTO EN ZONAS CON CONDICIONES GEOGR\u00c1FICAS ADVERSAS. Revista Naturaleza y Desarrollo. Vol. 6 N\u00fam. 2, julio-diciembre del 2008.<\/li>\n\n\n\n<li>Valent\u00edn Juventino Morales-Dom\u00ednguez<strong>, Margarito Ortiz-Guzm\u00e1n <\/strong>y Rafael Alav\u00e9z-Ram\u00edrez (2007). MEJORAMIENTO DE LAS PROPIEDADES MEC\u00c1NICAS DEL ADOBE COMPACTADO. Revista Naturaleza y Desarrollo. Vol. 5 N\u00fam. 1, enero-junio del 2007.<\/li>\n\n\n\n<li>Valent\u00edn J. Morales Dom\u00ednguez, <strong>Margarito Ortiz Guzm\u00e1n<\/strong>, Patricia S. S\u00e1nchez Medina (2005). PROPUESTA DE REFORZAMIENTO DE VIVIENDAS DE ADOBE EN OAXACA Y SU IMPACTO EN EL DESARROLLO REGIONAL. Revista Unidad y Diversidad. Diciembre del 2005.<\/li>\n<\/ul>\n\n\n\n<h3 class=\"wp-block-heading rtecenter\"><strong>PUBLICACIONES EN <\/strong><strong>LIBROS<\/strong><\/h3>\n\n\n\n<ul class=\"wp-block-list\">\n<li>Ram\u00edrez Alavez Rafael,<strong> Ortiz Guzm\u00e1n Margarito, <\/strong>Morales Dom\u00ednguez Valent\u00edn Juventino. CONSTRUCCION DE MURO DE CONTENCION DE CONCRETO ARMADO CON NERVADURAS SE ESPESORES DELGADOS. Gesti\u00f3n del conocimiento, Paradigma Cognitivo y Modelo de Informaci\u00f3n en Entornos Globalizados y Multidisciplinarios-Ediciones ILCSA S.A. DE C.V., ISBN 978-607-8360-15-2. Tijuana B.C. M\u00e9xico-Febrero 2016.<\/li>\n\n\n\n<li><strong>Margarito Ortiz Guzm\u00e1n<\/strong>, Valent\u00edn J. Morales Dom\u00ednguez y Manuel D. Arag\u00f3n Sulik. PRESAS DE FERROCEMENTO PARA RETENCION DE AGUA DE LLUVIA. ISBN-978-3-659-06362-6-Editorial Espa\u00f1ola-2013<\/li>\n\n\n\n<li>Caballero A. T., Jim\u00e9nez R. T., Morales D. V<strong>. <\/strong><strong>Ortiz G. M.<\/strong> (2001). PANTALLAS DE FERROCEMENTO PARA LA CAPTACION DE AGUA DE LLUVIA. CIIDIR IPN Unidad Oaxaca. Registro n\u00famero 03-2002-062712414100-01.<\/li>\n\n\n\n<li>Jim\u00e9nez R. T., Ju\u00e1rez R. L., Caballero A. T., <strong>Ortiz G. M<\/strong>., Morales D. V. (2002). LA VIVIENDA CONSTRUIDA CON MATERIALES REGIONALES. CIIDIR IPN Unidad Oaxaca. Registro n\u00famero 03-2002-042311451200-01.<\/li>\n<\/ul>\n\n\n\n<h3 class=\"wp-block-heading rtecenter\"><strong>PUBLICACIONES EN MANUALES <\/strong><\/h3>\n\n\n\n<ul class=\"wp-block-list\">\n<li>Rafael Alav\u00e9z Ram\u00edrez, Jos\u00e9 Luis Caballero Montes, <strong>Margarito Ortiz Guzm\u00e1n<\/strong>, Valent\u00edn Morales Dom\u00ednguez. PROTOTIPO DE COMPONENTE CONSTRUCTIVO DE MORTERO ARMADO Y SUELO PARA SISTEMAS MUROS Y TECHO DE VIVIENDAS DE INTER\u00c9S SOCIAL. Derivado del proyecto de investigaci\u00f3n de CONAVI-CONACYT, 2016, clave 20-01-206387.<\/li>\n\n\n\n<li>Baldomero H, Z\u00e1rate Nicol\u00e1s, Valent\u00edn J. Morales Dom\u00ednguez y <strong>Margarito Ortiz Guzm\u00e1n.<\/strong> MANUAL DE CAPTACI\u00d3N DE AGUA DE LLUVIA EN INVERNADEROS. Municipio de Ejutla de Crespo, Oax.<\/li>\n\n\n\n<li>Rafael Alavez Ram\u00edrez, Valent\u00edn J. Morales Dom\u00ednguez y <strong>Margarito Ortiz Guzm\u00e1n.<\/strong> MANUAL PARA LA ELABORACI\u00d3N DE TECHUMBRE CON AISLAMIENTO DE FIBRA VEGETAL. Municipio de Villa de Zaachila.<\/li>\n\n\n\n<li>Valent\u00edn J. Morales Dom\u00ednguez,<strong> Margarito Ortiz Guzm\u00e1n<\/strong> y Rafael Alav\u00e9z Ram\u00edrez (2009). \u201cMANUAL PARA LA APLICACI\u00d3N DEL FERROCEMENTO EN TECHUMBRES DE VIVIENDAS Y ELEMENTOS ORNAMENTALES\u201d. CIIDIR IPN Unidad Oaxaca.<\/li>\n\n\n\n<li>Valent\u00edn J. Morales Dom\u00ednguez,<strong> Margarito Ortiz Guzm\u00e1n<\/strong> y Rafael Alav\u00e9z Ram\u00edrez (2008). \u201cMANUAL PARA LA CONSTRUCCI\u00d3N DE UNA VIVIENDA CON ADOBE COMPACTADO\u201d. CIIDIR IPN Unidad Oaxaca.<\/li>\n\n\n\n<li>Valent\u00edn J. Morales Dom\u00ednguez,<strong> Margarito Ortiz Guzm\u00e1n<\/strong> y Rafael Alav\u00e9z Ram\u00edrez (2008). \u201cMANUAL DE ESTABILIZACI\u00d3N DEL SUELO PARA SAN ANDR\u00c9S SACHIO, NOCHIXTL\u00c1N, OAX.\u201d. CIIDIR IPN Unidad Oaxaca.<\/li>\n\n\n\n<li>Valent\u00edn J. Morales Dom\u00ednguez,<strong> Margarito Ortiz Guzm\u00e1n<\/strong> y Rafael Alav\u00e9z Ram\u00edrez (2008). \u201cMANUAL PARA LA ELABORACI\u00d3N DE ADOBE COMPACTADO EN SAN ANDR\u00c9S SACHIO, NOCHIXTL\u00c1N, OAX.\u201d. CIIDIR IPN Unidad Oaxaca.<\/li>\n\n\n\n<li>Morales D. V., Ju\u00e1rez R. L., Jim\u00e9nez R. T., Caballero A. T., <strong>Ortiz G. M<\/strong>. (2002) \u201cEL FERROCEMENTO UTILIZADO EN EL REFORZAMIENTO DE MUROS DE ADOBE Y COMO CIMBRA PERMANENTE EN VIGAS DE CONCRETO\u201d. CIIDIR IPN Unidad Oaxaca. Registro n\u00famero 03-2003-0314131351100-01.<\/li>\n<\/ul>\n\n\n\n<p class=\"rtecenter\">&nbsp;<\/p>\n\n\n\n<p class=\"rtecenter\">&nbsp;<\/p>\n","protected":false},"excerpt":{"rendered":"<p>PUBLICACIONES EN LIBROS PUBLICACIONES EN MANUALES &nbsp; &nbsp;<\/p>\n","protected":false},"author":65,"featured_media":0,"parent":0,"menu_order":0,"comment_status":"closed","ping_status":"closed","template":"","meta":{"_swt_meta_header_display":false,"_swt_meta_footer_display":false,"_swt_meta_site_title_display":false,"_swt_meta_sticky_header":false,"_swt_meta_transparent_header":false,"footnotes":""},"class_list":["post-6","page","type-page","status-publish","hentry"],"_links":{"self":[{"href":"https:\/\/web.ciidiroaxaca.ipn.mx\/mortizgu\/wp-json\/wp\/v2\/pages\/6","targetHints":{"allow":["GET"]}}],"collection":[{"href":"https:\/\/web.ciidiroaxaca.ipn.mx\/mortizgu\/wp-json\/wp\/v2\/pages"}],"about":[{"href":"https:\/\/web.ciidiroaxaca.ipn.mx\/mortizgu\/wp-json\/wp\/v2\/types\/page"}],"author":[{"embeddable":true,"href":"https:\/\/web.ciidiroaxaca.ipn.mx\/mortizgu\/wp-json\/wp\/v2\/users\/65"}],"replies":[{"embeddable":true,"href":"https:\/\/web.ciidiroaxaca.ipn.mx\/mortizgu\/wp-json\/wp\/v2\/comments?post=6"}],"version-history":[{"count":3,"href":"https:\/\/web.ciidiroaxaca.ipn.mx\/mortizgu\/wp-json\/wp\/v2\/pages\/6\/revisions"}],"predecessor-version":[{"id":32,"href":"https:\/\/web.ciidiroaxaca.ipn.mx\/mortizgu\/wp-json\/wp\/v2\/pages\/6\/revisions\/32"}],"wp:attachment":[{"href":"https:\/\/web.ciidiroaxaca.ipn.mx\/mortizgu\/wp-json\/wp\/v2\/media?parent=6"}],"curies":[{"name":"wp","href":"https:\/\/api.w.org\/{rel}","templated":true}]}}