{"id":14,"date":"2023-05-18T19:19:39","date_gmt":"2023-05-18T19:19:39","guid":{"rendered":"https:\/\/web.ciidiroaxaca.ipn.mx\/mlavariegan\/proyectos-de-investigacion\/"},"modified":"2025-09-03T14:54:00","modified_gmt":"2025-09-03T14:54:00","slug":"proyectos-de-investigacion","status":"publish","type":"page","link":"https:\/\/web.ciidiroaxaca.ipn.mx\/mlavariegan\/proyectos-de-investigacion\/","title":{"rendered":"Proyectos de investigaci\u00f3n"},"content":{"rendered":"\n<ul class=\"wp-block-list\">\n<li>Fauna de vertebrados terrestres en la mixteca oaxaque\u00f1a. SIP, IPN. Periodo: enero-diciembre 2020.<\/li>\n\n\n\n<li>Efecto de variables ambientales a diferentes escalas temporales y espaciales sobre la diversidad de vertebrados en la regi\u00f3n mixteca, Oaxaca. SIP, IPN. Periodo: enero-diciembre 2021.\u00a0<\/li>\n\n\n\n<li>\u00c1reas potenciales de invasi\u00f3n de vertebrados terrestres en Oaxaca y su \u00a0\u00a0 \u00a0impacto en ecosistemas y paisajes. SIP, IPN. Periodo: enero-diciembre 2022.<\/li>\n\n\n\n<li>Bases ecol\u00f3gicas y sociecon\u00f3micas para el desarrollo de un protocolo comunitario de monitoreo y un plan de manejo de especies invasoras en Oaxaca. SIP, IPN. Periodo enero-diciembre 2023.<\/li>\n\n\n\n<li>Diversidad multidimensional de aves en gradientes ambientales en dos sitios monta\u00f1osos de Oaxaca. SIP, IPN. Periodo: enero-diciembre 2024<\/li>\n\n\n\n<li>Coexistencia de mam\u00edferos medianos y grandes en territorios de comunidades originarias: marco conceptual y metodol\u00f3gico con el uso de redes de co-ocurrencias incorporando efectos de la abundancia, h\u00e1bitat y detectabilidad. Ciencia de Frontera-CONAHCYT. Periodo 2024-2026<\/li>\n<\/ul>\n","protected":false},"excerpt":{"rendered":"","protected":false},"author":43,"featured_media":0,"parent":0,"menu_order":0,"comment_status":"closed","ping_status":"closed","template":"","meta":{"_swt_meta_header_display":false,"_swt_meta_footer_display":false,"_swt_meta_site_title_display":false,"_swt_meta_sticky_header":false,"_swt_meta_transparent_header":false,"footnotes":""},"class_list":["post-14","page","type-page","status-publish","hentry"],"_links":{"self":[{"href":"https:\/\/web.ciidiroaxaca.ipn.mx\/mlavariegan\/wp-json\/wp\/v2\/pages\/14","targetHints":{"allow":["GET"]}}],"collection":[{"href":"https:\/\/web.ciidiroaxaca.ipn.mx\/mlavariegan\/wp-json\/wp\/v2\/pages"}],"about":[{"href":"https:\/\/web.ciidiroaxaca.ipn.mx\/mlavariegan\/wp-json\/wp\/v2\/types\/page"}],"author":[{"embeddable":true,"href":"https:\/\/web.ciidiroaxaca.ipn.mx\/mlavariegan\/wp-json\/wp\/v2\/users\/43"}],"replies":[{"embeddable":true,"href":"https:\/\/web.ciidiroaxaca.ipn.mx\/mlavariegan\/wp-json\/wp\/v2\/comments?post=14"}],"version-history":[{"count":2,"href":"https:\/\/web.ciidiroaxaca.ipn.mx\/mlavariegan\/wp-json\/wp\/v2\/pages\/14\/revisions"}],"predecessor-version":[{"id":35,"href":"https:\/\/web.ciidiroaxaca.ipn.mx\/mlavariegan\/wp-json\/wp\/v2\/pages\/14\/revisions\/35"}],"wp:attachment":[{"href":"https:\/\/web.ciidiroaxaca.ipn.mx\/mlavariegan\/wp-json\/wp\/v2\/media?parent=14"}],"curies":[{"name":"wp","href":"https:\/\/api.w.org\/{rel}","templated":true}]}}