{"id":8,"date":"2011-10-26T16:37:58","date_gmt":"2011-10-26T16:37:58","guid":{"rendered":"https:\/\/web.ciidiroaxaca.ipn.mx\/mgarciagu\/tesis\/"},"modified":"2025-10-22T06:17:08","modified_gmt":"2025-10-22T12:17:08","slug":"tesis","status":"publish","type":"page","link":"https:\/\/web.ciidiroaxaca.ipn.mx\/mgarciagu\/tesis\/","title":{"rendered":"Tesis dirigidas y concluidas"},"content":{"rendered":"\n<p>Direcci\u00f3n de Tesis<\/p>\n\n\n\n<p>Doctorado<\/p>\n\n\n\n<ol class=\"wp-block-list\">\n<li>Julian Caballero Cesar Camilo. Influencia del h\u00e1bitat sobre las variaciones morfol\u00f3gicas de Macrobrachium tenellum y Macrobrachium occidentale (Decapoda: Palaemonidae) en la costa de Oaxaca. Doctorado en Ciencias en manejo y aprovechamiento de los recursos naturales.&nbsp; CIIDIR IPN Unidad Oaxaca.&nbsp; Titulado en Agosto de 2025.<\/li>\n\n\n\n<li>Nathali Martinez Salazar. Variaciones en la actividad enzim\u00e1tica del langostino <em>Macrobrachium tenellum<\/em> durante su transici\u00f3n de condiciones silvestres al manejo en cultivo. Doctorado en Ciencias en manejo y aprovechamiento de los recursos naturales.&nbsp; CIIDIR IPN Unidad Oaxaca.&nbsp; Titulado en Agosto de 2023<\/li>\n\n\n\n<li>Manuel Vargas Ceballos.&nbsp; Estructura poblacional y condici\u00f3n reproductiva del langostino de rio <em>Macrobrachium tenellum <\/em>en aguas del rio Ameca, Jalisco, M\u00e9xico. Posgrado BEMARENA de la Universidad de Guadalajara.&nbsp; Titulado en Enero de 2019.<\/li>\n\n\n\n<li>Pedro Hernandez Sandoval.&nbsp; Fisiolog\u00eda termo regulatoria del langostino de rio &nbsp;<em>Macrobrachium<\/em> <em>tenellum<\/em> (Co Direcci\u00f3n).&nbsp; Programa de Doctorado en Ciencias Biol\u00f3gico Agropecuarias de la Universidad Aut\u00f3noma de Nayarit, Unidad Acad\u00e9mica de Ingenier\u00eda Pesquera.&nbsp; Titulado en Noviembre de 2018.<\/li>\n\n\n\n<li>Rodolfo Benigno de los Santos Romero.&nbsp; Efecto de la cantidad de quitina en la dieta sobre el crecimiento y supervivencia de el langostino <em>Macrobrachium tenellum<\/em> cultivado bajo diferentes combinaciones de temperatura y Fotoperiodo.&nbsp; Doctorado en manejo y aprovechamiento de los recursos naturales.&nbsp; CIIDIR IPN Unidad Oaxaca.&nbsp; Titulado en Enero de 2017.<\/li>\n<\/ol>\n\n\n\n<p>Maestr\u00eda<\/p>\n\n\n\n<ol class=\"wp-block-list\">\n<li>Ramses Erick Gaspar Cruz. Variaciones en la actividad enzim\u00e1tica del langostino <em>Macrobrachium tenellum<\/em> en funci\u00f3n de la fuente proteica vegetal o animal. Maestr\u00eda en Ciencias en manejo y aprovechamiento de los recursos naturales.&nbsp; CIIDIR IPN Unidad Oaxaca.&nbsp; Titulado en Julio de 2024<\/li>\n\n\n\n<li>Israel Moreno Barrientos. Estructura y diversidad del ensamblaje de los Condrichtes en la costa de Oaxaca. CoDireccion. Maestr\u00eda en manejo y aprovechamiento de los recursos naturales.&nbsp; CIIDIR IPN Unidad Oaxaca.&nbsp; Titulado en Agosto de 2021<\/li>\n\n\n\n<li>Antonio Garc\u00eda Gonzales.&nbsp; Diferencias morfol\u00f3gicas entre dos poblaciones del langostino <em>Macrobrachium tenellum <\/em>en la costa de Oaxaca.&nbsp; Maestr\u00eda en manejo y aprovechamiento de los recursos naturales.&nbsp; CIIDIR IPN Unidad Oaxaca.&nbsp; Titulado en agosto de 2018.<\/li>\n\n\n\n<li>V\u00edctor Manuel Ortiz Cruz.&nbsp; An\u00e1lisis del&nbsp; crecimiento, contenido estomacal y madurez sexual de <em>\u201cCichlasoma\u201d trimaculatum<\/em> (G\u00fcnther, 1862),&nbsp; de la sub cuenca del rio Atoyac-Paso de la Reina, Cuenca hidrol\u00f3gica del rio Atoyac, Oaxaca.&nbsp; Maestr\u00eda en manejo y aprovechamiento de los recursos naturales.&nbsp; CIIDIR IPN Unidad Oaxaca. Titulado en Junio de 2011.<\/li>\n\n\n\n<li>Pedro Hern\u00e1ndez Sandoval.&nbsp; Efecto de la temperatura en el crecimiento y sobrevivencia del langostino <em>Macrobrachium occidentale<\/em>&nbsp; (Holtuis 1890) y del acocil <em>Cherax quadricarinatus<\/em> (von Martens 1868)\u201d.&nbsp; Maestr\u00eda en ciencias del CIIDIR-IPN, Unidad Sinaloa. Titulado en Diciembre de 2008.&nbsp;<\/li>\n<\/ol>\n\n\n\n<p>Licenciatura<\/p>\n\n\n\n<ol class=\"wp-block-list\">\n<li>John Sebasti\u00e1n Barraza L\u00f3pez.&nbsp; Variaciones en el consumo de oxigeno de <em>Macrobrachium americanum<\/em> en funci\u00f3n de la talla y ciclo de muda.&nbsp; Licenciatura en Biolog\u00eda del Instituto Tecnol\u00f3gico de los Mochis, Sinaloa.&nbsp; Terminada en Julio de 2007.<\/li>\n\n\n\n<li>Jos\u00e9 Noel Ramos Aguilar.&nbsp; \u201cSobrevivencia, muda y crecimiento durante el desarrollo larval de 10 especies de Dec\u00e1podos del SE Pacifico Mexicano (Crust\u00e1cea) cultivados en laboratorio con notas sobre la morfolog\u00eda larval de tres especies de braquiuros\u201d.&nbsp; Licenciatura en Ingenier\u00eda Pesquera de la Universidad Aut\u00f3noma del Estado de Nayarit. Titulado en Mayo de 2005.<\/li>\n<\/ol>\n","protected":false},"excerpt":{"rendered":"<p>Direcci\u00f3n de Tesis Doctorado Maestr\u00eda Licenciatura<\/p>\n","protected":false},"author":37,"featured_media":0,"parent":0,"menu_order":0,"comment_status":"closed","ping_status":"closed","template":"","meta":{"_swt_meta_header_display":false,"_swt_meta_footer_display":false,"_swt_meta_site_title_display":false,"_swt_meta_sticky_header":false,"_swt_meta_transparent_header":false,"footnotes":""},"class_list":["post-8","page","type-page","status-publish","hentry"],"_links":{"self":[{"href":"https:\/\/web.ciidiroaxaca.ipn.mx\/mgarciagu\/wp-json\/wp\/v2\/pages\/8","targetHints":{"allow":["GET"]}}],"collection":[{"href":"https:\/\/web.ciidiroaxaca.ipn.mx\/mgarciagu\/wp-json\/wp\/v2\/pages"}],"about":[{"href":"https:\/\/web.ciidiroaxaca.ipn.mx\/mgarciagu\/wp-json\/wp\/v2\/types\/page"}],"author":[{"embeddable":true,"href":"https:\/\/web.ciidiroaxaca.ipn.mx\/mgarciagu\/wp-json\/wp\/v2\/users\/37"}],"replies":[{"embeddable":true,"href":"https:\/\/web.ciidiroaxaca.ipn.mx\/mgarciagu\/wp-json\/wp\/v2\/comments?post=8"}],"version-history":[{"count":4,"href":"https:\/\/web.ciidiroaxaca.ipn.mx\/mgarciagu\/wp-json\/wp\/v2\/pages\/8\/revisions"}],"predecessor-version":[{"id":49,"href":"https:\/\/web.ciidiroaxaca.ipn.mx\/mgarciagu\/wp-json\/wp\/v2\/pages\/8\/revisions\/49"}],"wp:attachment":[{"href":"https:\/\/web.ciidiroaxaca.ipn.mx\/mgarciagu\/wp-json\/wp\/v2\/media?parent=8"}],"curies":[{"name":"wp","href":"https:\/\/api.w.org\/{rel}","templated":true}]}}