{"id":9,"date":"2011-10-31T19:50:08","date_gmt":"2011-10-31T19:50:08","guid":{"rendered":"https:\/\/web.ciidiroaxaca.ipn.mx\/mcaballero\/actividades-academicas\/"},"modified":"2025-09-03T19:39:36","modified_gmt":"2025-09-03T19:39:36","slug":"actividades-academicas","status":"publish","type":"page","link":"https:\/\/web.ciidiroaxaca.ipn.mx\/mcaballero\/actividades-academicas\/","title":{"rendered":"Actividades acad\u00e9micas"},"content":{"rendered":"\n<h4 class=\"wp-block-heading\">DOCENCIA<\/h4>\n\n\n\n<ul class=\"wp-block-list\">\n<li>Profesor titular de las siguientes asignaturas:<\/li>\n\n\n\n<li>M\u00e9todos de dise\u00f1o en ingenier\u00eda<\/li>\n\n\n\n<li>Procesos de transformaci\u00f3n con tecnolog\u00edas adecuadas<\/li>\n\n\n\n<li>Seminarios de investigaci\u00f3n<\/li>\n\n\n\n<li>Asesor de estudiantes de otras instituciones para realizar Residencia Profesional, Verano de la Investigaci\u00f3n, Servicio Social y Estancias temporales.<\/li>\n\n\n\n<li>Responsable del LABORATORIO DE METROLOG\u00cdA DIMENSIONAL, donde los estudiantes de posgrado realizan sus experimentos.<\/li>\n<\/ul>\n\n\n\n<h4 class=\"wp-block-heading\">ESTANCIAS DE INVESTIGACI\u00d3N<\/h4>\n\n\n\n<ul class=\"wp-block-list\">\n<li>2002. Estancia Sab\u00e1tica realizada en el Instituto Tecnol\u00f3gico de Oaxaca, participando en proyectos de investigaci\u00f3n con el Dr. Nicol\u00e1s Ju\u00e1rez Rodr\u00edguez<\/li>\n\n\n\n<li>2010. Estancia Sab\u00e1tica realizada en la Escuela Superior de Ingenier\u00eda Mec\u00e1nica y El\u00e9ctrica (ESIME) del IPN, participando en proyectos de investigaci\u00f3n con el Dr. Luis H\u00e9ctor Hern\u00e1ndez G\u00f3mez<\/li>\n\n\n\n<li>2018. Estancia Sab\u00e1tica realizada en el Instituto Tecnol\u00f3gico de Oaxaca, participando en proyectos de investigaci\u00f3n con el Dr. Fernando Chi\u00f1as Castillo<\/li>\n<\/ul>\n\n\n\n<h4 class=\"wp-block-heading\">DISTINCIONES Y PREMIOS RECIBIDOS<\/h4>\n\n\n\n<ul class=\"wp-block-list\">\n<li>MEDALLA JUAN de DIOS B\u00c1TIZ otorgada por el Instituto Polit\u00e9cnico Nacional. Abril de 2020.<\/li>\n\n\n\n<li>CONDECORACI\u00d3N \u201cMAESTRO ALTAMIRANO\u201d, medalla y diploma de honor, otorgado por el Presidente de la Rep\u00fablica. Mayo de 2019<\/li>\n\n\n\n<li>MEDALLA al M\u00c9RITO DOCENTE \u201cMAESTRO RAFAEL RAM\u00cdREZ\u201d y diploma de honor, otorgado por el Gobierno Federal a trav\u00e9s de la Secretar\u00eda de Educaci\u00f3n P\u00fablica. Mayo de 2009<\/li>\n\n\n\n<li>Nombramiento de Investigador Nacional Nivel I, por el Secretario Ejecutivo del Sistema Nacional de Investigadores del Consejo Nacional de Ciencia y Tecnolog\u00eda (CONACYT)<\/li>\n\n\n\n<li>Premio a la Investigaci\u00f3n 2004 por el Instituto Polit\u00e9cnico Nacional<\/li>\n\n\n\n<li>Reconocimiento como finalista al premio nacional en ciencia y tecnolog\u00eda de alimentos, octubre de 2004<\/li>\n<\/ul>\n\n\n\n<h4 class=\"wp-block-heading\">\u00c1RBITRO DE REVISTAS<\/h4>\n\n\n\n<ul class=\"wp-block-list\">\n<li>Arbitro de la Revista Cient\u00edfica de Investigaci\u00f3n \u201cNova Scientia\u201d, reconocida en el padr\u00f3n de revistas de CONACYT\u00a0<\/li>\n\n\n\n<li>\u00c1rbitro permanente de la Revista \u201cTEMAS de Ciencia y Tecnolog\u00eda\u201d reconocida por el CONACYT en el \u00cdndice de Revistas Mexicanas de Divulgaci\u00f3n Cient\u00edfica y Tecnol\u00f3gica, y con registro en Latindex.<\/li>\n\n\n\n<li>\u00c1rbitro de la revista Acta Universitaria de la Universidad de Guanajuato reconocida por el \u00cdndice de Revistas Mexicanas del CONACYT.<\/li>\n\n\n\n<li>\u00c1rbitro de la revista Botanical Sciences (JCR) de la Universidad Nacional Aut\u00f3noma de M\u00e9xico<\/li>\n<\/ul>\n\n\n\n<h4 class=\"wp-block-heading\">COMISIONES EVALUADORAS<\/h4>\n\n\n\n<ul class=\"wp-block-list\">\n<li>Miembro del Registro CONACYT de Evaluadores Acreditados (RCEA) en el \u00c1rea7 \u201cIngenier\u00eda e Industria\u201d con el registro n\u00famero RCEA-07-13269-2006<\/li>\n\n\n\n<li>Evaluador del Programa de Est\u00edmulos a la Investigaci\u00f3n (PEI), Desarrollo Tecnol\u00f3gico e Innovaci\u00f3n del CONACYT<\/li>\n\n\n\n<li>Miembro Evaluador del Fondo de Innovaci\u00f3n Tecnol\u00f3gica (FIT) SECRETAR\u00cdA DE ECONOM\u00cdA\u2013CONACYT<\/li>\n\n\n\n<li>Miembro Evaluador del Fondo Sectorial de Innovaci\u00f3n (FINNOVA) SECRETAR\u00cdA DE ECONOM\u00cdA-CONACYT<\/li>\n\n\n\n<li>Miembro Evaluador del Fondo Sectorial para la Investigaci\u00f3n, el Desarrollo y la Innovaci\u00f3n Tecnol\u00f3gica Forestal de la Comisi\u00f3n Nacional Forestal (CONAFOR) y el CONACYT<\/li>\n\n\n\n<li>Evaluador de las propuestas sometidas a la convocatoria de Apoyo al Fortalecimiento y Desarrollo de la Infraestructura Cient\u00edfica y Tecnol\u00f3gica 2016 del CONACYT<\/li>\n\n\n\n<li>Evaluador del Fondo de Infraestructura del CONACYT<\/li>\n\n\n\n<li>Miembro del comit\u00e9 Evaluador de Pares Acad\u00e9micos del Programa Nacional de Posgrado de Calidad (PNPC) del CONACYT<\/li>\n\n\n\n<li>Miembro de los Comit\u00e9s de Pares Acad\u00e9micos para la Evaluaci\u00f3n de Solicitudes de Estancias Posdoctorales del CONACYT<\/li>\n\n\n\n<li>Miembro evaluador del Consejo Mexiquense de Ciencia y Tecnolog\u00eda (COMECYT), para evaluar el Programa Vinculaci\u00f3n Universidad-Empresa en el Estado de M\u00e9xico<\/li>\n\n\n\n<li>Miembro evaluador del Consejo Mexiquense de Ciencia y Tecnolog\u00eda (COMECYT), para evaluar el Programa Desarrollo de Sistemas Estatales de Innovaci\u00f3n en M\u00e9xico.<\/li>\n<\/ul>\n\n\n\n<h4 class=\"wp-block-heading\">MIEMBRO DE JURADO PARA OTORGAR PREMIOS ACAD\u00c9MICOS<\/h4>\n\n\n\n<ul class=\"wp-block-list\">\n<li>Evaluador del Concurso Nacional de Prototipos de la Universidad Tecnol\u00f3gica de Valles Centrales de Oaxaca<\/li>\n\n\n\n<li>Evaluador de proyectos del Concurso Nacional de Innovaci\u00f3n Tecnol\u00f3gica del Instituto Tecnol\u00f3gico Superior de Teposcolula<\/li>\n\n\n\n<li>Evaluador del Concurso Nacional de Prototipos de la Unidad de Educaci\u00f3n Media Superior Tecnol\u00f3gica Industrial y de Servicios en el Estado de Oaxaca<\/li>\n\n\n\n<li>Evaluador del Concurso de productos de innovaci\u00f3n a partir de mezcal y\/o agave de la Universidad Tecnol\u00f3gica de la Sierra Sur de Oaxaca \u201cINNOVAGAVE\u201d.<\/li>\n\n\n\n<li>Evaluador del Concurso de experimentos y emprendedores: \u201cExpociencia y Tecnolog\u00eda\u201d, del Colegio de Bachilleres del Estado de Oaxaca.<\/li>\n\n\n\n<li>Evaluador de proyectos de la Direcci\u00f3n General de Ense\u00f1anza Media Superior de Universidad Aut\u00f3noma \u201cBenito Ju\u00e1rez\u201d de Oaxaca.<\/li>\n\n\n\n<li>Evaluador del Concurso Anual de Emprendedores y Experimentos de la Direcci\u00f3n General de Ense\u00f1anza Media Superior de Universidad Aut\u00f3noma \u201cBenito Ju\u00e1rez\u201d de Oaxaca<\/li>\n<\/ul>\n\n\n\n<h4 class=\"wp-block-heading\">ASOCIACIONES Y REDES ACAD\u00c9MICAS<\/h4>\n\n\n\n<ul class=\"wp-block-list\">\n<li>Sociedad Mexicana de Ingenier\u00eda Mec\u00e1nica. Registrado con el n\u00famero de socio 321<\/li>\n\n\n\n<li>Miembro de la Red de Biotecnolog\u00eda, perteneciente a las redes de investigaci\u00f3n y de expertos del IPN<\/li>\n\n\n\n<li>Miembro de la Red Tem\u00e1tica de Fuentes de Energ\u00eda del CONACYT.<\/li>\n\n\n\n<li>Miembro de la Red Tem\u00e1tica de Ingenier\u00eda de Superficies y Tribolog\u00eda (REDISYT)<\/li>\n<\/ul>\n\n\n\n<h4 class=\"wp-block-heading\">COLABORACI\u00d3N DE OTRAS INSTITUCIONES<\/h4>\n\n\n\n<ul class=\"wp-block-list\">\n<li>Se colabora de manera estrecha con la Divisi\u00f3n de Estudios de Posgrado e Investigaci\u00f3n del Instituto Tecnol\u00f3gico de Oaxaca, participando en proyectos de investigaci\u00f3n, dirigiendo tesis de maestr\u00eda y doctorado a invitaci\u00f3n del Dr. Fernando Chi\u00f1as Castillo, en el marco de un Acuerdo Espec\u00edfico de colaboraci\u00f3n acad\u00e9mica.<\/li>\n<\/ul>\n\n\n\n<h4 class=\"wp-block-heading\">DIVULGACI\u00d3N DE LA CIENCIA:<\/h4>\n\n\n\n<ul class=\"wp-block-list\">\n<li>Diversos trabajos de investigaci\u00f3n presentados en CONGRESOS, COLOQUIOS, SIMPOSIOS, CONFERENCIAS y otros eventos acad\u00e9micos a nivel internacional, nacional y regional.<\/li>\n<\/ul>\n\n\n\n<h4 class=\"wp-block-heading\">COMISIONES A NIVEL DEPENDENCIA POLIT\u00c9CNICA<\/h4>\n\n\n\n<ul class=\"wp-block-list\">\n<li>Presidente del Cuerpo Acad\u00e9mico de Ingenier\u00eda<\/li>\n\n\n\n<li>Coordinador de Posgrado del Programa de Maestr\u00eda en Ciencias en Conservaci\u00f3n y Aprovechamiento de los Recursos Naturales<\/li>\n<\/ul>\n\n\n\n<p><\/p>\n","protected":false},"excerpt":{"rendered":"<p>DOCENCIA ESTANCIAS DE INVESTIGACI\u00d3N DISTINCIONES Y PREMIOS RECIBIDOS \u00c1RBITRO DE REVISTAS COMISIONES EVALUADORAS MIEMBRO DE JURADO PARA OTORGAR PREMIOS ACAD\u00c9MICOS ASOCIACIONES Y REDES ACAD\u00c9MICAS COLABORACI\u00d3N DE OTRAS INSTITUCIONES DIVULGACI\u00d3N DE LA CIENCIA: COMISIONES A NIVEL DEPENDENCIA POLIT\u00c9CNICA<\/p>\n","protected":false},"author":11,"featured_media":0,"parent":0,"menu_order":0,"comment_status":"closed","ping_status":"closed","template":"","meta":{"_swt_meta_header_display":false,"_swt_meta_footer_display":false,"_swt_meta_site_title_display":false,"_swt_meta_sticky_header":false,"_swt_meta_transparent_header":false,"footnotes":""},"class_list":["post-9","page","type-page","status-publish","hentry"],"_links":{"self":[{"href":"https:\/\/web.ciidiroaxaca.ipn.mx\/mcaballero\/wp-json\/wp\/v2\/pages\/9","targetHints":{"allow":["GET"]}}],"collection":[{"href":"https:\/\/web.ciidiroaxaca.ipn.mx\/mcaballero\/wp-json\/wp\/v2\/pages"}],"about":[{"href":"https:\/\/web.ciidiroaxaca.ipn.mx\/mcaballero\/wp-json\/wp\/v2\/types\/page"}],"author":[{"embeddable":true,"href":"https:\/\/web.ciidiroaxaca.ipn.mx\/mcaballero\/wp-json\/wp\/v2\/users\/11"}],"replies":[{"embeddable":true,"href":"https:\/\/web.ciidiroaxaca.ipn.mx\/mcaballero\/wp-json\/wp\/v2\/comments?post=9"}],"version-history":[{"count":2,"href":"https:\/\/web.ciidiroaxaca.ipn.mx\/mcaballero\/wp-json\/wp\/v2\/pages\/9\/revisions"}],"predecessor-version":[{"id":42,"href":"https:\/\/web.ciidiroaxaca.ipn.mx\/mcaballero\/wp-json\/wp\/v2\/pages\/9\/revisions\/42"}],"wp:attachment":[{"href":"https:\/\/web.ciidiroaxaca.ipn.mx\/mcaballero\/wp-json\/wp\/v2\/media?parent=9"}],"curies":[{"name":"wp","href":"https:\/\/api.w.org\/{rel}","templated":true}]}}

Actividades académicas

<h4 class="wp-block-heading">DOCENCIA</h4>



<ul class="wp-block-list">
<li>Profesor titular de las siguientes asignaturas:</li>



<li>Métodos de diseño en ingeniería</li>



<li>Procesos de transformación con tecnologías adecuadas</li>



<li>Seminarios de investigación</li>



<li>Asesor de estudiantes de otras instituciones para realizar Residencia Profesional, Verano de la Investigación, Servicio Social y Estancias temporales.</li>



<li>Responsable del LABORATORIO DE METROLOGÍA DIMENSIONAL, donde los estudiantes de posgrado realizan sus experimentos.</li>
</ul>



<h4 class="wp-block-heading">ESTANCIAS DE INVESTIGACIÓN</h4>



<ul class="wp-block-list">
<li>2002. Estancia Sabática realizada en el Instituto Tecnológico de Oaxaca, participando en proyectos de investigación con el Dr. Nicolás Juárez Rodríguez</li>



<li>2010. Estancia Sabática realizada en la Escuela Superior de Ingeniería Mecánica y Eléctrica (ESIME) del IPN, participando en proyectos de investigación con el Dr. Luis Héctor Hernández Gómez</li>



<li>2018. Estancia Sabática realizada en el Instituto Tecnológico de Oaxaca, participando en proyectos de investigación con el Dr. Fernando Chiñas Castillo</li>
</ul>



<h4 class="wp-block-heading">DISTINCIONES Y PREMIOS RECIBIDOS</h4>



<ul class="wp-block-list">
<li>MEDALLA JUAN de DIOS BÁTIZ otorgada por el Instituto Politécnico Nacional. Abril de 2020.</li>



<li>CONDECORACIÓN “MAESTRO ALTAMIRANO”, medalla y diploma de honor, otorgado por el Presidente de la República. Mayo de 2019</li>



<li>MEDALLA al MÉRITO DOCENTE “MAESTRO RAFAEL RAMÍREZ” y diploma de honor, otorgado por el Gobierno Federal a través de la Secretaría de Educación Pública. Mayo de 2009</li>



<li>Nombramiento de Investigador Nacional Nivel I, por el Secretario Ejecutivo del Sistema Nacional de Investigadores del Consejo Nacional de Ciencia y Tecnología (CONACYT)</li>



<li>Premio a la Investigación 2004 por el Instituto Politécnico Nacional</li>



<li>Reconocimiento como finalista al premio nacional en ciencia y tecnología de alimentos, octubre de 2004</li>
</ul>



<h4 class="wp-block-heading">ÁRBITRO DE REVISTAS</h4>



<ul class="wp-block-list">
<li>Arbitro de la Revista Científica de Investigación “Nova Scientia”, reconocida en el padrón de revistas de CONACYT </li>



<li>Árbitro permanente de la Revista “TEMAS de Ciencia y Tecnología” reconocida por el CONACYT en el Índice de Revistas Mexicanas de Divulgación Científica y Tecnológica, y con registro en Latindex.</li>



<li>Árbitro de la revista Acta Universitaria de la Universidad de Guanajuato reconocida por el Índice de Revistas Mexicanas del CONACYT.</li>



<li>Árbitro de la revista Botanical Sciences (JCR) de la Universidad Nacional Autónoma de México</li>
</ul>



<h4 class="wp-block-heading">COMISIONES EVALUADORAS</h4>



<ul class="wp-block-list">
<li>Miembro del Registro CONACYT de Evaluadores Acreditados (RCEA) en el Área7 “Ingeniería e Industria” con el registro número RCEA-07-13269-2006</li>



<li>Evaluador del Programa de Estímulos a la Investigación (PEI), Desarrollo Tecnológico e Innovación del CONACYT</li>



<li>Miembro Evaluador del Fondo de Innovación Tecnológica (FIT) SECRETARÍA DE ECONOMÍA–CONACYT</li>



<li>Miembro Evaluador del Fondo Sectorial de Innovación (FINNOVA) SECRETARÍA DE ECONOMÍA-CONACYT</li>



<li>Miembro Evaluador del Fondo Sectorial para la Investigación, el Desarrollo y la Innovación Tecnológica Forestal de la Comisión Nacional Forestal (CONAFOR) y el CONACYT</li>



<li>Evaluador de las propuestas sometidas a la convocatoria de Apoyo al Fortalecimiento y Desarrollo de la Infraestructura Científica y Tecnológica 2016 del CONACYT</li>



<li>Evaluador del Fondo de Infraestructura del CONACYT</li>



<li>Miembro del comité Evaluador de Pares Académicos del Programa Nacional de Posgrado de Calidad (PNPC) del CONACYT</li>



<li>Miembro de los Comités de Pares Académicos para la Evaluación de Solicitudes de Estancias Posdoctorales del CONACYT</li>



<li>Miembro evaluador del Consejo Mexiquense de Ciencia y Tecnología (COMECYT), para evaluar el Programa Vinculación Universidad-Empresa en el Estado de México</li>



<li>Miembro evaluador del Consejo Mexiquense de Ciencia y Tecnología (COMECYT), para evaluar el Programa Desarrollo de Sistemas Estatales de Innovación en México.</li>
</ul>



<h4 class="wp-block-heading">MIEMBRO DE JURADO PARA OTORGAR PREMIOS ACADÉMICOS</h4>



<ul class="wp-block-list">
<li>Evaluador del Concurso Nacional de Prototipos de la Universidad Tecnológica de Valles Centrales de Oaxaca</li>



<li>Evaluador de proyectos del Concurso Nacional de Innovación Tecnológica del Instituto Tecnológico Superior de Teposcolula</li>



<li>Evaluador del Concurso Nacional de Prototipos de la Unidad de Educación Media Superior Tecnológica Industrial y de Servicios en el Estado de Oaxaca</li>



<li>Evaluador del Concurso de productos de innovación a partir de mezcal y/o agave de la Universidad Tecnológica de la Sierra Sur de Oaxaca “INNOVAGAVE”.</li>



<li>Evaluador del Concurso de experimentos y emprendedores: “Expociencia y Tecnología”, del Colegio de Bachilleres del Estado de Oaxaca.</li>



<li>Evaluador de proyectos de la Dirección General de Enseñanza Media Superior de Universidad Autónoma “Benito Juárez” de Oaxaca.</li>



<li>Evaluador del Concurso Anual de Emprendedores y Experimentos de la Dirección General de Enseñanza Media Superior de Universidad Autónoma “Benito Juárez” de Oaxaca</li>
</ul>



<h4 class="wp-block-heading">ASOCIACIONES Y REDES ACADÉMICAS</h4>



<ul class="wp-block-list">
<li>Sociedad Mexicana de Ingeniería Mecánica. Registrado con el número de socio 321</li>



<li>Miembro de la Red de Biotecnología, perteneciente a las redes de investigación y de expertos del IPN</li>



<li>Miembro de la Red Temática de Fuentes de Energía del CONACYT.</li>



<li>Miembro de la Red Temática de Ingeniería de Superficies y Tribología (REDISYT)</li>
</ul>



<h4 class="wp-block-heading">COLABORACIÓN DE OTRAS INSTITUCIONES</h4>



<ul class="wp-block-list">
<li>Se colabora de manera estrecha con la División de Estudios de Posgrado e Investigación del Instituto Tecnológico de Oaxaca, participando en proyectos de investigación, dirigiendo tesis de maestría y doctorado a invitación del Dr. Fernando Chiñas Castillo, en el marco de un Acuerdo Específico de colaboración académica.</li>
</ul>



<h4 class="wp-block-heading">DIVULGACIÓN DE LA CIENCIA:</h4>



<ul class="wp-block-list">
<li>Diversos trabajos de investigación presentados en CONGRESOS, COLOQUIOS, SIMPOSIOS, CONFERENCIAS y otros eventos académicos a nivel internacional, nacional y regional.</li>
</ul>



<h4 class="wp-block-heading">COMISIONES A NIVEL DEPENDENCIA POLITÉCNICA</h4>



<ul class="wp-block-list">
<li>Presidente del Cuerpo Académico de Ingeniería</li>



<li>Coordinador de Posgrado del Programa de Maestría en Ciencias en Conservación y Aprovechamiento de los Recursos Naturales</li>
</ul>



<p></p>

<p>DOCENCIA ESTANCIAS DE INVESTIGACIÓN DISTINCIONES Y PREMIOS RECIBIDOS ÁRBITRO DE REVISTAS COMISIONES EVALUADORAS MIEMBRO DE JURADO PARA OTORGAR PREMIOS ACADÉMICOS ASOCIACIONES Y REDES ACADÉMICAS COLABORACIÓN DE OTRAS INSTITUCIONES DIVULGACIÓN DE LA CIENCIA: COMISIONES A NIVEL DEPENDENCIA POLITÉCNICA</p>
