{"id":7,"date":"2011-10-31T19:30:04","date_gmt":"2011-10-31T19:30:04","guid":{"rendered":"https:\/\/web.ciidiroaxaca.ipn.mx\/mcaballero\/proyectos-de-investigacion\/"},"modified":"2025-10-22T14:24:42","modified_gmt":"2025-10-22T20:24:42","slug":"proyectos-de-investigacion","status":"publish","type":"page","link":"https:\/\/web.ciidiroaxaca.ipn.mx\/mcaballero\/proyectos-de-investigacion\/","title":{"rendered":"Proyectos de investigaci\u00f3n"},"content":{"rendered":"\n<h4 class=\"wp-block-heading has-text-align-center\">PROYECTOS DE INVESTIGACI\u00d3N DESARROLLADOS EN EL CIIDIR UNIDAD OAXACA IPN, DEL A\u00d1O 2000 A LA FECHA<\/h4>\n\n\n\n<h4 class=\"wp-block-heading has-text-align-center\"><em>DIRECTOR DE LOS SIGUIENTES PROYECTOS<\/em><\/h4>\n\n\n\n<h5 class=\"wp-block-heading\">Financiamiento Interno<\/h5>\n\n\n\n<ul class=\"wp-block-list\">\n<li>Dise\u00f1o y construcci\u00f3n de una m\u00e1quina multifuncional para desvainar, seleccionar y limpiar semillas de leguminosas en funci\u00f3n de sus caracter\u00edsticas f\u00edsico-mec\u00e1nicas y aerodin\u00e1micas de sus vainas. SIP: 20253848.<\/li>\n\n\n\n<li>Evaluaci\u00f3n del desempe\u00f1o de un molino de fibras de <em>Agave angustifolia<\/em> Haw con diferentes par\u00e1metros din\u00e1micos. SIP: 20241849.<\/li>\n\n\n\n<li>Caracterizaci\u00f3n de un biocompuesto a base de residuos de la cadena agave-mezcal, para elaborar \u00e1labes de aerogeneradores de baja potencia. SIP: 20231611<\/li>\n\n\n\n<li>Evaluaci\u00f3n de par\u00e1metros din\u00e1micos para la extracci\u00f3n de fibra de las hojas de <em>Agave angustifolia<\/em> Haw en verde. SIP: 20221685<\/li>\n\n\n\n<li>Estudio del comportamiento el\u00e1stico de las fibras de las hojas del <em>Agave angustifolia<\/em> Haw a trav\u00e9s de pruebas mec\u00e1nicas. SIP: 20211399<\/li>\n\n\n\n<li>Evaluaci\u00f3n de la energ\u00eda de corte del <em>Agave angustifolia<\/em> Haw bajo carga de impacto perpendicular y paralelo a las fibras del esp\u00e9cimen.&nbsp; SIP: 20201555<\/li>\n\n\n\n<li>Evaluaci\u00f3n t\u00e9rmica de un compuesto laminar con refuerzo de fibras de bagazo de <em>Agave angustifolia<\/em> Haw, para la industria de la construcci\u00f3n.&nbsp;SIP: 20195599<\/li>\n\n\n\n<li>Determinaci\u00f3n del coeficiente de fricci\u00f3n de un compuesto reforzado con fibras de bagazo de <em>Agave angustifolia<\/em> Haw, para uso en pastillas de frenado.&nbsp;SIP: 20181630<\/li>\n\n\n\n<li>Evaluaci\u00f3n de sustentabilidad en sistemas de producci\u00f3n maguey-mezcal artesanal, en el municipio de Villa Sola de Vega, Oaxaca.&nbsp;SIP: 20171074<\/li>\n\n\n\n<li>Evaluaci\u00f3n del rendimiento de especies de agave silvestres utilizadas en la producci\u00f3n artesanal del mezcal, para su propagaci\u00f3n por semilla. SIP: 20161319<\/li>\n\n\n\n<li>Producci\u00f3n de biog\u00e1s mediante los residuos generados en la cosecha del <em>Agave angustifolia<\/em> Haw, para la elaboraci\u00f3n de mezcal. SIP: 20151315<\/li>\n\n\n\n<li>Efecto de la longitud, orientaci\u00f3n y concentraci\u00f3n de las fibras de <em>Agave angustifolia<\/em> Haw, en las propiedades mec\u00e1nicas de un material reforzado. SIP: 20144096<\/li>\n\n\n\n<li>Dise\u00f1o y caracterizaci\u00f3n de un material aglomerado bio-compuesto a base de fibras de <em>Agave angustifolia<\/em> Haw, para el sellado de envases de bebidas espirituosas en la regi\u00f3n Sureste, M\u00e9xico. SIP: 20130838<\/li>\n\n\n\n<li>Innovaci\u00f3n de nuevos productos, compuestos a base de fibras de agave para usos industriales. SIP: 20121379<\/li>\n\n\n\n<li>Investigaci\u00f3n sobre nuevos usos y desarrollo de materiales biocompuestos, a partir de la biomasa como desecho del <em>Agave angustifolia<\/em> Haw, para comunidades productoras de mezcal. SIP: 20100472<\/li>\n\n\n\n<li>Investigaci\u00f3n y desarrollo tecnol\u00f3gico para el aprovechamiento de fuentes de energ\u00eda no convencionales en procesos artesanales de baja escala. SIP: 20080624<\/li>\n\n\n\n<li>Diversificaci\u00f3n del aprovechamiento del agave mezcalero <em>Agave angustifolia<\/em> Haw, a trav\u00e9s de la generaci\u00f3n de tecnolog\u00eda apropiada para la producci\u00f3n de mieles y mezcal en el estado de Oaxaca. SIP: 20060770<\/li>\n<\/ul>\n\n\n\n<h5 class=\"wp-block-heading\">Financiamiento Externo<\/h5>\n\n\n\n<ul class=\"wp-block-list\">\n<li>Desarrollo de un prototipo de palenque artesanal, optimizando el proceso de elaboraci\u00f3n del mezcal. Clave CONACYT: 140119. 01 enero-31 dic 2011<\/li>\n\n\n\n<li>Acabados y equipamiento de la nave de destilaci\u00f3n de licor de agave de administraci\u00f3n estatal en San Nicol\u00e1s Huajuapan, Municipio de Huehuetl\u00e1n el Grande, Puebla. Clave: CV09418. 01 enero- 31 diciembre 2010<\/li>\n<\/ul>\n\n\n\n<h4 class=\"wp-block-heading has-text-align-center\"><em>PARTICIPANTE EN LOS SIGUIENTES PROYECTOS<\/em><\/h4>\n\n\n\n<h5 class=\"wp-block-heading\">Financiamiento Interno<\/h5>\n\n\n\n<ul class=\"wp-block-list\">\n<li>Transferencia de tecnolog\u00eda para el proceso de fabricaci\u00f3n del mezcal en el Estado de Oaxaca. Clave CGPI: 20050653<\/li>\n\n\n\n<li>Estudio cinem\u00e1tico y din\u00e1mico de mecanismos para el dise\u00f1o de equipo de la industria mezcalera en el estado de Oaxaca. Clave CGPI: 200401<\/li>\n\n\n\n<li>Desarrollo de tecnolog\u00edas adecuadas para el proceso de fabricaci\u00f3n del mezcal en el estado de Oaxaca. Clave CGPI: 20020524.<\/li>\n\n\n\n<li>Tecnificaci\u00f3n del proceso de fabricaci\u00f3n del mezcal en Santiago Matatl\u00e1n, Estado de Oaxaca. Clave CGPI 990392<\/li>\n\n\n\n<li>Financiamiento Externo<\/li>\n\n\n\n<li>Aprovechamiento de los residuos org\u00e1nicos de las agroindustrias del mezcal y de la copra del estado de Oaxaca. Financiado por la Fundaci\u00f3n \u201cAlfredo Harp Helu\u201d.<\/li>\n\n\n\n<li>Diversificaci\u00f3n del aprovechamiento del agave mezcalero <em>Agave angustifolia<\/em> Haw, a trav\u00e9s de la generaci\u00f3n de tecnolog\u00eda apropiada para la producci\u00f3n de mieles y mezcal en el estado de Oaxaca. Financiado por la Fundaci\u00f3n \u201cAlfredo Harp Helu\u201d.<\/li>\n<\/ul>\n\n\n\n<div class=\"wp-block-columns is-layout-flex wp-container-core-columns-is-layout-28f84493 wp-block-columns-is-layout-flex\">\n<div class=\"wp-block-column is-layout-flow wp-block-column-is-layout-flow\" style=\"flex-basis:100%\">\n<p><\/p>\n\n\n\n<h4 class=\"wp-block-heading has-text-align-center\"><em>DESARROLLOS TECNOL\u00d3GICOS DE MAYOR IMPACTO REALIZADOS DEL A\u00d1O 2000 A LA FECHA<\/em><\/h4>\n<\/div>\n<\/div>\n\n\n\n<ul class=\"wp-block-list\">\n<li>2019. Desarrollo tecnol\u00f3gico de un prototipo triturador de fibra seca con cicl\u00f3n colector de part\u00edculas.<\/li>\n\n\n\n<li>2018. Prototipo de molde por inyecci\u00f3n para generar probetas de pl\u00e1stico y fibras.<\/li>\n\n\n\n<li>2017. Prototipo de molde por inyecci\u00f3n para generar probetas de materiales para fricci\u00f3n.<\/li>\n\n\n\n<li>2016. Desarrollo tecnol\u00f3gico de un prototipo pulverizador de fibra de bagazo de agave para elaborar biocompuestos.<\/li>\n\n\n\n<li>2015. Desarrollo tecnol\u00f3gico de un prototipo de operaci\u00f3n manual de llenadora de botellas de mezcal.<\/li>\n\n\n\n<li>2014. Desarrollo tecnol\u00f3gico de un prototipo para generar probetas cil\u00edndricas de un biocompuesto.<\/li>\n\n\n\n<li>2013. Desarrollo tecnol\u00f3gico del prototipo de molino con rueda de piedra mecanizada para moler <em>Agave angustifolia<\/em> Haw hidrolizado para la producci\u00f3n de mezcal artesanal.<\/li>\n\n\n\n<li>2013. Desarrollo tecnol\u00f3gico de una m\u00e1quina desfibradora de hojas en verde del <em>Agave angustifolia<\/em> Haw.<\/li>\n\n\n\n<li>2011. Innovaci\u00f3n de la fase de destilaci\u00f3n del proceso de fabricaci\u00f3n de mezcal.<\/li>\n\n\n\n<li>2011. Innovaci\u00f3n de la fase de fermentaci\u00f3n del proceso de fabricaci\u00f3n del mezcal.<\/li>\n\n\n\n<li>2011. Desarrollo tecnol\u00f3gico de una m\u00e1quina de molienda de ciclo semicerrado para agave hidrolizado.<\/li>\n\n\n\n<li>2011. Desarrollo tecnol\u00f3gico de un tren de maquinaria para el exprimido y lavado de fibras de <em>Agave angustifolia<\/em> Haw cocido, para eficientar la producci\u00f3n de mezcal artesanal.<\/li>\n\n\n\n<li>2011. Desarrollo tecnol\u00f3gico de un tren de hornos para la fase de destilaci\u00f3n de mezcal.<\/li>\n\n\n\n<li>2011. Dise\u00f1o del equipamiento e infraestructura de una planta destiladora de licor de agave ubicada en la comunidad de San Nicol\u00e1s Huajuapan, Municipio de Huehuetl\u00e1n El Grande, Puebla.<\/li>\n\n\n\n<li>2010. Dise\u00f1o de una planta destiladora de licor de agave.<\/li>\n\n\n\n<li>2009. Desarrollo tecnol\u00f3gico de un molino de martillos con elementos percutores para obtener part\u00edculas de NIM y tepezcohuite a una granulometr\u00eda de malla 75.<\/li>\n\n\n\n<li>2009. Desarrollo tecnol\u00f3gico de una m\u00e1quina para obtener harina de nopal con 5 % de humedad.<\/li>\n\n\n\n<li>2009. Prototipo generador de probetas c\u00fabicas para la extracci\u00f3n de jugos de agave en la obtenci\u00f3n de carbohidratos (fructanos).<\/li>\n\n\n\n<li>2009. Desarrollo tecnol\u00f3gico de una m\u00e1quina desgarradora de biomasa hidrolizada de agave.<\/li>\n\n\n\n<li>2008. Dise\u00f1o de un prototipo de molino de corte radial para el procesamiento de nopal <em>Opuntia ficus indica<\/em> en verde.<\/li>\n\n\n\n<li>2007. Dise\u00f1o de un evaporador para mieles de agave.<\/li>\n\n\n\n<li>2007. Dise\u00f1o y construcci\u00f3n de un prototipo molino de timbiriche para planta piloto del CEPROBI Yautepec Morelos.<\/li>\n\n\n\n<li>2006. Dise\u00f1o y construcci\u00f3n de un prototipo molino extractor de rodillos en acero inoxidable para la extracci\u00f3n de jugos de agave en verde y cocido.<\/li>\n\n\n\n<li>2006. Dise\u00f1o y construcci\u00f3n de una torre de enfriamiento para la fase de destilaci\u00f3n y fermentaci\u00f3n del proceso de fabricaci\u00f3n del mezcal.<\/li>\n\n\n\n<li>2006. Dise\u00f1o y construcci\u00f3n de un transportador de canjilones para jugo y agave cocido.<\/li>\n\n\n\n<li>2006. Dise\u00f1o y construcci\u00f3n de una m\u00e1quina seccionadora de <em>Agave angustifolia<\/em> Haw en verde.<\/li>\n\n\n\n<li>2005. Desarrollo tecnol\u00f3gico dise\u00f1o de una autoclave para la cocci\u00f3n de maguey mezcalero para la producci\u00f3n de mieles de agave y mezcal.<\/li>\n\n\n\n<li>2005. Estudio de Metrolog\u00eda Dimensional de Mallas.<\/li>\n\n\n\n<li>2005. Desarrollo tecnol\u00f3gico de un molino para el aprovechamiento de los residuos org\u00e1nicos de las agroindustrias del mezcal y la copra.<\/li>\n\n\n\n<li>2004. Dise\u00f1o y construcci\u00f3n de compuerta herm\u00e9tica para una autoclave para la cocci\u00f3n de agave mezcalero.<\/li>\n\n\n\n<li>2004. Dise\u00f1o y construcci\u00f3n de un molino de martillos para procesar hierbas medicinales para una comunidad de Baja California, (Empresa Anclatek, S. A. de C. V).<\/li>\n\n\n\n<li>2004. Dise\u00f1o y construcci\u00f3n de una m\u00e1quina freidora de tostadas, para peque\u00f1o productor de la comunidad de Santiago Etla, Oaxaca.<\/li>\n\n\n\n<li>2003. Dise\u00f1o de un sistema distribuidor de vapor de un equipo autoclave para la cocci\u00f3n de maguey mezcalero. Junio-diciembre.<\/li>\n\n\n\n<li>2003. Dise\u00f1o de un sistema de rotaci\u00f3n de una autoclave para la cocci\u00f3n de agave mezcalero para 5 toneladas.<\/li>\n\n\n\n<li>2002. Dise\u00f1o y construcci\u00f3n de un transportador de agave en verde.<\/li>\n\n\n\n<li>2002. Dise\u00f1o y construcci\u00f3n de una m\u00e1quina de molienda de materiales vegetales.<\/li>\n<\/ul>\n\n\n\n<p><\/p>\n","protected":false},"excerpt":{"rendered":"<p>PROYECTOS DE INVESTIGACI\u00d3N DESARROLLADOS EN EL CIIDIR UNIDAD OAXACA IPN, DEL A\u00d1O 2000 A LA FECHA DIRECTOR DE LOS SIGUIENTES PROYECTOS Financiamiento Interno Financiamiento Externo PARTICIPANTE EN LOS SIGUIENTES PROYECTOS Financiamiento Interno DESARROLLOS TECNOL\u00d3GICOS DE MAYOR IMPACTO REALIZADOS DEL A\u00d1O 2000 A LA FECHA<\/p>\n","protected":false},"author":11,"featured_media":0,"parent":0,"menu_order":0,"comment_status":"closed","ping_status":"closed","template":"","meta":{"_swt_meta_header_display":false,"_swt_meta_footer_display":false,"_swt_meta_site_title_display":false,"_swt_meta_sticky_header":false,"_swt_meta_transparent_header":false,"footnotes":""},"class_list":["post-7","page","type-page","status-publish","hentry"],"_links":{"self":[{"href":"https:\/\/web.ciidiroaxaca.ipn.mx\/mcaballero\/wp-json\/wp\/v2\/pages\/7","targetHints":{"allow":["GET"]}}],"collection":[{"href":"https:\/\/web.ciidiroaxaca.ipn.mx\/mcaballero\/wp-json\/wp\/v2\/pages"}],"about":[{"href":"https:\/\/web.ciidiroaxaca.ipn.mx\/mcaballero\/wp-json\/wp\/v2\/types\/page"}],"author":[{"embeddable":true,"href":"https:\/\/web.ciidiroaxaca.ipn.mx\/mcaballero\/wp-json\/wp\/v2\/users\/11"}],"replies":[{"embeddable":true,"href":"https:\/\/web.ciidiroaxaca.ipn.mx\/mcaballero\/wp-json\/wp\/v2\/comments?post=7"}],"version-history":[{"count":10,"href":"https:\/\/web.ciidiroaxaca.ipn.mx\/mcaballero\/wp-json\/wp\/v2\/pages\/7\/revisions"}],"predecessor-version":[{"id":91,"href":"https:\/\/web.ciidiroaxaca.ipn.mx\/mcaballero\/wp-json\/wp\/v2\/pages\/7\/revisions\/91"}],"wp:attachment":[{"href":"https:\/\/web.ciidiroaxaca.ipn.mx\/mcaballero\/wp-json\/wp\/v2\/media?parent=7"}],"curies":[{"name":"wp","href":"https:\/\/api.w.org\/{rel}","templated":true}]}}