{"id":6,"date":"2011-10-31T19:21:12","date_gmt":"2011-10-31T19:21:12","guid":{"rendered":"https:\/\/web.ciidiroaxaca.ipn.mx\/mcaballero\/publicaciones\/"},"modified":"2025-10-22T14:21:07","modified_gmt":"2025-10-22T20:21:07","slug":"publicaciones","status":"publish","type":"page","link":"https:\/\/web.ciidiroaxaca.ipn.mx\/mcaballero\/publicaciones\/","title":{"rendered":"Publicaciones"},"content":{"rendered":"\n<h4 class=\"wp-block-heading\">Art\u00edculos en Revistas\/Journals<\/h4>\n\n\n\n<h5 class=\"wp-block-heading\"><strong>2025<\/strong><\/h5>\n\n\n\n<ul class=\"wp-block-list\">\n<li>Cruz, E. J. D., Chi\u00f1as, C. F., Alav\u00e9z R. R., and <strong>Caballero, C. M<\/strong>. 2025. Passive Design Guidelines for Bioclimatic Zones in Southern Mexico. In: W. Leal Filho et al. (eds.). Handbook of Nature-Based Solutions to Mitigation and Adaptation to Climate Change, <a href=\"https:\/\/doi.org\/10.1007\/978-3-030-98067-2_22-1\">https:\/\/doi.org\/10.1007\/978-3-030-98067-2_22-1<\/a> Springer Nature Switzerland 2025<\/li>\n\n\n\n<li>Jim\u00e9nez-Mendoza, J. A., Feria-Reyes, R., Garc\u00eda-Montalvo, I. A., P\u00e9rez-Santiago, A. D., S\u00e1nchez-Medina, M. A., <strong>Caballero-Caballero, M<\/strong>., Varapizuela-S\u00e1nchez, C. F., Mart\u00ednez-L\u00f3pez, M., and Robledo-Taboada, L.H. 2025. Microstructural characterization and evaluation of the physical and chemical quality of specialty roasted Coffea arabica L. with Pluma designation of origin. Quality Assurance and Safety of Crops &amp; Foods, 17(2): 58-74. ISSN 1757-837X online, DOI 10.15586\/qas.v17i2.1528<\/li>\n<\/ul>\n\n\n\n<h5 class=\"wp-block-heading\">2024<\/h5>\n\n\n\n<ul class=\"wp-block-list\">\n<li>Alavez-Ramirez, R., Chi\u00f1as-Castillo, F., Mart\u00ednez-Reyes, J., Caballero-Montes, J. L., <strong>Caballero-Caballero, M<\/strong>., Morales-Dominguez, V. J., Ortiz-Guzman, M., Robledo-Taboada, L. H., Juarez-Arellano, E. A., and Serrano-De la Rosa, L. E., 2024. Thermal Performance of Novel Eco-Friendly Prefabricated Walls for Thermal Comfort in Temperate Climates. Sustainability (16): 9349. https:\/\/doi.org\/10.3390\/su16219349. ISSN: 2071-1050.\u00a0<\/li>\n\n\n\n<li>Robledo-Taboada, L. H., Chinas-Castillo, F., <strong>Caballero-Caballero, M<\/strong>., Camacho-L\u00f3pez, S., M\u00e9ndez-Blas, A., Jim\u00e9nez-Jarqu\u00edn, J. F., Feria-Reyes, R., Suarez-Mart\u00ednez, R., Serrano-de la Rosa, L. E., Barranco-Cisneros, J., and Alavez-Ramirez, R. 2024. Hybrid micro and nanostructured silicon surfaces fabricated by laser ablation and electrochemistry. Journal of Materials Research and Technology (33):\u00a0 3275\u20133282. <a href=\"https:\/\/doi.org\/10.1016\/j.jmrt.2024.10.005\">https:\/\/doi.org\/10.1016\/j.jmrt.2024.10.005.\u00a0<\/a>ISSN: 2214-0697.<\/li>\n<\/ul>\n\n\n\n<h5 class=\"wp-block-heading\">2023<\/h5>\n\n\n\n<ul class=\"wp-block-list\">\n<li>Ju\u00e1rez-L\u00f3pez, C. R., Chi\u00f1as-Castillo, F., Alavez-Ramirez, R., <strong>Caballero-Caballero, M<\/strong>. 2023. Chapter Handbook of Nature-Based Solutions to Mitigation and Adaptation to Climate Change: Mezcal Agroindustry Contribution to Climate Change in Oaxaca. Springer Nature Switzerland AG 2023W. <br><a href=\"https:\/\/doi.org\/10.1007\/978-3-03098067-2_60-1\" target=\"_blank\" rel=\"noreferrer noopener\">https:\/\/doi.org\/10.1007\/978-3-03098067-2_60-1<\/a><\/li>\n<\/ul>\n\n\n\n<h5 class=\"wp-block-heading\">2022<\/h5>\n\n\n\n<ul class=\"wp-block-list\">\n<li>R\u00edos-Col\u00edn, A. C., Ruiz-Vega, J., <strong>Caballero-Caballero, M.<\/strong>, Silva-Rivera, M. E., Montes-Bernab\u00e9, J. L. 2022. Evaluaci\u00f3n longitudinal de la sustentabilidad del subsistema de producci\u00f3n maguey-mezcal artesanal, en el municipio de Villa Sola de Vega, Oaxaca, M\u00e9xico. Tropical and Subtropical Agroecosystems 25 (43): 1-25.<\/li>\n\n\n\n<li><strong>Caballero-Caballero, M.<\/strong>, Chi\u00f1as-Castillo, F., Gomez\u2011Guerrero, A.V., Valdez\u2011Vazquez, I., Alavez-Ram\u00edrez, R., Montes- Bernabe, J. L. 2022. Activated sludge as inoculum improves methane production and community functionality during the anaerobic digestion of mixed agave wastes. &nbsp;Biomass Conversion and Biorefinery <a href=\"https:\/\/doi.org\/10.1007\/s13399-022-02718-4\" target=\"_blank\" rel=\"noreferrer noopener\">https:\/\/doi.org\/10.1007\/s13399-022-02718-4<\/a><\/li>\n\n\n\n<li>Cruz-Elvira, J. D., Chi\u00f1as-Castillo, F., Alavez-Ram\u00edrez, R., <strong>Caballero-Caballero, M.<\/strong>, L\u00e1zaro-Fern\u00e1ndez, A., Delgado-Gracia, M., Su\u00e1rez-Mart\u00ednez, R. 2022. A novel dodecanol\/tepexil PCM composite for thermal energy storage in buildings. Materials Chemistry and Physics, Vol. 284. &nbsp;<a href=\"https:\/\/dx.doi.org\/101016\/j.matchemphys.2022.126067\" target=\"_blank\" rel=\"noreferrer noopener\">https:\/\/dx.doi.org\/101016\/j.matchemphys.2022.126067<\/a><\/li>\n\n\n\n<li>Robledo-Taboada, L. H., Jimenez-Jarquin, F. J., Chi\u00f1as-Castillo, F., Mendez-Blas, A., Camacho-Lopez, S., Serrano-de la Rosa, L. E., <strong>Caballero-Caballero, M.<\/strong>, Alavez-Ramirez, R., Bartolo-Aleman, M. H., Enriquez-Porras, E. N. 2022. Tribological performance of porous silicon hydrophobic and hydrophilic surfaces. Journal of Materials Research and Technology, 19:3942- 3953. <a href=\"https:\/\/doi.org\/10.1016\/j.matchemphys.2022.126067\" target=\"_blank\" rel=\"noreferrer noopener\">https:\/\/doi.org\/10.1016\/j.matchemphys.2022.126067<\/a><\/li>\n\n\n\n<li>P\u00e9rez del Rio, R., Hidalgo, R. M., <strong>Caballero, C. M.<\/strong>, Hern\u00e1ndez, G. L. H. 2022. Multi-objective optimization through artificial intelligence for designing of an Agave angustifolia leaf shredder. Scientia Agropecuaria 13(3): 291-299.DOI: &nbsp;<a href=\"https:\/\/dx.doi.org\/10.17268\/sci.agropecu.2022.026\" target=\"_blank\" rel=\"noreferrer noopener\">https:\/\/dx.doi.org\/10.17268\/sci.agropecu.2022.026<\/a><\/li>\n\n\n\n<li>Alav\u00e9z-Ram\u00edrez, R., Chi\u00f1as-Castillo, F., <strong>Caballero-Caballero, M.<\/strong>, Morales-Dom\u00ednguez, V. J., Ortiz-Guzm\u00e1n, M., Silva-Rivera, M. E., Jimenez-Pi\u00f1on, R. C., Ramos-Alonso, A. 2022. Sugar Cane Products as a Sustainable Construction Material. Case Study: Thermophysical Properties of a Corncob and Cane Bagasse Ash Panel. In: Bimal Kumar Ghimire (eds.). Sugarcane &#8211; Its Products and Sustainability, 22 p\u00e1gs. DOI:https:\/\/dx.doi.org\/10.5772\/intechopen.107473<\/li>\n<\/ul>\n\n\n\n<h5 class=\"wp-block-heading\">2019<\/h5>\n\n\n\n<ul class=\"wp-block-list\">\n<li>Mart\u00ednez, J. R., Ruiz, V., J., <strong>Caballero, C. M.<\/strong>, Silva, R. M. E. and Montes, B. J. L., 2019. Agaves silvestres y cultivados empleados en la elaboraci\u00f3n de mezcal en Sola de Vega, Oaxaca, M\u00e9xico. Tropical and Subtropical Agroecosystems, 22: 477-485. <a href=\"https:\/\/revista.ccba.uady.mx\/ojs\/index.hph\/TSA\/article\/view\/2750\" target=\"_blank\" rel=\"noreferrer noopener\">https:\/\/revista.ccba.uady.mx\/ojs\/index.hph\/TSA\/article\/view\/2750<\/a><\/li>\n\n\n\n<li>G\u00f3mez-Guerrero, A- V., Valdez-Vazquez, I., <strong>Caballero-Caballero, M.<\/strong>, Chi\u00f1as-Castillo, F., Alav\u00e9z-Ram\u00edrez, R., Montes-Bernab\u00e9, J. L. 2019. Co-digestion of Agave angustifolia Haw bagasse and vinasses for biogas production from mezcal industry; Revista Mexicana de Ingenier\u00eda Qu\u00edmica; Vol. 18, (3):1073-1083. &nbsp;<a href=\"https:\/\/dx.doi.org\/10.24275\/uam\/izt\/dcbi\/revmexingquim\/2019v18n3\/Gomez\" target=\"_blank\" rel=\"noreferrer noopener\">https:\/\/dx.doi.org\/10.24275\/uam\/izt\/dcbi\/revmexingquim\/2019v18n3\/Gomez<\/a><\/li>\n\n\n\n<li>Alfaro-P\u00e9rez, E.,&nbsp; Chi\u00f1as-Castilloa, F.,&nbsp; Flores-Ruiz, F. J., Alavez-Ramirez, R., <strong>Caballero-Caballero, M.<\/strong>, &nbsp;Lara-Romero, J. 2019.&nbsp; Friction and Wear Behavior of Multilayer [Al\/AlN]n Coatings Deposited on AISI52100 Steel.&nbsp; Protection of Metals and Physical Chemistry of Surfaces, Vol. 55, (3): 527\u2013534; DOI: 10.1134\/S207020511903002X<\/li>\n<\/ul>\n\n\n\n<h5 class=\"wp-block-heading\"><strong>2018<\/strong><\/h5>\n\n\n\n<ul class=\"wp-block-list\">\n<li>Alavez-Ram\u00edrez, R., Chi\u00f1as-Castillo, F., Morales-Dom\u00ednguez, V. J., Ortiz-Guzm\u00e1n, M., <strong>Caballero-Montes, J.<\/strong> L. and M. Caballero-Caballero. 2018. Thermal lag and decrement factor of constructive component reinforced mortar channels filled with soil\u2013cement\u2013sawdust. Indoor and Built Environment. Vol. 27(4): 466\u2013485. DOI: 10.1177\/1420326X16676611<\/li>\n\n\n\n<li><strong>Caballero-Caballero, M.<\/strong>, Chinas-Castillo, F., Montes- Bernab\u00e9, J. L., Alav\u00e9z-Ramirez, R., Silva- Rivera, M. E. 2018. Effect on compressive and flexural strength of agave fiber reinforced adobes. &nbsp;Journal of Natural Fibers, VOL. 15, (4): 575\u2013585. &nbsp;<a href=\"https:\/\/dx.doi.org\/10.1080\/15440478.2017.1349709\" target=\"_blank\" rel=\"noreferrer noopener\">https:\/\/dx.doi.org\/10.1080\/15440478.2017.1349709<\/a><\/li>\n\n\n\n<li>Garc\u00eda-Rom\u00e1n, I., S\u00e1nchez-Medina, P. S., D\u00edaz-Pichardo, R., <strong>Caballero-Caballero, M.<\/strong> 2018. Environmental strategy and competitive advantage in mezcal businesses in Oaxaca, Mexico; International Journal of Management and Marketing Research, Vol. 11 (1): 41-54 ISSN: 1931-0269 (print) ISSN: 2157-0698 (online).<\/li>\n\n\n\n<li>Olivera, A. A., <strong>Caballero- Caballero, M<\/strong>., Alav\u00e9z- Ram\u00edrez, R., Chi\u00f1as \u2013Castillo, F., Montes \u2013Bernab\u00e9, J. L., Silva- Rivera, M. E. 2018. Biocomposite tepexil cement reinforced with fibers of Agave angustifolia Haw. as a light mortar. Revista Mexicana de Ciencias Agr\u00edcolas, Special volumen (21): 4406-4415; ISSN: 2007-0934 (print) ISSN: 2007-9230 (online).<\/li>\n\n\n\n<li>Rosario Diaz, A., Alavez- Ramirez, R., <strong>Caballero Caballero, M.<\/strong>, Chi\u00f1as- Castillo, F., Montes-Bernab\u00e9, J. L., Silva- Rivera, M. E. 2018. Analysis of hygrothermal conditions for laying hens in the state of Oaxaca; Revista Mexicana de Ciencias Agr\u00edcolas, Special volume (21): 4317-4327; ISSN: 2007-0934 (print) ISSN: 2007-9230 (online).<\/li>\n<\/ul>\n\n\n\n<h5 class=\"wp-block-heading\"><strong>2015<\/strong><\/h5>\n\n\n\n<ul class=\"wp-block-list\">\n<li>Hidalgo-Reyes, M., <strong>Caballero-Caballero, M.<\/strong>, Hern\u00e1ndez-G\u00f3mez, L. H., Urriolagoitia-Calder\u00f3n, G., 2015. Chemical and morphological characterization of Agave angustifolia bagasse fibers; Botanical Sciences 93 (4): 807-817; ISSN: 2007-4298; 2015; DOI: 10.17129\/botsci.250<\/li>\n<\/ul>\n\n\n\n<h5 class=\"wp-block-heading\"><strong>2013<\/strong><\/h5>\n\n\n\n<ul class=\"wp-block-list\">\n<li>P\u00e9rez del R\u00edo, R., <strong>Caballero, C. M.<\/strong>, Hern\u00e1ndez, G. L. H., Montes, B. J. L. 2013. Dise\u00f1o y construcci\u00f3n de una desfibradora de hojas de <em>Agave angustifolia<\/em> Haw. Revista Ciencias T\u00e9cnicas Agropecuarias; ISSN-1010-2760, RNPS-0111, Vol. 22(No. Esp.): 5-14.<\/li>\n\n\n\n<li><strong>Caballero, C. M<\/strong>., Montes, B. J.L., Silva, R. M. E. 2013. Innovaci\u00f3n de un molino de agave cocido para la producci\u00f3n de mezcal. Revista Ciencias T\u00e9cnicas Agropecuarias; ISSN-1010-2760, RNPS-0111, Vol. 22(No. Esp.): 45-49.<\/li>\n<\/ul>\n\n\n\n<h5 class=\"wp-block-heading\"><strong>2012<\/strong><\/h5>\n\n\n\n<ul class=\"wp-block-list\">\n<li><strong>Caballero- Caballero. M.<\/strong>, Silva- Santos, L., Montes- Bernab\u00e9, J. L. 2012. Dise\u00f1o de un sistema de recirculaci\u00f3n y enfriamiento del agua para la destilaci\u00f3n del mezcal. Revista Mexicana De Ciencias Agr\u00edcolas, Vol. 3(No. Esp.): 774 \u2013 784.<\/li>\n<\/ul>\n\n\n\n<h5 class=\"wp-block-heading\"><strong>2009<\/strong><\/h5>\n\n\n\n<ul class=\"wp-block-list\">\n<li>Silva-Santos, L., Hern\u00e1ndez-G\u00f3mez, L. H., <strong>Caballero-Caballero, M.<\/strong>, L\u00f3pez-Hern\u00e1ndez, I. 2009. Tensile strength of fibers extracted from the leaves of the Agave angustifolia Haw agave in function of their length. Applied Mechanics and Materials, Trans Tech Publications, Switzerland (15):103-108.&nbsp; ISSN: 1660-9336.<\/li>\n<\/ul>\n\n\n\n<h5 class=\"wp-block-heading\"><strong>2007<\/strong><\/h5>\n\n\n\n<ul class=\"wp-block-list\">\n<li>Hern\u00e1ndez Gir\u00f3n, J. P., Dom\u00ednguez Hern\u00e1ndez, M. L.,<strong> Caballero Caballero, M.<\/strong> 2007. Factores de Innovaci\u00f3n en Negocios de Artesan\u00eda de M\u00e9xico; Gesti\u00f3n y Pol\u00edtica P\u00fablica; Vol. XVI,&nbsp;(2): 353-380.&nbsp; ISSN: 1405-1079&nbsp;<\/li>\n<\/ul>\n\n\n\n<h5 class=\"wp-block-heading\"><strong>2005<\/strong><\/h5>\n\n\n\n<ul class=\"wp-block-list\">\n<li>Hern\u00e1ndez Gir\u00f3n, J. P., Dom\u00ednguez Hern\u00e1ndez, M. L.,<strong> Caballero Caballero, M.<\/strong>&nbsp;2005.&nbsp;Innovaci\u00f3n de producto y aprendizaje dirigido en alfarer\u00eda en Oaxaca, M\u00e9xico;&nbsp;Revista de Ciencias Sociales;&nbsp;Vol. XI (2); ISSN 1315 \u2013 9518.&nbsp;&nbsp;<\/li>\n<\/ul>\n\n\n\n<h5 class=\"wp-block-heading\"><strong>2004<\/strong><\/h5>\n\n\n\n<ul class=\"wp-block-list\">\n<li><strong>Caballero Caballero, M.<\/strong>,&nbsp;Silva Santos, L. 2004.&nbsp;Dise\u00f1o y construcci\u00f3n de una m\u00e1quina para extraer las semillas del fruto del achiote (<em>Bixa orellana<\/em>); Naturaleza y Desarrollo, Vol. 2 (2): 49-59; ISSN 1665-8531.<\/li>\n\n\n\n<li>Hern\u00e1ndez Gir\u00f3n, J. P., Dom\u00ednguez Hern\u00e1ndez, M. L., <strong>Caballero Caballero, M.<\/strong> 2004. Innovaci\u00f3n y transferencia tecnol\u00f3gica de un proceso de fabricaci\u00f3n de alfarer\u00eda vidriada sin plomo; ISBN\u00a0 970\u201336-0292-4<\/li>\n<\/ul>\n\n\n\n<p><\/p>\n","protected":false},"excerpt":{"rendered":"<p>Art\u00edculos en Revistas\/Journals 2025 2024 2023 2022 2019 2018 2015 2013 2012 2009 2007 2005 2004<\/p>\n","protected":false},"author":11,"featured_media":0,"parent":0,"menu_order":0,"comment_status":"closed","ping_status":"closed","template":"","meta":{"_swt_meta_header_display":false,"_swt_meta_footer_display":false,"_swt_meta_site_title_display":false,"_swt_meta_sticky_header":false,"_swt_meta_transparent_header":false,"footnotes":""},"class_list":["post-6","page","type-page","status-publish","hentry"],"_links":{"self":[{"href":"https:\/\/web.ciidiroaxaca.ipn.mx\/mcaballero\/wp-json\/wp\/v2\/pages\/6","targetHints":{"allow":["GET"]}}],"collection":[{"href":"https:\/\/web.ciidiroaxaca.ipn.mx\/mcaballero\/wp-json\/wp\/v2\/pages"}],"about":[{"href":"https:\/\/web.ciidiroaxaca.ipn.mx\/mcaballero\/wp-json\/wp\/v2\/types\/page"}],"author":[{"embeddable":true,"href":"https:\/\/web.ciidiroaxaca.ipn.mx\/mcaballero\/wp-json\/wp\/v2\/users\/11"}],"replies":[{"embeddable":true,"href":"https:\/\/web.ciidiroaxaca.ipn.mx\/mcaballero\/wp-json\/wp\/v2\/comments?post=6"}],"version-history":[{"count":9,"href":"https:\/\/web.ciidiroaxaca.ipn.mx\/mcaballero\/wp-json\/wp\/v2\/pages\/6\/revisions"}],"predecessor-version":[{"id":89,"href":"https:\/\/web.ciidiroaxaca.ipn.mx\/mcaballero\/wp-json\/wp\/v2\/pages\/6\/revisions\/89"}],"wp:attachment":[{"href":"https:\/\/web.ciidiroaxaca.ipn.mx\/mcaballero\/wp-json\/wp\/v2\/media?parent=6"}],"curies":[{"name":"wp","href":"https:\/\/api.w.org\/{rel}","templated":true}]}}