{"id":7,"date":"2011-10-21T16:23:27","date_gmt":"2011-10-21T16:23:27","guid":{"rendered":"https:\/\/web.ciidiroaxaca.ipn.mx\/mbautistac\/dra-martha-angelica-bautista-cruz\/"},"modified":"2025-10-10T16:17:25","modified_gmt":"2025-10-10T16:17:25","slug":"dra-martha-angelica-bautista-cruz","status":"publish","type":"page","link":"https:\/\/web.ciidiroaxaca.ipn.mx\/mbautistac\/","title":{"rendered":"Dra. Martha Ang\u00e9lica Bautista Cruz"},"content":{"rendered":"\n<figure class=\"wp-block-image aligncenter is-resized\"><img loading=\"lazy\" decoding=\"async\" width=\"900\" height=\"1200\" src=\"https:\/\/web.ciidiroaxaca.ipn.mx\/mbautistac\/wp-content\/uploads\/sites\/47\/2011\/10\/IMG_20210115_123623526.jpg\" alt=\"\" class=\"wp-image-4\" style=\"width:480px;height:auto\" srcset=\"https:\/\/web.ciidiroaxaca.ipn.mx\/mbautistac\/wp-content\/uploads\/sites\/47\/2011\/10\/IMG_20210115_123623526.jpg 900w, https:\/\/web.ciidiroaxaca.ipn.mx\/mbautistac\/wp-content\/uploads\/sites\/47\/2011\/10\/IMG_20210115_123623526-225x300.jpg 225w, https:\/\/web.ciidiroaxaca.ipn.mx\/mbautistac\/wp-content\/uploads\/sites\/47\/2011\/10\/IMG_20210115_123623526-768x1024.jpg 768w\" sizes=\"auto, (max-width: 900px) 100vw, 900px\" \/><\/figure>\n\n\n\n<h3 class=\"wp-block-heading has-text-align-center\"><strong>Doctora en Ciencias Biol\u00f3gicas<\/strong><\/h3>\n\n\n\n<p class=\"has-text-align-center\">&nbsp;Profesora Titular de los Programas de Maestr\u00eda y Doctorado en Ciencias en Conservaci\u00f3n y Aprovechamiento de Recursos Naturales del CIIDIR Oaxaca, Instituto Polit\u00e9cnico Nacional<\/p>\n\n\n\n<h3 class=\"wp-block-heading has-text-align-center\">Investigadora Nacional Nivel II<\/h3>\n\n\n\n<p class=\"has-text-align-center\">Correo electr\u00f3nico:&nbsp;<a href=\"mailto:mbautistac@ipn.mx\">mbautistac@ipn.mx<\/a><\/p>\n\n\n\n<hr class=\"wp-block-separator has-alpha-channel-opacity\" \/>\n\n\n\n<ul class=\"wp-block-list\">\n<li>Reconocimiento al M\u00e9rito Agron\u00f3mico 2022 (SEDAPA-FAEO-ITVO)<\/li>\n\n\n\n<li>Premio a la Investigaci\u00f3n 2019 por la Universidad Aut\u00f3noma Metropolitana<\/li>\n\n\n\n<li>Reconocimiento \u00ab\u00c1ngela Jim\u00e9nez\u00bb 2019<\/li>\n\n\n\n<li>Premio Estatal de Ciencia, Tecnolog\u00eda e Innovaci\u00f3n 2014<\/li>\n<\/ul>\n\n\n\n<hr class=\"wp-block-separator has-alpha-channel-opacity\" \/>\n\n\n\n<p><strong>\u00c1reas de inter\u00e9s:<\/strong>&nbsp;Calidad de suelos. Din\u00e1mica de la Materia Org\u00e1nica del Suelo. Fertilidad biol\u00f3gica. Bacterias promotoras del crecimiento vegetal. Nutrici\u00f3n de agaves mezcaleros silvestres y cultivados.&nbsp;<\/p>\n\n\n\n<figure class=\"wp-block-image aligncenter\"><img loading=\"lazy\" decoding=\"async\" width=\"1200\" height=\"639\" src=\"https:\/\/web.ciidiroaxaca.ipn.mx\/mbautistac\/wp-content\/uploads\/sites\/47\/2011\/10\/Bosques.jpg\" alt=\"\" class=\"wp-image-5\" srcset=\"https:\/\/web.ciidiroaxaca.ipn.mx\/mbautistac\/wp-content\/uploads\/sites\/47\/2011\/10\/Bosques.jpg 1200w, https:\/\/web.ciidiroaxaca.ipn.mx\/mbautistac\/wp-content\/uploads\/sites\/47\/2011\/10\/Bosques-300x160.jpg 300w, https:\/\/web.ciidiroaxaca.ipn.mx\/mbautistac\/wp-content\/uploads\/sites\/47\/2011\/10\/Bosques-1024x545.jpg 1024w, https:\/\/web.ciidiroaxaca.ipn.mx\/mbautistac\/wp-content\/uploads\/sites\/47\/2011\/10\/Bosques-768x409.jpg 768w\" sizes=\"auto, (max-width: 1200px) 100vw, 1200px\" \/><\/figure>\n\n\n\n<p>Me interesa&nbsp;encontrar indicadores bioqu\u00edmicos, microbiol\u00f3gicos, morfol\u00f3gicos y&nbsp;f\u00edsicos&nbsp;que permitan evaluar la calidad de&nbsp;suelos con distintos manejos agron\u00f3micos y forestales.<\/p>\n\n\n\n<figure class=\"wp-block-image aligncenter\"><img loading=\"lazy\" decoding=\"async\" width=\"1200\" height=\"639\" src=\"https:\/\/web.ciidiroaxaca.ipn.mx\/mbautistac\/wp-content\/uploads\/sites\/47\/2011\/10\/Agave.jpg\" alt=\"\" class=\"wp-image-6\" srcset=\"https:\/\/web.ciidiroaxaca.ipn.mx\/mbautistac\/wp-content\/uploads\/sites\/47\/2011\/10\/Agave.jpg 1200w, https:\/\/web.ciidiroaxaca.ipn.mx\/mbautistac\/wp-content\/uploads\/sites\/47\/2011\/10\/Agave-300x160.jpg 300w, https:\/\/web.ciidiroaxaca.ipn.mx\/mbautistac\/wp-content\/uploads\/sites\/47\/2011\/10\/Agave-1024x545.jpg 1024w, https:\/\/web.ciidiroaxaca.ipn.mx\/mbautistac\/wp-content\/uploads\/sites\/47\/2011\/10\/Agave-768x409.jpg 768w\" sizes=\"auto, (max-width: 1200px) 100vw, 1200px\" \/><\/figure>\n\n\n\n<p>Desde hace m\u00e1s de 15\u00a0a\u00f1os he realizado investigaciones para conocer la fertilidad y la calidad de los suelos con agave en el estado de Oaxaca (M\u00e9xico), hemos aislado bacterias promotoras del crecimiento vegetal de la riz\u00f3sfera de agaves\u00a0y evaluamos su efecto tanto en la fertilidad del suelo como\u00a0en el crecimiento y nutrici\u00f3n de las plantas de agave en condiciones de vivero y  campo.\u00a0<\/p>\n\n\n\n<p><\/p>\n","protected":false},"excerpt":{"rendered":"<p>Doctora en Ciencias Biol\u00f3gicas &nbsp;Profesora Titular de los Programas de Maestr\u00eda y Doctorado en Ciencias en Conservaci\u00f3n y Aprovechamiento de Recursos Naturales del CIIDIR Oaxaca, Instituto Polit\u00e9cnico Nacional Investigadora Nacional Nivel II Correo electr\u00f3nico:&nbsp;mbautistac@ipn.mx \u00c1reas de inter\u00e9s:&nbsp;Calidad de suelos. Din\u00e1mica de la Materia Org\u00e1nica del Suelo. Fertilidad biol\u00f3gica. Bacterias promotoras del crecimiento vegetal. Nutrici\u00f3n de [&hellip;]<\/p>\n","protected":false},"author":47,"featured_media":0,"parent":0,"menu_order":0,"comment_status":"closed","ping_status":"closed","template":"","meta":{"_swt_meta_header_display":false,"_swt_meta_footer_display":false,"_swt_meta_site_title_display":false,"_swt_meta_sticky_header":false,"_swt_meta_transparent_header":false,"footnotes":""},"class_list":["post-7","page","type-page","status-publish","hentry"],"_links":{"self":[{"href":"https:\/\/web.ciidiroaxaca.ipn.mx\/mbautistac\/wp-json\/wp\/v2\/pages\/7","targetHints":{"allow":["GET"]}}],"collection":[{"href":"https:\/\/web.ciidiroaxaca.ipn.mx\/mbautistac\/wp-json\/wp\/v2\/pages"}],"about":[{"href":"https:\/\/web.ciidiroaxaca.ipn.mx\/mbautistac\/wp-json\/wp\/v2\/types\/page"}],"author":[{"embeddable":true,"href":"https:\/\/web.ciidiroaxaca.ipn.mx\/mbautistac\/wp-json\/wp\/v2\/users\/47"}],"replies":[{"embeddable":true,"href":"https:\/\/web.ciidiroaxaca.ipn.mx\/mbautistac\/wp-json\/wp\/v2\/comments?post=7"}],"version-history":[{"count":4,"href":"https:\/\/web.ciidiroaxaca.ipn.mx\/mbautistac\/wp-json\/wp\/v2\/pages\/7\/revisions"}],"predecessor-version":[{"id":48,"href":"https:\/\/web.ciidiroaxaca.ipn.mx\/mbautistac\/wp-json\/wp\/v2\/pages\/7\/revisions\/48"}],"wp:attachment":[{"href":"https:\/\/web.ciidiroaxaca.ipn.mx\/mbautistac\/wp-json\/wp\/v2\/media?parent=7"}],"curies":[{"name":"wp","href":"https:\/\/api.w.org\/{rel}","templated":true}]}}