{"id":7,"date":"2015-01-09T17:26:34","date_gmt":"2015-01-09T17:26:34","guid":{"rendered":"https:\/\/web.ciidiroaxaca.ipn.mx\/maladron\/tesis\/"},"modified":"2025-09-01T16:26:58","modified_gmt":"2025-09-01T16:26:58","slug":"tesis","status":"publish","type":"page","link":"https:\/\/web.ciidiroaxaca.ipn.mx\/maladron\/tesis\/","title":{"rendered":"Tesis"},"content":{"rendered":"\n<h5 class=\"wp-block-heading\">Tesis de maestr\u00eda<\/h5>\n\n\n\n<ul class=\"wp-block-list\">\n<li><strong><em>Propuesta de zonas de conservaci\u00f3n y protecci\u00f3n h\u00eddrica en Capul\u00e1lpam de M\u00e9ndez a partir de integraci\u00f3n de m\u00e9todos geof\u00edsicos y percepci\u00f3n remota.\u00a0<\/em><\/strong>\u00a0Alumno: Ricardo Marcial Ju\u00e1rez. 03\/08\/2017.\u00a0<\/li>\n\n\n\n<li><strong><em>Caracterizaci\u00f3n de Suelo Agr\u00edcola Mediante Tomograf\u00eda de Resistividad El\u00e9ctrica y An\u00e1lisis Fisicoqu\u00edmico en el Municipio de San Antonino Castillo de Velasco, Oaxaca, M\u00e9xico.<\/em><\/strong> Alumno: Gilberto Gallardo Castillo. 03\/08\/2017.<\/li>\n\n\n\n<li><strong>An\u00e1lisis de vulnerabilidad h\u00eddrica en la cuenca de Ocotl\u00e1n, Oaxaca.<\/strong> Alumna:Alejandra Mart\u00ednez S\u00e1nchez. 05\/07\/2016, obteniendo menci\u00f3n honor\u00edfica.<\/li>\n\n\n\n<li><em><strong>An\u00e1lisis De La Infiltraci\u00f3n Hidrica Y Canbuis En La Cobertura Del Bosque Mesofilo De La Cuenca Alta Del Rio Copalita Mediante Im\u00e1genes de Sat\u00e9lite.<\/strong> <\/em>Hern\u00e1ndez Osorio Guillermo Jaciel. 19 mayo del 2016<\/li>\n\n\n\n<li><em><strong>Desarrollo de software y dise\u00f1o de un sistema automatizado para monitoreo y predicci\u00f3n de eventos de contaminaci\u00f3n en sistemas de distribuci\u00f3n de agua, utilizando inteligencia artificial.<\/strong><\/em> Alumno: Andr\u00e9s Fabi\u00e1n Siles. Present\u00f3 el 02\/02\/2016, obteniendo menci\u00f3n honor\u00edfica.<\/li>\n\n\n\n<li><em><strong>Prospecci\u00f3n de aguas subterr\u00e1neas en los valles centrales de Oaxaca a partir de los m\u00e9todos geof\u00edsicos de gravimetr\u00eda, magnetometr\u00eda y resistividad el\u00e9ctrica.<\/strong><\/em> Alumna: Rosa Isabel Hern\u00e1ndez S\u00e1nchez, Present\u00f3 el 02\/02\/2016.<\/li>\n\n\n\n<li><em><strong>Hidrograf\u00eda retrospectiva del sistema lagunar Huave, mediante percepci\u00f3n remota, Istmo de Tehuantep\u00e9c, Oaxaca.<\/strong><\/em> Alumna: Montserrat L\u00f3pez Yllescas. Present\u00f3 el 29\/10\/2015.<\/li>\n\n\n\n<li><em><strong>Modelado Computacional Del Sistema Acu\u00edfero Granular De Nazareno Etla, Oaxaca, Utilizando Visual Modflow.<\/strong><\/em> Alumno: Leonardo Arturo Garc\u00eda Garc\u00eda. Present\u00f3 el 14\/diciembre\/2014, obteniendo menci\u00f3n honor\u00edfica<\/li>\n\n\n\n<li><em><strong>Variabilidad Espacio Temporal del Perfil de Playa, en Playa Las Glorias, Guasave Sinaloa.<\/strong><\/em> Alumno: Ricardo Elizondo Alc\u00e1ntar 15 de Enero de 2007<\/li>\n\n\n\n<li><strong>Uso de las propiedades Geoel\u00e9ctricas de un acu\u00edfero para su caracterizaci\u00f3n hidr\u00e1ulica (conductividad y transmisividad) y calidad de Agua, caso de Guasave, Sinaloa M\u00e9xico.<\/strong> Alumno: Peinado\u00a0 Guevara H\u00e9ctor Jos\u00e9. 03 Febrero 2006.\u00a0<\/li>\n\n\n\n<li><em><strong>Riesgo Potencial a Inundaciones en la ciudad de Guasave Sinaloa, M\u00e9xico.<\/strong><\/em> Alumno: Palafox \u00c1vila Germ\u00e1n 30 Noviembre de 2006.\u00a0\u00a0<\/li>\n<\/ul>\n\n\n\n<h5 class=\"wp-block-heading\">Tesis de Licenciatura<\/h5>\n\n\n\n<ul class=\"wp-block-list\">\n<li>Mart\u00ednez Mart\u00ednez Vianey Teresita <em><strong>Rehabilitaci\u00f3n de la Planta de tratamiento de Aguas residuales de Villa Zaachila, Oaxaca.<\/strong><\/em> 5 de enero de 2011.<\/li>\n\n\n\n<li>D\u00edaz Avenda\u00f1o Jessica <em><strong>Evaluaci\u00f3n de la Demanda Bioqu\u00edmica de Oxigeno en Plantas Tratadoras de Aguas Residuales Ubicadas en el Acu\u00edfero de Valle de Zaachila, Oaxaca.<\/strong><\/em> Enero de 2011.<\/li>\n<\/ul>\n","protected":false},"excerpt":{"rendered":"<p>Tesis de maestr\u00eda Tesis de Licenciatura<\/p>\n","protected":false},"author":32,"featured_media":0,"parent":0,"menu_order":0,"comment_status":"closed","ping_status":"closed","template":"","meta":{"_swt_meta_header_display":false,"_swt_meta_footer_display":false,"_swt_meta_site_title_display":false,"_swt_meta_sticky_header":false,"_swt_meta_transparent_header":false,"footnotes":""},"class_list":["post-7","page","type-page","status-publish","hentry"],"_links":{"self":[{"href":"https:\/\/web.ciidiroaxaca.ipn.mx\/maladron\/wp-json\/wp\/v2\/pages\/7","targetHints":{"allow":["GET"]}}],"collection":[{"href":"https:\/\/web.ciidiroaxaca.ipn.mx\/maladron\/wp-json\/wp\/v2\/pages"}],"about":[{"href":"https:\/\/web.ciidiroaxaca.ipn.mx\/maladron\/wp-json\/wp\/v2\/types\/page"}],"author":[{"embeddable":true,"href":"https:\/\/web.ciidiroaxaca.ipn.mx\/maladron\/wp-json\/wp\/v2\/users\/32"}],"replies":[{"embeddable":true,"href":"https:\/\/web.ciidiroaxaca.ipn.mx\/maladron\/wp-json\/wp\/v2\/comments?post=7"}],"version-history":[{"count":3,"href":"https:\/\/web.ciidiroaxaca.ipn.mx\/maladron\/wp-json\/wp\/v2\/pages\/7\/revisions"}],"predecessor-version":[{"id":53,"href":"https:\/\/web.ciidiroaxaca.ipn.mx\/maladron\/wp-json\/wp\/v2\/pages\/7\/revisions\/53"}],"wp:attachment":[{"href":"https:\/\/web.ciidiroaxaca.ipn.mx\/maladron\/wp-json\/wp\/v2\/media?parent=7"}],"curies":[{"name":"wp","href":"https:\/\/api.w.org\/{rel}","templated":true}]}}