{"id":6,"date":"2015-01-09T17:22:54","date_gmt":"2015-01-09T17:22:54","guid":{"rendered":"https:\/\/web.ciidiroaxaca.ipn.mx\/maladron\/proyectos-de-investigacion\/"},"modified":"2025-09-01T16:28:16","modified_gmt":"2025-09-01T16:28:16","slug":"proyectos-de-investigacion","status":"publish","type":"page","link":"https:\/\/web.ciidiroaxaca.ipn.mx\/maladron\/proyectos-de-investigacion\/","title":{"rendered":"Proyectos de investigaci\u00f3n"},"content":{"rendered":"\n<h5 class=\"wp-block-heading\"><strong><span lang=\"ES-TRAD\">Directora del proyecto<\/span><span lang=\"ES-TRAD\">:<\/span>&nbsp;<\/strong><\/h5>\n\n\n\n<ul class=\"wp-block-list\">\n<li><span lang=\"ES-TRAD\"><strong>Caracterizaci\u00f3n de la vulnerabilidad f\u00edsica y social de los recursos h\u00eddricos subterr\u00e1neos en el Valle de Ocotl\u00e1n, encaminada a proporcionar elementos para favorecer su gobernanza.<\/strong> Clave SIP: 20161621<\/span><\/li>\n\n\n\n<li><strong>Variaci\u00f3n temporal de la infiltraci\u00f3n ligada a la cobertura de bosque mes\u00f3filo a partir de im\u00e1genes satelitales Landsat en la subcuenca R\u00edo Copalita<\/strong> Clave SIP: 20151899<\/li>\n\n\n\n<li><span lang=\"ES-TRAD\"><strong>Determinaci\u00f3n de la variaci\u00f3n espacial del espesor sedimentario y la geometr\u00eda del basamento geol\u00f3gico del Golfo de California M\u00e9xico<\/strong>. Clave SIP: 20140508<\/span><\/li>\n<\/ul>\n\n\n\n<h5 class=\"wp-block-heading\"><strong>Colaboradora del proyecto:<\/strong><\/h5>\n\n\n\n<ul class=\"wp-block-list\">\n<li><strong>Contribuci\u00f3n a Gases de Efecto Invernadero por cambio y uso de suelo en el estado de Oaxaca y medidas de mitigaci\u00f3n.<\/strong> Clave SIP: 20140469,\u00a0 20130242. Apoyado por el IPN, y WWF.<\/li>\n\n\n\n<li><strong>Contribuci\u00f3n de CO2 por erosi\u00f3n de Suelos en Oaxaca<\/strong> \u00a0\u00a0Clave SIP: 201302678.<\/li>\n\n\n\n<li><strong>Cambio Clim\u00e1tico y su efecto en los Recursos h\u00eddricos subterr\u00e1neo y superficial<\/strong>\u00a0Clave\u00a0SIP 201221357<\/li>\n\n\n\n<li><strong>Sectorizaci\u00f3n del Riesgo para el ambiente y el consumo humano del Manganeso presente en el agua Subterr\u00e1nea y el consumo Humano del Manganeso presenta extra\u00edda del R\u00edo<\/strong> <strong>Sinaloa<\/strong> Clave SIP 20120784<\/li>\n<\/ul>\n","protected":false},"excerpt":{"rendered":"<p>Directora del proyecto:&nbsp; Colaboradora del proyecto:<\/p>\n","protected":false},"author":32,"featured_media":0,"parent":0,"menu_order":0,"comment_status":"closed","ping_status":"closed","template":"","meta":{"_swt_meta_header_display":false,"_swt_meta_footer_display":false,"_swt_meta_site_title_display":false,"_swt_meta_sticky_header":false,"_swt_meta_transparent_header":false,"footnotes":""},"class_list":["post-6","page","type-page","status-publish","hentry"],"_links":{"self":[{"href":"https:\/\/web.ciidiroaxaca.ipn.mx\/maladron\/wp-json\/wp\/v2\/pages\/6","targetHints":{"allow":["GET"]}}],"collection":[{"href":"https:\/\/web.ciidiroaxaca.ipn.mx\/maladron\/wp-json\/wp\/v2\/pages"}],"about":[{"href":"https:\/\/web.ciidiroaxaca.ipn.mx\/maladron\/wp-json\/wp\/v2\/types\/page"}],"author":[{"embeddable":true,"href":"https:\/\/web.ciidiroaxaca.ipn.mx\/maladron\/wp-json\/wp\/v2\/users\/32"}],"replies":[{"embeddable":true,"href":"https:\/\/web.ciidiroaxaca.ipn.mx\/maladron\/wp-json\/wp\/v2\/comments?post=6"}],"version-history":[{"count":6,"href":"https:\/\/web.ciidiroaxaca.ipn.mx\/maladron\/wp-json\/wp\/v2\/pages\/6\/revisions"}],"predecessor-version":[{"id":56,"href":"https:\/\/web.ciidiroaxaca.ipn.mx\/maladron\/wp-json\/wp\/v2\/pages\/6\/revisions\/56"}],"wp:attachment":[{"href":"https:\/\/web.ciidiroaxaca.ipn.mx\/maladron\/wp-json\/wp\/v2\/media?parent=6"}],"curies":[{"name":"wp","href":"https:\/\/api.w.org\/{rel}","templated":true}]}}