{"id":6,"date":"2011-10-31T20:06:23","date_gmt":"2011-10-31T20:06:23","guid":{"rendered":"https:\/\/web.ciidiroaxaca.ipn.mx\/llagunez\/publicaciones\/"},"modified":"2025-09-04T18:43:50","modified_gmt":"2025-09-04T18:43:50","slug":"publicaciones","status":"publish","type":"page","link":"https:\/\/web.ciidiroaxaca.ipn.mx\/llagunez\/publicaciones\/","title":{"rendered":"Publicaciones"},"content":{"rendered":"\n<ul class=\"wp-block-list\">\n<li>Abigail del Carmen Espejo-Cruz, Abraham Espejo-Mart\u00ednez, Manuel Gerardo Ch\u00e1vez-\u00c1ngeles, <strong>Luicita Lagunez Rivera<\/strong>, Rodolfo Solano. 2023. Deficiencies in compliance with environmental regulation for orchid trade via social networks in Mexico. Botanical Sciences. DOI:10.17129\/botsci.3159.<\/li>\n\n\n\n<li>Antonio-Guti\u00e9rrez, O.; Alv\u00edzar-Mart\u00ednez, J.A.; Solano, R.; V\u00e1squez-L\u00f3pez, A.; Hern\u00e1ndez-Valladolid, S.L.; Lustre-S\u00e1nchez, H.; Flores-Moctezuma, H.E.; de Jes\u00fas de Luna-Santillana, E.; <strong>Lagunez-Rivera, L<\/strong>. 2023 Microwave-Assisted Hydrodistillation of Essential Oil from Plectranthus amboinicus: Evaluation of Its Antifungal Effect and Chemical Composition. Life, 13,528. <a href=\"https:\/\/doi.org\/10.3390\/ life13020528\" target=\"_blank\" rel=\"noreferrer noopener\">https:\/\/doi.org\/10.3390\/ life13020528<\/a><\/li>\n\n\n\n<li>Antonio Guti\u00e9rrez, O.; Pacheco Reyes, I.; <strong>Lagunez Rivera, L.<\/strong>; Solano, R.; Ca\u00f1izares Mac\u00edas, M.d.P.; Vilarem, G. 2023. Effect of Microwave and Ultrasound during the Killing Stage of the Curing Process of Vanilla (Vanilla planifolia, Andrews) Pods. Foods. (Revista JCR, Q1). 12,469. https:\/\/doi.org\/ 10.3390\/foods12030469<\/li>\n\n\n\n<li>Garc\u00eda S\u00e1nchez, E.; Ch\u00e1vez Ruiz, P.; Hern\u00e1ndez Gama, R.; Solano G\u00f3mez, R.;<br><strong>Lagunez Rivera, L.<\/strong> 2022. Ultrasound-Assisted Extraction of an Extract with Dermatological and Nosocomial Activity from Agave nuusaviorum, a Mexican Endemic Plant. Appied Sciences. (Revista JCR, Q2) 12, 10446. <a href=\"https:\/\/doi.org\/10.3390\/ app122010446\" target=\"_blank\" rel=\"noreferrer noopener\">https:\/\/doi.org\/10.3390\/ app122010446<\/a><\/li>\n\n\n\n<li>Gabriela Soledad Barrag\u00e1n-Zarate, <strong>Luicita Lagunez-Rivera<\/strong>, Rodolfo Solano, Candy Carranza \u00c1lvarez, Diego Manuel Hern\u00e1ndez-Benavides, Gerard Vilarem. 2022. Validation of the traditional medicinal use of a Mexican endemic orchid (Prosthechea karwinskii) through UPLC-ESI-qTOF-MS\/MS characterization of its bioactive compounds. Heliyon. (Revista JCR, Q2). ISSN: 2405-8440. <a href=\"https:\/\/doi.org\/10.1016\/j.heliyon.2022.e09867.%20Pag.%201-13\" target=\"_blank\" rel=\"noreferrer noopener\">https:\/\/doi.org\/10.1016\/j.heliyon.2022.e09867. Pag. 1-13<\/a>. Vol 8, 7.<\/li>\n\n\n\n<li>Cristina Salinas-Nolasco, Gabriela Soledad Barrag\u00e1n-Zarate, <strong>Luicita Lagunez- Rivera<\/strong>, Rodolfo Solano, Liliana Favari, Juan Miguel Jim\u00e9nez-Andrade &amp; Aracely Evangelina Ch\u00e1vez-Pi\u00f1a (2022). Role of LTB4 and nitric oxide in the gastroprotective effect of Prosthechea karwinskii leaves extract in the indomethacin-induced gastric injury in the rat, Natural Product Research. (Revista JCR, Q2) ISSN: 1478-6419, paginas 819-822, vol 37, 5.\u00a0DOI:<a href=\"https:\/\/doi.org\/10.1080\/14786419.2022.2089880\" target=\"_blank\" rel=\"noreferrer noopener\">https:\/\/doi.org\/10.1080\/14786419.2022.2089880<\/a><\/li>\n\n\n\n<li>Nadia Landero-Valenzuela; Nancy Alonso-Hern\u00e1ndez; Francisco Lara-Viveros; Nadia S. G\u00f3mez-Dom\u00ednguez; Jonathan Ju\u00e1rez-Pelcastre; Javier Aguado-Rodr\u00edguez; Alfonso Cruz-Luna; <strong>Luicita Lagunez Rivera<\/strong>; Luis Alfonso Aguilar-P\u00e9rez; Demi\u00e1n Hinojosa-Garro; Carlos Granados-Echegoyen. 2022. Efficiency of Schinus molle essential oil insecticidal agents against two economic importance crops pests: Bactericera cockerelli (Hemiptera: Triozidae) and Sitophilus zeamais (Coleoptera: Dryophthoridae). Agriculture. (Revista JCR, Q1). ISSN: 2077-0472, vol. 12 (4) \u00a0<a href=\"https:\/\/doi.org\/10.3390\/agriculture12040554\">https<\/a><a href=\"https:\/\/doi.org\/10.3390\/agriculture12040554\" target=\"_blank\" rel=\"noreferrer noopener\">:\/\/<\/a><a href=\"https:\/\/doi.org\/10.3390\/agriculture12040554\">doi.org\/10.3390\/agriculture12040554<\/a><\/li>\n\n\n\n<li>Claudia Camacho-Hern\u00e1ndez, <strong>Luicita Lagunez-Rivera<\/strong>, Abigail Aguilar-Contreras, Rodolfo Solano. \u00a02022. Ethnobotany of medicinal flora in two communities of the Mixteca Alta of Oaxaca, Mexico. Botanical Sciences. (Revista JCR, Q3). Vol. 100 (4) ISSN: 2007-4298, DOI:\u00a0<a href=\"https:\/\/doi.org\/10.17129\/botsci.2947\" target=\"_blank\" rel=\"noreferrer noopener\">https:\/\/doi.org\/10.17129\/botsci.2947<\/a><\/li>\n\n\n\n<li>Abimael L\u00f3pez-P\u00e9rez, Jes\u00fas Hern\u00e1ndez-Ju\u00e1rez, Rodolfo Solano, Abraham Majluf-Cruz, Pedro Antonio Hern\u00e1ndez-Cruz, <strong>Luicita Lagunez-Rivera<\/strong>. 2022. \u00a0Laelia furfuracea Lindl.: an endemic Mexican orchid with anticoagulant activity. Journal of the Mexican Chemical Society. (Revista JCR, Q4). DOI:\u00a0<a href=\"https:\/\/doi.org\/10.29356\/jmcs.v66i1.1588\" target=\"_blank\" rel=\"noreferrer noopener\">https:\/\/doi.org\/10.29356\/jmcs.v66i1.1588<\/a><\/li>\n\n\n\n<li>Olivia Maciel-Amador, <strong>Luicita Lagunez-Rivera<\/strong>, Nadia Mabel Perez-Vielma, Rodolfo Solano. 2021. Local indigenous knowledge of Salmea scandens (L.) DC (Asteraceae), a medicinal and nutritional resource from Oaxaca, Mexico. South Florida Journal of Development. (Revista Latindex). DOI: <a href=\"https:\/\/doi.org\/10.46932\/sfjdv2n4-077\" target=\"_blank\" rel=\"noreferrer noopener\">https:\/\/doi.org\/10.46932\/sfjdv2n4-077<\/a> ISSN: 2675-5459<\/li>\n\n\n\n<li>Ibarra Contreras C.A., R. Solano, L. Paz-Cruz, C. P\u00e9rez-Dom\u00ednguez, <strong>L. Lagunez-Rivera<\/strong>. 2021. Orquideas de los municipios de Santo Domingo Yanhuitl\u00e1n y San Pedro y San Pablo Teposcolula, Oaxaca. Polibotanica. 51, 17-41. ISSN: 2395-9525. DOI:10.18387\/polibotanica.51.2 (Revista CONACYT).<\/li>\n\n\n\n<li>Barrag\u00e1n-Zarate, G.S., Alexander-Aguilera, A., <strong>Lagunez-Rivera, L<\/strong>., Solano, R., Soto-Rodr\u00edguez, I. 2021. Bioactive compounds from Prosthechea karwinskii decrease obesity, insulin resistance, pro-inflammatory status, and cardiovascular risk in Wistar rats with metabolic syndrome, Journal of Ethnopharmacology, 279, 114376. doi: <a href=\"https:\/\/doi.org\/10.1016\/j.jep.2021.114376\" target=\"_blank\" rel=\"noreferrer noopener\">https:\/\/doi.org\/10.1016\/j.jep.2021.114376<\/a>. (Revista JCR, Q1).<\/li>\n\n\n\n<li>Gabriela Soledad Barrag\u00e1n-Zarate, <strong>Luicita Lagunez-Rivera<\/strong>, Rodolfo Solano, Elizabeth Arlen Pineda-Pe\u00f1a, Arizai Yolia Landa-Ju\u00e1rez, Aracely Evangelina Ch\u00e1vez-Pi\u00f1a, Candy Carranza-\u00c1lvarez, Diego Manuel Hern\u00e1ndez-Benavides. 2020. Prosthechea karwinskii, an orchid used as traditional medicine, exerts anti-inflammatory activity and inhibits ROS. Journal of Ethnopharmacology. 253, 112632. <a href=\"https:\/\/doi.org\/10.1016\/j.jep.2020.112632\" target=\"_blank\" rel=\"noreferrer noopener\">https:\/\/doi.org\/10.1016\/j.jep.2020.112632<\/a>, ISSN: 0378-8741<\/li>\n\n\n\n<li>Carlos Granados Echegoyen, Alfonso V\u00e1squez L\u00f3pez, Rafael P\u00e9rez Pacheco, Benjamin O. Ortega Morales, Manuel J. Chan Bacab, Chris Gaylarde, <strong>Luicita Lagunez Rivera<\/strong>. (2019). Argemone mexicana (Papavaraceae) as an alternative for mosquito control: First larvicidal activity report of flowers extract. Journal of Medical Entomology. doi: 10.1093\/jme\/tjy159. ISSN: 0022-2585<\/li>\n\n\n\n<li>Alejandra Rojas-Olivos, Rodolfo Solano-G\u00f3mez, Carlos Granados-Echegoyen, Luis Alberto Santiago-Santiago, Jorge Garc\u00eda-D\u00e1vila, Rafael P\u00e9rez-Pacheco, <strong>Luicita Lagunez-Rivera<\/strong>. (2018). Larvicidal effect of Clinopodium macrostemum essential oil extracted by microwave-assisted hydrodistillation against Culex quinquefasciatus (Diptera: Culicidae). Revista da Sociedade Brasileira de Medicina \u00a0Tropical 51(3):291-296. doi: 10.1590\/0037-8682-0284-2017. ISSN: 0037-8682<\/li>\n\n\n\n<li>Alejandra Rojas-Olivos, Rodolfo Solano-G\u00f3mez, Alfonso Alexander-Aguilera, Manuel Jim\u00e9nez-Estrada, Stefan Zilli-Hern\u00e1ndez, <strong>Luicita Lagunez-Rivera<\/strong>. (2017). Effect of Prosthechea karwinskii (Orchidaceae) on obesity and dyslipidemia in Wistar rats. Alexandria Journal of Medicine. 53(4):311\u2013315 E-ISSN: 2090-5068. <a href=\"http:\/\/dx.doi.org\/10.1016\/j.ajme.2016.11.004\" target=\"_blank\" rel=\"noreferrer noopener\">http:\/\/dx.doi.org\/10.1016\/j.ajme.2016.11.004<\/a>\u00a0 (Revista SCI)<\/li>\n\n\n\n<li>Jesusita Rosas-D\u00edaz, Alfonso V\u00e1squez-L\u00f3pez, <strong>Luicita Lagunez-Rivera<\/strong>, Carlos Alejandro Granados-Echegoyen, Gerardo Rodr\u00edguez-Ortiz. (2017). Etiolog\u00eda de la muerte prematura del cilantro (Coriandrum sativum L.) en Ocotl\u00e1n de Morelos, Oaxaca, M\u00e9xico y Efecto de aceites esenciales in vitro sobre el pat\u00f3geno. \u00a0Interciencia. 42(9): 591-596. E-ISSN: 0378-1844. (Revista JCR). <a href=\"https:\/\/www.redalyc.org\/articulo.oa?id=33952909007\">https:\/\/www.redalyc.org\/articulo.oa?id=<\/a><a href=\"https:\/\/www.redalyc.org\/articulo.oa?id=33952909007\" target=\"_blank\" rel=\"noreferrer noopener\">33952909007<\/a><\/li>\n\n\n\n<li>Soto R. Ida, Quintana C. Rodolfo, Rodriguez A. Jorge, Xicotencatl R. Irving, <strong>Lagunez R. Luicita<\/strong>, Aguirre M. Isaac and Alexander A. Alfonso. (2017). Beneficial effects of morinda citrifolia Linn. (Noni) leaf extract on obesity, dyslipidemia and adiponectinemia in rats with metabolic syndrome. International Journal of Pharmaceutical Sciences and Research. 8(6):2496-2503 E-ISSN: 09758232; P-ISSN: 23205148. <a href=\"http:\/\/dx.doi.org\/10.13040\/IJPSR.0975-8232.8\" target=\"_blank\" rel=\"noreferrer noopener\">http:\/\/dx.doi.org\/10.13040\/IJPSR.0975-8232.8<\/a> (Revista SCI)<\/li>\n\n\n\n<li>Le\u00f3n Mart\u00ednez F.M., Abad Zarate E.F., <strong>Lagunez Rivera L.<\/strong>, Cano Barrita P.F. de J. (2016). Laboratory and Field performance of biodegradable rel\u00e9ase agents for hydraulic concrete. Materials and Structures. 49(7):2731-2748. E-ISSN: 13595997. DOI 10.1617\/s11527-015-0681-8 (Revista JCR)<\/li>\n\n\n\n<li>Gabriela Cruz-Garc\u00eda, <strong>Luicita Lagunez-Rivera<\/strong>, Manuel Gerardo Ch\u00e1vez-Angeles, Rodolfo Solano G\u00f3mez. (2015).\u00a0The wild orchid trade in a Mexican local market: diversity and economics. Economic Botany. 69(4): 291-305. E-ISSN:00130001, ISSN:\u00a01874-9364\u00a0 doi:10.1007\/s12231-015-9321-z (Revista JCR)<\/li>\n\n\n\n<li>Carlos Granados Echegoyen, Rafael P\u00e9rez Pacheco, Nancy Alonso Hern\u00e1ndez, Alfonso V\u00e1squez L\u00f3pez, <strong>Luicita Lagunez Rivera<\/strong>, Alejandra Rojas Olivos. (2015). Chemical characterization and mosquito larvicidal activity of essential oil from leaves of Persea americana Mill (Lauraceae) against Culex quinquefasciatus (Say). Asian Pacific Journal of Tropical Disease. 5(6):463-467. \u00a0ISSN: 22221808 doi:10.1016\/S2222-1808(15)60816-7 (Revista JCR)<\/li>\n\n\n\n<li>Carlos Granados Echegoyen, Rafael P\u00e9rez Pacheco, Alfonso Alexander-Aguilera, <strong>Luicita Lagunez-Rivera,<\/strong> Nancy Alonso-Hernandez, Eleazar de Jes\u00fas Chairez-Martinez (2015). Effects of aqueous and ethanol extract of dried leaves of Pseudocalymma alliaceum (Bignonaceae) on hematological and biochemical parameters of wistar rats. Asian Pacific Journal of Reproduction. 4(2): 129-134. ISSN: 23050500. (Scopus)<\/li>\n\n\n\n<li>Alejandra Rojas-Olivos, Rodolfo Solano-G\u00f3mez, Manuel Jim\u00e9nez-Estrada, Blanca Yakelina Silva-Valeriano, <strong>Luicita Lagunez-Rivera<\/strong>. (2014). Antioxidant Capacity of Prosthechea karwinskii (Orchidaceae) Extracts Obtained by Sonication. Journal of Chemical, Biological and Physical Sciences. 4(5): 70-74. ISSN: 22491923. (Revista ISI).<\/li>\n\n\n\n<li>Carlos Granados-Echegoyen, Rafael P\u00e9rez-Pacheco, Marcos Soto-Hern\u00e1ndez, Jaime Ruiz-Vega, <strong>Luicita Lagunez Rivera<\/strong>, Nancy Alonso-Hernandez, Rene Gato-Armas(2014). Inhibition of the growth and development of mosquito larvae of Culex quinquefasciatus (Diptera: Culicidae) treated with extract from leaves of Pseudocalymma alliaceum (Bignonaceae), Asian Pacific Journal of Tropical Medicine 7(8): 594-601. ISSN:\u00a019957645 8 (Revista JCR_Q3)<\/li>\n\n\n\n<li>F.M. Le\u00f3n-Mart\u00ednez, P.F. de J. Cano-Barrita, <strong>L. Lagunez-Rivera<\/strong>, L. Medina-Torres (2014). Study of nopal mucilage and marine brown algae extract as viscosity-enhancing admixtures for cement based material. Construction and Building Materials 53: 190\u2013202. E-ISSN: 09500618 <a href=\"http:\/\/dx.doi.org\/10.1016\/j.conbuildmat.2013.11.068\" target=\"_blank\" rel=\"noreferrer noopener\">http:\/\/dx.doi.org\/10.1016\/j.conbuildmat.2013.11.068<\/a> (Revista JCR_Q1)<\/li>\n\n\n\n<li>Gabriela Cruz Garc\u00eda, Rodolfo Solano G\u00f3mez, <strong>Luicita Lagunez Rviera<\/strong>. (2014). Documentation of the medicinal knowledge of Prosthechea karwinskii in a Mixtec community in M\u00e9xico. Revista Brasileira de Farmacognosia, 24(2): 153-158. ISSN:0102695X, <a href=\"http:\/\/dx.doi.org\/10.1016\/j.bjp.2014.03.002\" target=\"_blank\" rel=\"noreferrer noopener\">http:\/\/dx.doi.org\/10.1016\/j.bjp.2014.03.002<\/a> (Revista JCR_Q4)<\/li>\n\n\n\n<li>Juan Alejandro Vazquez-Feijoo, Pedro Montes-Garc\u00eda, Pastor Teodoro Matadamas-Ortiz, Nicolas Ju\u00e1rez-Rodr\u00edguez, <strong>Luicita Lagunez-Rivera<\/strong> (2013). Characteristics of the Elastic Response of Isotropic Linear Micropolar Solids under Imposed Loads. World Journal of Mechanics, 3\u00a0: 245-255. ISSN: 21600503 <a href=\"http:\/\/dx.doi.org\/10.4236\/wjm.2013.35025\" target=\"_blank\" rel=\"noreferrer noopener\">http:\/\/dx.doi.org\/10.4236\/wjm.2013.35025<\/a><\/li>\n\n\n\n<li>N. J. Rodr\u00edguez, M. Y\u00e1\u00f1ez-Lim\u00f3n, F. A. Guti\u00e9rrez-Miceli, Oscar Gomez, J. A. V\u00e1zquez Feijoo, T. P. Matadamas-Ortiz, <strong>L. Lagunez-Rivera<\/strong>, and J. L. Camas-Anzueto. (2011). Assessment of coconut fibre for use as thermal insulation in concrete-based building components with the aid of the finite element method. Energy and Buildings. 43(6):1264-1272. ISSN: 03787788, doi:10.1016\/j.enbuild.2011.01.005 (Revista JCR_Q1).<\/li>\n\n\n\n<li>O.F. Mijangos Ricardez, J. Ruiz-Jim\u00e9nez, <strong>L. Lagunez-Rivera<\/strong>, M.D. Luque de Castro. (2011). Fast ultrasound-assisted extraction of polar (Phenols) and nonpolar (Lipids) fractions in Heterotheca inuloides. Phytochemical Analysis. 22(6):484-491. \u00a0ISSN: 09580344. DOI 10.1002\/pca.1305 (Revista JCR_Q3).<\/li>\n\n\n\n<li><strong>L. Lagunez Rivera<\/strong>, G. Vilarem, A. R. Solano G\u00f3mez, M. Jim\u00e9nez Estrada, J.A. Vazquez Feijoo. (2010). Water soluble fractions of caraway (Carum carvi L.) essential oils. Bolet\u00edn Latinoamericano y del Caribe de Plantas Medicinales y Arom\u00e1ticas, 9 (6): 495-500. BLACPMA ISSN:07177917 (Revista JCR).<\/li>\n\n\n\n<li>J. A. Vazquez Feijoo, K.Worden,\u00a0 P. Montes Garcia, <strong>L.Lagunez Rivera<\/strong>, N. Juarez Rodriguez , A.Pech P\u00e9rez. (2010). Analysis of MDOF nonlinear systems using associated linear equations. Mechanical Systems and Signal Processing. 24(8): 2824\u20132843\u00a0 ISSN: 08883270, doi:10.1016\/j.ymssp.2010.04.008 (Revista JCR).<\/li>\n\n\n\n<li>Rodolfo Solano G\u00f3mez, Gabriela Cruz Lustre, Aar\u00f3n Mart\u00ednez Feria, <strong>Luicita Lagunez Rivera<\/strong>. (2010). Plantas utilizadas en la celebraci\u00f3n de la semana santa en Zaachila, Oaxaca. Polibotanica. 29: 263-279. ISSN:14052768 (Revista CONACYT).<\/li>\n\n\n\n<li><strong>Lagunez-Rivera, L.<\/strong>, Ruiz-L\u00f3pez, I. I., Garc\u00eda-Alvarado, M. A., and Salgado-Cervantes, M. A. (2007). Mathematical Simulation of the Effective Diffusivity of Water during the Drying of Papaya. Drying Technology. 25(10): 1633-1638. ISSN:07373937, DOI: 10.1080\/07373930701590772 (Revista JCR).<\/li>\n\n\n\n<li><strong>L. Lagunez Rivera<\/strong>, G. Vilarem. (2007). Hydrodistillation of caraway by Direct Induction Heating \u2013 assisted by Magnetic Field process. Flavour and Fragrance Journal. 22(3): 178-183. ISSN:08825734, DOI: 10.1002\/ffj.1777 (Revista JCR).<\/li>\n\n\n\n<li>Elhadi M. Yahia, Alicia Mondragon, Miryan Balderas, Patricia Santiago, <strong>Luicita Lagunez<\/strong>. (2000). Effects of Hot Air Treatments on the Postharvest Physiology and Quality of Mango Fruit. Acta Horticulturae. 509(1): 419-427. ISSN:05677572. DOI: 10.17660\/ActaHortic.2000.509.49<\/li>\n\n\n\n<li><strong>Lagunez Rivera L.<\/strong>, Ruiz Vega J., Santiago Garc\u00eda P., Serrano Altamirano V., Galomo Rangel T. (1999). Producci\u00f3n Tradicional del Achiote (Bixa orellana) y Potencial del Cultivo en Oaxaca, M\u00e9xico. Horticultura Mexicana. 7(3): 431-437. ISSN:01889761.<\/li>\n\n\n\n<li><strong>Luicita Lagunez Rivera<\/strong>, Patricia Santiago Garc\u00eda, Marco Antonio Salgado Cervantes, Soledad Cuevas L\u00f3pez. (1997). Determinaci\u00f3n de Isotermas en mango deshidratado por aspersi\u00f3n. Avances en ciencia y tecnolog\u00eda, IPN. 1:66-70.<\/li>\n\n\n\n<li>Patricia Santiago Garc\u00eda, Marco Antonio Salgado Cervantes, <strong>Luicita Lagunez Rivera<\/strong>, Nelly Arellanes J. (1997). Deshidrataci\u00f3n por aspersi\u00f3n de la pulpa de mango cv. Oro. Avances en ciencia y tecnolog\u00eda, IPN. 1:60-65.<\/li>\n\n\n\n<li>Elhadi M. Yahia, Dora Ortega, Patricia Santiago, <strong>Luicita Lagunez<\/strong>. (1997). Responses of Mango and Mortality of Anastrepha ludens and A. obligua to Modified Atmospheres at High Temperatures. Proceedings Volume 1: CA Technology and Disinfestation studies. 105-112.<\/li>\n<\/ul>\n\n\n\n<p><\/p>\n","protected":false},"excerpt":{"rendered":"","protected":false},"author":14,"featured_media":0,"parent":0,"menu_order":0,"comment_status":"closed","ping_status":"closed","template":"","meta":{"_swt_meta_header_display":false,"_swt_meta_footer_display":false,"_swt_meta_site_title_display":false,"_swt_meta_sticky_header":false,"_swt_meta_transparent_header":false,"footnotes":""},"class_list":["post-6","page","type-page","status-publish","hentry"],"_links":{"self":[{"href":"https:\/\/web.ciidiroaxaca.ipn.mx\/llagunez\/wp-json\/wp\/v2\/pages\/6","targetHints":{"allow":["GET"]}}],"collection":[{"href":"https:\/\/web.ciidiroaxaca.ipn.mx\/llagunez\/wp-json\/wp\/v2\/pages"}],"about":[{"href":"https:\/\/web.ciidiroaxaca.ipn.mx\/llagunez\/wp-json\/wp\/v2\/types\/page"}],"author":[{"embeddable":true,"href":"https:\/\/web.ciidiroaxaca.ipn.mx\/llagunez\/wp-json\/wp\/v2\/users\/14"}],"replies":[{"embeddable":true,"href":"https:\/\/web.ciidiroaxaca.ipn.mx\/llagunez\/wp-json\/wp\/v2\/comments?post=6"}],"version-history":[{"count":3,"href":"https:\/\/web.ciidiroaxaca.ipn.mx\/llagunez\/wp-json\/wp\/v2\/pages\/6\/revisions"}],"predecessor-version":[{"id":45,"href":"https:\/\/web.ciidiroaxaca.ipn.mx\/llagunez\/wp-json\/wp\/v2\/pages\/6\/revisions\/45"}],"wp:attachment":[{"href":"https:\/\/web.ciidiroaxaca.ipn.mx\/llagunez\/wp-json\/wp\/v2\/media?parent=6"}],"curies":[{"name":"wp","href":"https:\/\/api.w.org\/{rel}","templated":true}]}}