{"id":5,"date":"2011-10-31T20:00:28","date_gmt":"2011-10-31T20:00:28","guid":{"rendered":"https:\/\/web.ciidiroaxaca.ipn.mx\/llagunez\/dra-luicita-lagunez-rivera\/"},"modified":"2025-09-23T19:37:41","modified_gmt":"2025-09-23T19:37:41","slug":"dra-luicita-lagunez-rivera","status":"publish","type":"page","link":"https:\/\/web.ciidiroaxaca.ipn.mx\/llagunez\/","title":{"rendered":"Dra. Luicita Lagunez Rivera"},"content":{"rendered":"\n<figure class=\"wp-block-image aligncenter is-resized\"><img loading=\"lazy\" decoding=\"async\" width=\"512\" height=\"341\" src=\"https:\/\/web.ciidiroaxaca.ipn.mx\/llagunez\/wp-content\/uploads\/sites\/14\/2011\/10\/IMG_30892.jpg\" alt=\"\" class=\"wp-image-4\" style=\"width:336px;height:auto\" srcset=\"https:\/\/web.ciidiroaxaca.ipn.mx\/llagunez\/wp-content\/uploads\/sites\/14\/2011\/10\/IMG_30892.jpg 512w, https:\/\/web.ciidiroaxaca.ipn.mx\/llagunez\/wp-content\/uploads\/sites\/14\/2011\/10\/IMG_30892-300x200.jpg 300w\" sizes=\"auto, (max-width: 512px) 100vw, 512px\" \/><\/figure>\n\n\n\n<h3 class=\"wp-block-heading has-text-align-center\">Doctora en Ciencias de los agrorecursos.<\/h3>\n\n\n\n<p class=\"has-text-align-center\">Institut National Polytechnique de Toulouse, Francia.<br>Profesor colegiado del posgrado del CIIDIR Oaxaca, Instituto Polit\u00e9cnico Nacional.<br>Investigador del Sistema&nbsp;Nacional&nbsp;Nivel 2.<\/p>\n\n\n\n<p><strong>L\u00ednea de investigaci\u00f3n<\/strong>: Desarrollo de m\u00e9todos de extracci\u00f3n con qu\u00edmica verde e identificaci\u00f3n de mol\u00e9culas bioactivas en productos naturales vegetales (aceites esenciales, colorantes y biomol\u00e9culas de uso medicinal con antecedentes tradicionales) y su efecto biol\u00f3gico.<\/p>\n\n\n\n<p><strong>Especies vegetales en estudio<\/strong>: <a href=\"http:\/\/www.youtube.com\/watch?v=oWo31iwBhF8&amp;feature=player_detailpage\" target=\"_blank\" rel=\"noreferrer noopener\"><u>orqu\u00eddeas<\/u><\/a> (<em>Prostechea karwinskii, Protechea varicosa, Laelia furfuracea, Vanilla planifolia<\/em>) , maguey (<em>Agave nussaviorum<\/em>), nopal (<em>Opuntia ficus-indica<\/em>), azafr\u00e1n (<em>Crocus sativus<\/em>), salvias (<em>Salvia elegans<\/em>), c\u00e1scaras de naranja y lim\u00f3n, plantas arom\u00e1ticas.<\/p>\n\n\n\n<p><strong>Temas de inter\u00e9s propuestos para tesis de posgrado<\/strong>:<\/p>\n\n\n\n<ol class=\"wp-block-list\">\n<li>Aislamiento e identificaci\u00f3n de mol\u00e9culas bioactivas en orqu\u00eddeas nativas de M\u00e9xico.<\/li>\n\n\n\n<li>Microextracci\u00f3n en fase s\u00f3lida (SPME) de fragancias de Laelias nativas de America.<\/li>\n\n\n\n<li>Dise\u00f1o de m\u00e9todos de extracci\u00f3n de analitos de origen natural con el uso de energ\u00edas y qu\u00edmica verde (ultrasonidos, microondas, extracci\u00f3n a condiciones criticas, etc.)<\/li>\n\n\n\n<li>Procesos de extracci\u00f3n de principios activos a trav\u00e9s de fluidos supercr\u00edticos.<\/li>\n\n\n\n<li>Purificaci\u00f3n de extractos naturales mediante cromatograf\u00eda preparativa y de capa fina.<\/li>\n\n\n\n<li>Beneficiado de la vainilla con el uso de microondas y ultrasonidos.<\/li>\n\n\n\n<li>Efecto de los aceites esenciales en la actividad antiinflamatoria.<\/li>\n\n\n\n<li>Actividad antioxidante de extractos y fracciones con actividad biol\u00f3gica.<\/li>\n\n\n\n<li>Evaluaci\u00f3n del efecto de productos naturales en el S\u00edndrome Metab\u00f3lico evaluado en modelo animal.<\/li>\n\n\n\n<li>Efecto citot\u00f3xico de los aceites esenciales, flavonoides y polisac\u00e1ridos evaluados en modelo animal.<\/li>\n\n\n\n<li>Identificaci\u00f3n de los compuestos presentes en los aceites esenciales y su actividad biol\u00f3gica<\/li>\n<\/ol>\n\n\n\n<p class=\"has-text-align-center\">Correo electr\u00f3nico: <a href=\"mailto:llagunez@ipn.mx\">llagunez@ipn.mx<\/a><\/p>\n\n\n\n<p class=\"has-text-align-center\">Telefono: 951-5170400, Extensi\u00f3n:82771<br>&nbsp;<\/p>\n","protected":false},"excerpt":{"rendered":"<p>Doctora en Ciencias de los agrorecursos. Institut National Polytechnique de Toulouse, Francia.Profesor colegiado del posgrado del CIIDIR Oaxaca, Instituto Polit\u00e9cnico Nacional.Investigador del Sistema&nbsp;Nacional&nbsp;Nivel 2. L\u00ednea de investigaci\u00f3n: Desarrollo de m\u00e9todos de extracci\u00f3n con qu\u00edmica verde e identificaci\u00f3n de mol\u00e9culas bioactivas en productos naturales vegetales (aceites esenciales, colorantes y biomol\u00e9culas de uso medicinal con antecedentes tradicionales) [&hellip;]<\/p>\n","protected":false},"author":14,"featured_media":0,"parent":0,"menu_order":0,"comment_status":"closed","ping_status":"closed","template":"","meta":{"_swt_meta_header_display":false,"_swt_meta_footer_display":false,"_swt_meta_site_title_display":false,"_swt_meta_sticky_header":false,"_swt_meta_transparent_header":false,"footnotes":""},"class_list":["post-5","page","type-page","status-publish","hentry"],"_links":{"self":[{"href":"https:\/\/web.ciidiroaxaca.ipn.mx\/llagunez\/wp-json\/wp\/v2\/pages\/5","targetHints":{"allow":["GET"]}}],"collection":[{"href":"https:\/\/web.ciidiroaxaca.ipn.mx\/llagunez\/wp-json\/wp\/v2\/pages"}],"about":[{"href":"https:\/\/web.ciidiroaxaca.ipn.mx\/llagunez\/wp-json\/wp\/v2\/types\/page"}],"author":[{"embeddable":true,"href":"https:\/\/web.ciidiroaxaca.ipn.mx\/llagunez\/wp-json\/wp\/v2\/users\/14"}],"replies":[{"embeddable":true,"href":"https:\/\/web.ciidiroaxaca.ipn.mx\/llagunez\/wp-json\/wp\/v2\/comments?post=5"}],"version-history":[{"count":3,"href":"https:\/\/web.ciidiroaxaca.ipn.mx\/llagunez\/wp-json\/wp\/v2\/pages\/5\/revisions"}],"predecessor-version":[{"id":53,"href":"https:\/\/web.ciidiroaxaca.ipn.mx\/llagunez\/wp-json\/wp\/v2\/pages\/5\/revisions\/53"}],"wp:attachment":[{"href":"https:\/\/web.ciidiroaxaca.ipn.mx\/llagunez\/wp-json\/wp\/v2\/media?parent=5"}],"curies":[{"name":"wp","href":"https:\/\/api.w.org\/{rel}","templated":true}]}}