{"id":8,"date":"2011-11-03T21:53:49","date_gmt":"2011-11-03T21:53:49","guid":{"rendered":"https:\/\/web.ciidiroaxaca.ipn.mx\/lamartinez\/tesis\/"},"modified":"2025-09-18T19:14:25","modified_gmt":"2025-09-18T19:14:25","slug":"tesis","status":"publish","type":"page","link":"https:\/\/web.ciidiroaxaca.ipn.mx\/lamartinez\/tesis\/","title":{"rendered":"Tesis"},"content":{"rendered":"\n<h3 class=\"wp-block-heading\">Temas de tesis a realizar:<\/h3>\n\n\n\n<ul class=\"wp-block-list\">\n<li>Biolog\u00eda de parasitoides y depredadores de plagas agr\u00edcolas.<\/li>\n\n\n\n<li>Ecolog\u00eda de lepid\u00f3pteros.<\/li>\n<\/ul>\n\n\n\n<h3 class=\"wp-block-heading\">Tesis dirigidas:<\/h3>\n\n\n\n<h4 class=\"wp-block-heading\">Maestr\u00eda en Ciencias<\/h4>\n\n\n\n<ul class=\"wp-block-list\">\n<li>Padilla Cortes, Erika. 2020. Enemigos naturales del Gusano Cogollero, Spodoptera frugiperda Smith (Lepidoptera: Noctuidae), en razas de ma\u00edces oaxaque\u00f1os. CIIDIR Oaxaca, IPN (en proceso).<\/li>\n\n\n\n<li>Mesinas Mat\u00edas, Eliel Esa\u00fa. 2020. Parasitoides asociados al ps\u00edlido Bactericera cockerelli (Sulc) (Hemiptera: Triozidae) en Valles Centrales de Oaxaca. CIIDIR Oaxaca, IPN.<\/li>\n\n\n\n<li>Garc\u00eda Garc\u00eda, Miguel \u00c1ngel. 2018. Diversidad de ara\u00f1as (Arachnida: Araneae) en plantaciones de caf\u00e9 (Coffea arabica) en dos municipios de la regi\u00f3n costa de Oaxaca. CIIDIR Oaxaca, IPN.<\/li>\n\n\n\n<li>Ram\u00edrez Reyes, Mariana Vertely. 2016. La fertilizaci\u00f3n del suelo en el rendimiento de ma\u00edz bolita y el desarrollo de Spodoptera Frugiperda (Smith). CIIDIR Oaxaca, IPN.<\/li>\n\n\n\n<li>Jir\u00f3n Pablo Elia. 2014. Enemigos naturales de Spodoptera frugiperda (Smith) en monocultivo y policultivo de ma\u00edz en Reyes Mantec\u00f3n, Oaxaca. CIIDIR Oaxaca, IPN.<\/li>\n\n\n\n<li>Cruz Sosa, Elizabeth. 2009. Evaluaci\u00f3n del parasitismo natural en Spodoptera frugiperda (Smith) (Lepidoptera: Noctuidae) en ma\u00edz. CIIDIR Oaxaca, IPN. <a href=\"http:\/\/148.204.117.11\/pdf\/posgrado\/9A_ELIZABETH_CRUZ_SOSA.pdf\" target=\"_blank\" rel=\"noreferrer noopener\">PDF<\/a><\/li>\n\n\n\n<li>Mart\u00ednez Gonz\u00e1lez, Alejandro. 2009. Himen\u00f3pteros parasitoides de Santa Mar\u00eda Yaves\u00eda, Sierra Norte de Oaxaca. CIIDIR Oaxaca, IPN. <a href=\"http:\/\/itzamna.bnct.ipn.mx:8080\/dspace\/bitstream\/123456789\/2777\/1\/ciidir-oax-1.pdf\" target=\"_blank\" rel=\"noreferrer noopener\">http:\/\/itzamna.bnct.ipn.mx:8080\/dspace\/bitstream\/123456789\/2777\/1\/ciidir-oax-1.pdf<\/a><\/li>\n\n\n\n<li>Franco M\u00e9ndez, Alma Delia. 2008. Diversidad de macroartr\u00f3podos en Tillandsia carlos-hankii Matuda y Tillandsia oaxacana L. B. Smith en un bosque de encino pino de Oaxaca. CIIDIR Oaxaca, IPN.<\/li>\n\n\n\n<li>Garc\u00eda Jarqu\u00edn, Marisela Irene. 2008. Macroartr\u00f3podos asociados a la bromelia Tillandsia prodigiosa (Lem.) Baker en dos localidades de Santa Catarina Ixtepeji, Oaxaca. CIIDIR Oaxaca, IPN.<\/li>\n\n\n\n<li>Jarqu\u00edn L\u00f3pez, Roselia. 2007. Parasitoides asociados a insectos en frutos de nanche rojo (Malpighia mexicana) en Oaxaca. CIIDIR Oaxaca, IPN.<\/li>\n<\/ul>\n\n\n\n<h4 class=\"wp-block-heading\">Licenciatura<\/h4>\n\n\n\n<ul class=\"wp-block-list\">\n<li>Rojas Villavicencio, Jeivy Yuridiana. 2020. Evaluaci\u00f3n en campo del gusano cogollero, Spodoptera frugiperda (Smith) (Lepidoptera: Noctuidae), y sus parasitoides, en ma\u00edz en la comunidad de Bajos de Chila, Mixtepec, Oaxaca. UABJO (en proceso).<\/li>\n\n\n\n<li>Padilla Cortes, Erika. 2017. Desarrollo del parasitoide Chelonus insularis (Hymenoptera: Braconidae) en larvas de Lepidoptera alimentadas con Ricinus Communis (Euphorbiaceae). NovaUniversitas, Sistema de Universidades Estatales de Oaxaca.<\/li>\n<\/ul>\n","protected":false},"excerpt":{"rendered":"<p>Temas de tesis a realizar: Tesis dirigidas: Maestr\u00eda en Ciencias Licenciatura<\/p>\n","protected":false},"author":50,"featured_media":0,"parent":0,"menu_order":0,"comment_status":"closed","ping_status":"closed","template":"","meta":{"_swt_meta_header_display":false,"_swt_meta_footer_display":false,"_swt_meta_site_title_display":false,"_swt_meta_sticky_header":false,"_swt_meta_transparent_header":false,"footnotes":""},"class_list":["post-8","page","type-page","status-publish","hentry"],"_links":{"self":[{"href":"https:\/\/web.ciidiroaxaca.ipn.mx\/lamartinez\/wp-json\/wp\/v2\/pages\/8","targetHints":{"allow":["GET"]}}],"collection":[{"href":"https:\/\/web.ciidiroaxaca.ipn.mx\/lamartinez\/wp-json\/wp\/v2\/pages"}],"about":[{"href":"https:\/\/web.ciidiroaxaca.ipn.mx\/lamartinez\/wp-json\/wp\/v2\/types\/page"}],"author":[{"embeddable":true,"href":"https:\/\/web.ciidiroaxaca.ipn.mx\/lamartinez\/wp-json\/wp\/v2\/users\/50"}],"replies":[{"embeddable":true,"href":"https:\/\/web.ciidiroaxaca.ipn.mx\/lamartinez\/wp-json\/wp\/v2\/comments?post=8"}],"version-history":[{"count":3,"href":"https:\/\/web.ciidiroaxaca.ipn.mx\/lamartinez\/wp-json\/wp\/v2\/pages\/8\/revisions"}],"predecessor-version":[{"id":36,"href":"https:\/\/web.ciidiroaxaca.ipn.mx\/lamartinez\/wp-json\/wp\/v2\/pages\/8\/revisions\/36"}],"wp:attachment":[{"href":"https:\/\/web.ciidiroaxaca.ipn.mx\/lamartinez\/wp-json\/wp\/v2\/media?parent=8"}],"curies":[{"name":"wp","href":"https:\/\/api.w.org\/{rel}","templated":true}]}}