{"id":8,"date":"2016-10-19T16:05:21","date_gmt":"2016-10-19T16:05:21","guid":{"rendered":"https:\/\/web.ciidiroaxaca.ipn.mx\/lagomezh\/actividades-academicas\/"},"modified":"2025-10-18T14:22:55","modified_gmt":"2025-10-18T20:22:55","slug":"actividades-academicas","status":"publish","type":"page","link":"https:\/\/web.ciidiroaxaca.ipn.mx\/lagomezh\/actividades-academicas\/","title":{"rendered":"Actividades acad\u00e9micas"},"content":{"rendered":"\n<h3 class=\"wp-block-heading\">Docencia a nivel posgrado<\/h3>\n\n\n\n<p>Docente titular y participante de la Maestr\u00eda con orientaci\u00f3n profesional en Gesti\u00f3n de Proyectos para el Desarrollo Solidario 2013 a la fecha.<\/p>\n\n\n\n<ul class=\"wp-block-list\">\n<li>Econom\u00eda Solidaria<\/li>\n\n\n\n<li>Formulaci\u00f3n de proyectos y evaluaci\u00f3n Ex ante<\/li>\n\n\n\n<li>Formulaci\u00f3n de proyectos y evaluaci\u00f3n Ex post<\/li>\n\n\n\n<li>Seminario de proyecto IV<\/li>\n\n\n\n<li>Seminario de proyectos III<\/li>\n\n\n\n<li>Seminario de proyectos II<\/li>\n\n\n\n<li>Temas Selectos II<\/li>\n\n\n\n<li>Temas Selectos I<\/li>\n<\/ul>\n\n\n\n<h3 class=\"wp-block-heading\">Participaci\u00f3n en congresos<\/h3>\n\n\n\n<p><strong>2023 Importancia y retos de la Agricultura Agroecol\u00f3gica y Econom\u00eda Solidaria. <\/strong>Reforzamiento en la materia Administraci\u00f3n de Proyectos Agr\u00edcolas y Seminario de Investigaci\u00f3n.&nbsp;Laura Lourdes G\u00f3mez Hern\u00e1ndez.<\/p>\n\n\n\n<p><strong>2022 La segueza: un mole oaxaque\u00f1o en camino del olvido<\/strong>.&nbsp;&nbsp;IV Congreso de Etnograf\u00eda Contempor\u00e1nea del Estado de Puebla. \u201cTransformaciones culturales: sociedad y poder\u201d.&nbsp;Laura Lourdes G\u00f3mez Hern\u00e1ndez.<\/p>\n\n\n\n<p><strong>2019 Dendroenergia como estrategia productiva para impulsar el aprovechamiento forestal sustentable bajo principios de Econom\u00eda Solidaria<\/strong>. VII Encuentro Latinoamericano y del Caribe de Econom\u00eda Social Solidaria 2019. Karen Deniss L\u00f3pez olmedo, Laura Lourdes G\u00f3mez Hern\u00e1ndez, Mario Enrique Fuente Carrasco.<\/p>\n\n\n\n<p><strong>2018 Inocuidad alimentaria en la producci\u00f3n de granola y aciento vegetal por la Cooperativa Flor del Valle de Zimatl\u00e1n de \u00c1lvares, Oaxaca&nbsp; Pre-Congreso Amer 2018.<\/strong> Cecilia Hern\u00e1ndez Cordova,&nbsp;Laura Lourdes G\u00f3mez Hern\u00e1ndez y Patricia Araceli Santiago Garc\u00eda<\/p>\n\n\n\n<p><strong>2017 Mujeres impulsando una econom\u00eda local: El caso de productoras de totopo en Juchitan de Zaragoza, Oaxaca.&nbsp;<\/strong> 11\u00b0 Congreso Nacional \u00abMarejadas Rurales y luchas por la vida\u00bb. Gabriela L\u00f3pez Saynes y Laura Lourdes G\u00f3mez Hern\u00e1ndez.<\/p>\n\n\n\n<p><strong>2017&nbsp;Beneficios socioecon\u00f3micos en la cadena productiva de maguey-mezcal en Yutanduchi de Guerrero, Oaxaca, M\u00e9xico.<\/strong>&nbsp;9no Congreso Internacional de la Academia Mexicana Multidisciplinaria A.C., E.E. G\u00f3mez Agust\u00edn, C. Escamirosa Tinoco, P.A. Santiago Garc\u00eda, L.L. G\u00f3mez Hern\u00e1ndez, A.L. Miguel Curiel.<\/p>\n\n\n\n<p><strong>2016&nbsp;&nbsp;Proyectos centrales e\u00f3licas y el inter\u00e9s p\u00fablico. Una mirada desde la experiencia del Istmo de Tehuantepec.&nbsp;<\/strong>Pre congreso 2016 &nbsp;de la Asociaci\u00f3n Mexicana de Estudios Rurales, Desarrollo, Disputas &nbsp;Socio- &nbsp;territoriales y Violencia en el Medio Rural. Mario Enrique Fuente Carrasco, l. Arturo Tapia Guerrero, Laura Lourdes G\u00f3mez Hern\u00e1ndez.<\/p>\n\n\n\n<p><strong>2016&nbsp;Artesan\u00edas de lirio acu\u00e1tico (eichhornia crassipes) como una alternativa para la conservaci\u00f3n en nacaste, Alvarado, Veracruz.<\/strong>&nbsp;4to Coloquio Internacional de Responsabilidad Social y Desarrollo de las Organizaciones. Ileana Granillo Su\u00e1rez, Laura Lourdes G\u00f3mez Hern\u00e1ndez, Elia Mar\u00eda del Carmen M\u00e9ndez Garc\u00eda.<\/p>\n\n\n\n<p><strong>2016&nbsp;Intervenci\u00f3n en el consumo alimentario de mujeres en la mixteca, Oaxaca, para promover la soberan\u00eda alimentaria.<\/strong> Onceavo Simposio Internacional de Estudios Oaxaque\u00f1os.&nbsp;Ponce Quezada, Gloria Irene., P\u00e9rez Flores Mar\u00eda Eufemia, y G\u00f3mez Hern\u00e1ndez Laura Lourdes.<\/p>\n\n\n\n<p><strong>2016&nbsp;Pol\u00edticas asistencialistas y respuestas comunitarias en comunidades de la Sierra Ju\u00e1rez. Un an\u00e1lisis desde la perspectiva de la econom\u00eda solidaria.<\/strong>&nbsp;III coloquio sobre el campo y las ruralidades, Colegio de Antropolog\u00eda Social de la Facultad de Filosof\u00eda y Letras de la Benem\u00e9rita Universidad Aut\u00f3noma de Puebla. Laura Lourdes G\u00f3mez Hern\u00e1ndez.<\/p>\n\n\n\n<p><strong>2016&nbsp;Los EVIS frente al paradigma ortodoxo de las MIA como instrumento de desarrollo dentro de la pol\u00edtica p\u00fablica.&nbsp;Experiencias desde la evaluaci\u00f3n de proyectos e\u00f3licos en el Istmo de Tehuantepec, Oaxaca.&nbsp;<\/strong>4to Congreso Internacional Redescolef: investigaci\u00f3n, docencia y pr\u00e1ctica profesional de las ciencias sociales. Mario Enrique Fuente Carrasco, Laura Lourdes G\u00f3mez Hern\u00e1ndez.<\/p>\n\n\n\n<p><strong>2015&nbsp;Percepci\u00f3n de la alimentaci\u00f3n en el contexto de crisis de producci\u00f3n campesina de una comunidad ind\u00edgena de los Valles Centrales de Oaxaca.<\/strong>&nbsp;Magno Congreso ITSPA. 5to Congreso Internacional de Desarrollo Comunitario. G\u00f3mez Hern\u00e1ndez Laura Lourdes.<\/p>\n\n\n\n<p><strong>2015&nbsp;Un espacio com\u00fan: mirada hacia los cambios en las practicas alimentarias y la aculturaci\u00f3n en el centro de desarrollo infantil,<\/strong> No.2, Oaxaca, M\u00e9xico. 1er Coloquio Internacional de Antropolog\u00eda y Etnograf\u00eda de la Alimentaci\u00f3n. M\u00f3nica Itahiyetzi Rodr\u00edguez, Elia M\u00e9ndez Garc\u00eda, G\u00f3mez Hern\u00e1ndez Laura L.<\/p>\n\n\n\n<p><strong>2014&nbsp;&nbsp;Captura sem\u00e1ntica pol\u00edtica y organizativa en la lucha por el agua en Valles Centrales de Oaxaca.<\/strong> 1er Congreso Latinoamericano de Estudiantes de Posgrado en Ciencias Sociales.&nbsp;Elia Maria de Carmen Mendez Garcia, G\u00f3mez Hern\u00e1ndez Laura Lourdes.<\/p>\n\n\n\n<p><strong>2012&nbsp;The use of epiphytic bromeliads in the celebrations of easter in Zaachila,&nbsp;Oaxaca Mexico,<\/strong> 6 th international canopy conference. Demetria Mondragon, Laura Lourdes G\u00f3mez Hern\u00e1ndez, Oaxaca, M\u00e9xico.<\/p>\n\n\n\n<p><strong>2011&nbsp;Alternativas para fortalecer las actividades productivas en una &nbsp;comunidad de muy alta &nbsp;marginaci\u00f3n de Oaxaca,&nbsp;extranjero<\/strong>, &nbsp;Noveno Simposio Internacional de &nbsp;Estudios Oaxaque\u00f1os, Ramos L\u00f3pez, Toledo Arteaga, Laura Lourdes G\u00f3mez Hern\u00e1ndez, M\u00e9xico.<\/p>\n\n\n\n<p><strong>2011&nbsp;Situaci\u00f3n actual de &nbsp;las &nbsp;actividades productivas en una &nbsp;comunidad de muy &nbsp;alta marginaci\u00f3n de Oaxaca,&nbsp;nacional,<\/strong> 1er. &nbsp;Congreso Nacional de &nbsp;Ciencias y &nbsp;Tecnolog\u00edas para &nbsp;la Vida, M\u00e9xico. Laura Lourdes G\u00f3mez Hern\u00e1ndez.<\/p>\n\n\n\n<p><strong>2009&nbsp;Bromelias ep\u00edfitas nativas: un recurso ornamental subutilizado en M\u00e9xico.<\/strong> XII Congreso Nacional y V Internacional de Horticultura Ornamental: primer simposio Experiencias exitosas de empresas ornamentales y tendencias de mercado. Demetria Mondrag\u00f3n Chaparro y Laura L. G\u00f3mez Hern\u00e1ndez.<\/p>\n\n\n\n<h3 class=\"wp-block-heading\">Comisi\u00f3n revisora<\/h3>\n\n\n\n<p>Integrante de Comisi\u00f3n revisora y jurado de examen de grado del documento de tesis con el t\u00edtulo: <strong>\u00abElaboraci\u00f3n de un plan de acci\u00f3n sostenible para la conservaci\u00f3n de la fauna acu\u00e1tica: Integraci\u00f3n del conocimiento local y la etnozoolog\u00eda de la comunidad de Santiago Zacatepec, Mixes, Oaxaca\u00bb<\/strong> , elaborado por la alumna Cruz Arenas Eufemia. 2025<\/p>\n\n\n\n<p>Integrante de Comisi\u00f3n revisora y jurado de examen de grado del documento de tesis con el t\u00edtulo: <strong>\u00abImplementaci\u00f3n de un sistema acuap\u00f3nico de Tilapia <em>(Oreochromis niloticus)<\/em> y lechuga crespa <em>(Lactuca sativa L.)<\/em> para autoconsumo en el Municipio de San Andr\u00e9s Huay\u00e1pam \u00ab<\/strong> , elaborado por el alumno Viveros Parra Carlos Humberto. 2025<\/p>\n\n\n\n<p>Integrante de Comisi\u00f3n revisora y jurado de examen de grado del documento de tesis con el t\u00edtulo: <strong>\u00abObtenci\u00f3n de alimentos funcionales deshidratados con un enfoque solidario para fomentar una alimentaci\u00f3n saludable en la comunidad de Los sabinos, Villa Sola de Vega\u00bb<\/strong> , elaborado por la alumna R\u00edos Jim\u00e9nez Carolina Areli. 2025<\/p>\n\n\n\n<p>Integrante de Comisi\u00f3n revisora y jurado de examen de grado del documento de tesis con el t\u00edtulo: <strong>\u00abPreservaci\u00f3n de la etnobot\u00e1nica medicinal tradicional de la cultura Xidza en San Gaspar Yagalaxi, Ixtl\u00e1n de Ju\u00e1rez, Oaxaca\u00bb<\/strong> , elaborado por la alumna Santiago Mendoza Perla. 2025<\/p>\n\n\n\n<p>Integrante de Comisi\u00f3n revisora y jurado de examen de grado del documento de tesis con el t\u00edtulo: <strong>\u00abFomento del consumo de alimentos funcionales mediante la capacitaci\u00f3n y establecimiento de un huerto comunitario en San Juan Luvina, Oaxaca\u00bb<\/strong> , elaborado por la alumna Cruz P\u00e9rez Diana Haydee. 2025<\/p>\n\n\n\n<p>Integrante de Comisi\u00f3n revisora y jurado de examen de grado del documento de tesis con el t\u00edtulo: <strong>\u00abEstablecimiento de un proceso sustentable para el aprovechamiento de hortalizas de baja calidad de peque\u00f1os productores de San Jos\u00e9 Guelatov\u00e1 de D\u00edaz, Oaxaca\u00bb<\/strong> , elaborado por la alumna Juan de Dios Garc\u00eda Katia Itzel. 2024 <\/p>\n\n\n\n<p>Integrante de Comisi\u00f3n revisora y jurado de examen de grado del documento de tesis con el t\u00edtulo: \u00ab<strong>Responsabilidad social empresarial en un contexto rural: El caso de MiPyMes familiares en Asunci\u00f3n Ixtaltepec, Oaxaca\u00bb<\/strong>, elaborado por la alumna Toledo Morales Arendi. 2024 <\/p>\n\n\n\n<p>Integrante de comisi\u00f3n revisora del documento de tesis con el t\u00edtulo:&nbsp;<strong>\u00abFortalecimiento de capacidades agroecol\u00f3gicas en el manejo de huertas familiares a productores de Cuil\u00e1pam de Guerrero, Oaxaca, con enfoque de Econom\u00eda Solidaria<\/strong>\u00ab, elaborado por la alumna Castellanos Guzm\u00e1n Diana. 2022<\/p>\n\n\n\n<p>Integrante de comisi\u00f3n revisora del documento de tesis con el t\u00edtulo:&nbsp;<strong>\u00abFortalecimiento de una Unidad de Manejo para la Conservaci\u00f3n Comunitaria de venado Cola Blanca (Odocoileus virginianus) en San Pedro Y\u00f3lox, Oaxaca\u00bb<\/strong>, elaborado por la alumna Santiago Olivera Rocio Nashiely. 2022<\/p>\n\n\n\n<p>Integrante de comisi\u00f3n revisora del documento de tesis con el t\u00edtulo:&nbsp;<strong>\u201cFortalecimiento de la resiliencia en las unidades de producci\u00f3n familiar de queso fresco en la Villa de San Pablo Huixtepec, Oaxaca\u201d<\/strong>, elaborado por la alumna V\u00e1squez Ramos Marlene. 2022<\/p>\n\n\n\n<p>Integrante de comisi\u00f3n revisora del documento de tesis con el t\u00edtulo:&nbsp;<strong>\u00abDise\u00f1o del producto tur\u00edstico para la implementaci\u00f3n del ecoturismo ind\u00edgena en la comunidad de San Miguel Maninaltepec, Ixtl\u00e1n, Oaxaca\u00bb<\/strong>, elaborado por la alumna Gayt\u00e1n Ram\u00edrez Frida. 2022<\/p>\n\n\n\n<p>Integrante de comisi\u00f3n revisora del documento de tesis con el t\u00edtulo:&nbsp;<strong>\u201cEstablecimiento de una unidad de producci\u00f3n familiar sustentable de Pleurotus spp. en San Juan Yatzona para la contribuci\u00f3n a la seguridad alimentaria\u201d<\/strong>, elaborado por la alumna Vargas Mendoza Yanet. 2022<\/p>\n\n\n\n<p>Integrante de comisi\u00f3n revisora del documento de tesis con el t\u00edtulo:&nbsp;<strong>\u201cPotencial Tur\u00edstico Ind\u00edgena Comunitario en Magdalena Jaltepec, Mixteca Alta, Oaxaca.\u201d<\/strong>, elaborado por la alumna Pablo Cruz Mar\u00eda Magdalena. 2022<\/p>\n\n\n\n<p>Integrante de comisi\u00f3n revisora del documento de tesis con el t\u00edtulo:&nbsp;<strong>\u201cEstrategias para la comercializaci\u00f3n de ma\u00edz (Zea mays L.) criollo mejorado e h\u00edbrido en el valle de Nochixtl\u00e1n, Oaxaca\u201d<\/strong>&nbsp;, elaborado por la alumna&nbsp;Santiago Hern\u00e1ndez Concepci\u00f3n. 2022<\/p>\n\n\n\n<p>Integrante de comisi\u00f3n revisora del documento de tesis con el t\u00edtulo:<strong>&nbsp;\u201cElementos naturales y culturales como factores para impulsar el ecoturismo comunitario en San Miguel Maninaltepec, Ixtl\u00e1n de Ju\u00e1rez, Oaxaca\u201d<\/strong>, elaborado por la alumna Garz\u00f3n Garc\u00eda Lidia. 2021<\/p>\n\n\n\n<p>Integrante de comisi\u00f3n revisora del documento de tesis con el t\u00edtulo:&nbsp;<strong>\u00abPropuesta de aplicaci\u00f3n de una tecnolog\u00eda apropiada de saneamiento de agua a nivel de vivienda, en Loma Bonita, San Agust\u00edn Loxicha Oaxaca\u00bb<\/strong>, elaborado por el alumno&nbsp;Enriquez Enriquez Ananias . 2021<\/p>\n\n\n\n<p>Integrante de comisi\u00f3n revisora del documento de tesis con el t\u00edtulo:&nbsp;<strong>\u00abFortalecimiento de valores comunitarios del grupo \u00abCuidando la vida: manos, naturaleza, energ\u00eda y salud<\/strong>\u00bb en proyecto de mejoramiento de espacios d integraci\u00f3n y cohesi\u00f3n social\u00bb, elaborado por la alumna Jenny Andrea Cuadra S\u00e1nchez . 2019<\/p>\n\n\n\n<p>Integrante de comisi\u00f3n revisora del documento de tesis con el t\u00edtulo:&nbsp;<strong>\u00abFortalecimiento del grupo MENA a tr\u00e1ves de estrtegias socio productivas\u00bb<\/strong>, elaborado por la alumna Raquel Jim\u00e9nez L\u00f3pez . 2019<\/p>\n\n\n\n<p>Integrante de comisi\u00f3n revisora del documento de tesis con el t\u00edtulo:&nbsp;<strong>\u00abProyecto de espacio Ludo-did\u00e1ctico en la Escuela Primaria Rural \u00abAquiles Serdan\u00bb, San Francisco Tutla, Oaxaca, M\u00e9xico\u00bb<\/strong>, elaborado por la alumna Brenda Lizbeth Garc\u00eda L\u00f3pez . 2019<\/p>\n\n\n\n<p>Integrante de comisi\u00f3n revisora del documento de tesis con el t\u00edtulo:&nbsp;<strong>\u00abApropiaci\u00f3n social de ecot\u00e9cnias para el mejoramiento del tianguis gastron\u00f3mico \u00abGadoo Gush\u00bb de San Raymundo Jalpan, Oaxaca, M\u00e9xico\u00bb<\/strong>, elaborado por la alumna Ojeda Salinas Citlalli . 2019<\/p>\n\n\n\n<p>Integrante de comisi\u00f3n revisora del documento de tesis con el t\u00edtulo:&nbsp;<strong>\u00abSistemas sanitarios apropiados para la construcci\u00f3n social de la vivienda\u00bb<\/strong>, elaborado por el alumno Jim\u00e9nez L\u00f3pez Jes\u00fas Ren\u00e9. 2019<\/p>\n\n\n\n<p>Integrante de comisi\u00f3n revisora del documento de tesis con el t\u00edtulo:<strong>&nbsp;\u00abGesti\u00f3n del agua en unidades de producci\u00f3n acuicola en los valles centrales de Oaxaca bajo un enfoque solidario\u00bb<\/strong>, elaborado por el alumno Nathal\u00ed Mart\u00ednez Salazar. 2019<\/p>\n\n\n\n<p>Integrante de comisi\u00f3n revisora del documento de tesis con el t\u00edtulo:&nbsp;<strong>\u00abEstrategias para la reduccion del metabolismo socio natural en la agricultura\u00bb<\/strong>, elaborado por la alumna Roxana Caballero Ramirez. 2018<\/p>\n\n\n\n<p>Integrante de comisi\u00f3n revisora del documento de tesis con el t\u00edtulo:&nbsp;<strong>\u00abFortalecimiento de unidades de producci\u00f3n familiar de mezcal ancentral en localidades de la Mixteca de Oaxaca \u00ab<\/strong>, elaborado por el alumno Eduardo El\u00edas G\u00f3mez Agust\u00edn.2018<\/p>\n\n\n\n<p>Integrante de la comisi\u00f3n revisora del documento de tesis con el t\u00edtulo:\u201d&nbsp;<strong>Plan de manejo comunitario de venado cola blanca (Odocoileus virginianus) en vida libre, como especie de importacia social, economica y cultural, en Santa Mar\u00eda Yahuiche, Ixtl\u00e1n, Oaxaca<\/strong>\u00ab, elaborado por la alumna: Azucena Hern\u00e1ndez Miranda. 2017<\/p>\n\n\n\n<p>Integrante de la comisi\u00f3n revisora del documento de tesis con el t\u00edtulo:\u201d&nbsp;<strong>Unidad de produccion solidaria en Candelaria Loxicha y San Jos\u00e9 Chacalapa, como una alternativa de desarrollo<\/strong>&nbsp;\u00ab, elaborado por la alumna: Raquel L\u00f3pez Jim\u00e9nez. 2017<\/p>\n\n\n\n<p>Integrante de la comisi\u00f3n revisora del documento de tesis con el t\u00edtulo:\u201d&nbsp;<strong>Saneamiento de las aguas residuales de San Sebastian Etla mediante tecnologias alternativas y dinamicas de inclusion social&nbsp;<\/strong>\u00ab, elaborado por el alumno: Edberg Daniel Martinez Jimenez. 2017<\/p>\n\n\n\n<p>Integrante de la comisi\u00f3n revisora del documento de tesis con el t\u00edtulo:\u201d&nbsp;<strong>Medidas para minimizar incidencias socioambientales desde el enfoque social solidario del ecoturismo comunitario en Santa Maria Yahuiche, Ixtl\u00e1n, Oaxaca<\/strong>\u00bb&nbsp;, elaborado por la alumna: Nancy Merab P\u00e9rez Belmonte. 2017<\/p>\n\n\n\n<p>Integrante de la comisi\u00f3n revisora del documento de tesis con el t\u00edtulo:\u201d&nbsp;<strong>Valores comunitarios en proyecto de espacios de integracion y cohesion social:caso del grupo \u00abarmonia, juventud y comunidad<\/strong>\u00ab, elaborado por la alumna: Jenny Andrea Cuadra S\u00e1nchez. 2017<\/p>\n\n\n\n<p>Integrante de la comisi\u00f3n revisora del documento de tesis con el t\u00edtulo:\u201d<strong>&nbsp;Integraci\u00f3n de una cooperativa de productores de alimentos naturales en la comunidad de Zimatlan de Alvares, Oaxaca<\/strong>\u00ab, elaborado por la alumna: Cecilia Hernandez Cordova. 2017<\/p>\n\n\n\n<p>Integrante de la comisi\u00f3n revisora del documento de tesis con el t\u00edtulo:\u201d&nbsp;<strong>An\u00e1lisis productivo del grupo informal La ni\u00f1a del Humedal productor de artesan\u00edas de lirio acu\u00e1tico (Eichhornia crassipes (Mart.) Solms, 1883) en El Necaste, Alvarado, Veracruz<\/strong>\u00ab, elaborado por la : Mtra. lIeana Jimena Granillo Su\u00e1rez. 2016<\/p>\n\n\n\n<p>Integrante de la comisi\u00f3n revisora del documento de tesis con el t\u00edtulo:\u201d&nbsp;<strong>Diagnostico participativo del uso y manejo del agua en seis unidades de producci\u00f3n acu\u00edcola en los Valles Centrales de Oaxaca, e implementacion de un sistema&nbsp; de filtracion en una unidad piloto bajo un enfoque solidari<\/strong>o\u00bb, elaborado por la alumna: Nathali Mart\u00ednez salazar. 2016<\/p>\n\n\n\n<p>Integrante de comisi\u00f3n revisora del documento de tesis con el t\u00edtulo:\u201d <strong>Intervenci\u00f3n en el Consumo Alimentario de Mujeres en una Comunidad Mixteca de Oaxaca. En b\u00fasqueda de la Soberan\u00eda Alimentaria<\/strong>\u201d,&nbsp;elaborado por la Mtra. Gloria Irene Ponce Quezada. 2015<\/p>\n\n\n\n<p><\/p>\n","protected":false},"excerpt":{"rendered":"<p>Docencia a nivel posgrado Docente titular y participante de la Maestr\u00eda con orientaci\u00f3n profesional en Gesti\u00f3n de Proyectos para el Desarrollo Solidario 2013 a la fecha. Participaci\u00f3n en congresos 2023 Importancia y retos de la Agricultura Agroecol\u00f3gica y Econom\u00eda Solidaria. Reforzamiento en la materia Administraci\u00f3n de Proyectos Agr\u00edcolas y Seminario de Investigaci\u00f3n.&nbsp;Laura Lourdes G\u00f3mez Hern\u00e1ndez. [&hellip;]<\/p>\n","protected":false},"author":67,"featured_media":0,"parent":0,"menu_order":0,"comment_status":"closed","ping_status":"closed","template":"","meta":{"_swt_meta_header_display":false,"_swt_meta_footer_display":false,"_swt_meta_site_title_display":false,"_swt_meta_sticky_header":false,"_swt_meta_transparent_header":false,"footnotes":""},"class_list":["post-8","page","type-page","status-publish","hentry"],"_links":{"self":[{"href":"https:\/\/web.ciidiroaxaca.ipn.mx\/lagomezh\/wp-json\/wp\/v2\/pages\/8","targetHints":{"allow":["GET"]}}],"collection":[{"href":"https:\/\/web.ciidiroaxaca.ipn.mx\/lagomezh\/wp-json\/wp\/v2\/pages"}],"about":[{"href":"https:\/\/web.ciidiroaxaca.ipn.mx\/lagomezh\/wp-json\/wp\/v2\/types\/page"}],"author":[{"embeddable":true,"href":"https:\/\/web.ciidiroaxaca.ipn.mx\/lagomezh\/wp-json\/wp\/v2\/users\/67"}],"replies":[{"embeddable":true,"href":"https:\/\/web.ciidiroaxaca.ipn.mx\/lagomezh\/wp-json\/wp\/v2\/comments?post=8"}],"version-history":[{"count":17,"href":"https:\/\/web.ciidiroaxaca.ipn.mx\/lagomezh\/wp-json\/wp\/v2\/pages\/8\/revisions"}],"predecessor-version":[{"id":69,"href":"https:\/\/web.ciidiroaxaca.ipn.mx\/lagomezh\/wp-json\/wp\/v2\/pages\/8\/revisions\/69"}],"wp:attachment":[{"href":"https:\/\/web.ciidiroaxaca.ipn.mx\/lagomezh\/wp-json\/wp\/v2\/media?parent=8"}],"curies":[{"name":"wp","href":"https:\/\/api.w.org\/{rel}","templated":true}]}}