{"id":5,"date":"2016-10-19T16:03:32","date_gmt":"2016-10-19T16:03:32","guid":{"rendered":"https:\/\/web.ciidiroaxaca.ipn.mx\/lagomezh\/publicaciones\/"},"modified":"2025-09-18T19:43:37","modified_gmt":"2025-09-18T19:43:37","slug":"publicaciones","status":"publish","type":"page","link":"https:\/\/web.ciidiroaxaca.ipn.mx\/lagomezh\/publicaciones\/","title":{"rendered":"Publicaciones"},"content":{"rendered":"\n<p>Bautista Bautista L.,&nbsp;<strong>G\u00f3mez Hern\u00e1ndez, L.L.<\/strong>, Toledo L\u00f3pez A. (2023)&nbsp;Comercio justo en artesan\u00edas de barro de Santa Mar\u00eda Atzompa, Oaxaca,&nbsp;M\u00e9xico. Revista de Gestao e Secretariado. http:\/\/doi.org\/10.7769\/gesec.v14i6.2376&nbsp;<\/p>\n\n\n\n<p>Mart\u00ednez Ruiz, O.,&nbsp;<strong>G\u00f3mez Hern\u00e1ndez, L.L.<\/strong>&nbsp;M\u00e9ndez Garcia E. (2023) Sistema de Gesti\u00f3n de la Calidad con gobernanza e interculturalidad en Ecotur Yahuiche, Oaxaca. Revista \u00abTurismo y Sociedad\u00bb. https:\/\/doi.org\/10.18601\/01207555.n33.02<\/p>\n\n\n\n<p>Karen Denisse L\u00f3pez Olmedo, Mario Enrique Fuente Carrasco, <strong>Laura Lourdes G\u00f3mez Hern\u00e1ndez<\/strong>, Daniel Tagle Zamora (2022)&nbsp;El potencial de la dendroenerg\u00eda en comunidades ind\u00edgenas de Oaxaca, M\u00e9xico. Experiencias y expectativas de la Bioeconom\u00eda. UAM.<\/p>\n\n\n\n<p>Ram\u00edrez Vargas Sara, <strong>G\u00f3mez Hern\u00e1ndez Laura<\/strong>&nbsp;(2020) El Comercio Justo, una alternativa para la elaboraci\u00f3n y venta de artesan\u00edas de barro. El caso de Santa Mar\u00eda Atzompa, Oaxaca. Revista&nbsp;\u00abContribuci\u00f3n al Conocimiento Cient\u00edfico y Tecnol\u00f3gico en Oaxaca\u00bb.&nbsp;https:\/\/www.ciidiroaxaca.ipn.mx\/cccto\/publicaciones\/numeros-publicados\/vol-4-num-4.html<\/p>\n\n\n\n<p>M\u00e9ndez Garcia Elia, <strong>G\u00f3mez Hern\u00e1ndez Laura<\/strong>, Azamar Alonso Aleida (2019) Caminos de solidaridad y cooperacion en la defensa del agua en el Valle de Ocotl\u00e1n y Zimatl\u00e1n, Oaxaca, M\u00e9xico. La Necesidad de la Aci\u00f3n Social.\u00a0[<a href=\"https:\/\/www.researchgate.net\/publication\/339697419_Caminos_de_solidaridad_y_cooperacion_en_defensa_del_agua_en_el_Valle_de_Ocotlan_y_Zimatlan_Oaxaca\" target=\"_blank\" rel=\"noreferrer noopener\">Enlace<\/a>]<\/p>\n\n\n\n<p>Eduardo El\u00edas G\u00f3mez Agust\u00edn, Cirenio Escamirosa Tinoco, Patricia Araceli Santiago Garc\u00eda,<strong> Laura Lourdes G\u00f3mez Hernandez<\/strong>, Arnulfo Luciano Miguel Curiel (2017). Beneficios socieconomicos en la cadena productiva de maguey-mezcal en Yutanduchi de Guerrero, Oaxaca, M\u00e9xico. Memorias AMM 2017. Recuperado de&nbsp;http:\/\/amm.edu.mx\/archivo\/.<\/p>\n\n\n\n<p>Caballero Montez, J. L., Perez Flores M. E.,&nbsp;<strong>G\u00f3mez Hern\u00e1ndez, L.L.<\/strong>, (2017).&nbsp;Percepci\u00f3n de habitabilidad en la vivienda precaria: caso zona metropolitana Oaxaca, Mexico. Revista \u00abContribuci\u00f3n a las Ciencias Sociales\u00bb .&nbsp;http:\/\/www.eumed.net\/rev\/cccss\/2017\/03\/vivienda-precaria-mexico.html.<\/p>\n\n\n\n<p>M\u00e9ndez Garc\u00eda, E.M.C.,&nbsp;Mondrag\u00f3n Chaparro, D.M.,&nbsp;<strong>G\u00f3mez Hern\u00e1ndez, L.L<\/strong>., (2017).&nbsp;Conocimiento del entorno natural y pol\u00edtica ambiental para la conservaci\u00f3n de bromelias ep\u00edfitas en Santa Catarina Ixtepeji, Oaxaca, M\u00e9xico.&nbsp;Revista de investigaci\u00f3n acad\u00e9mica sin frontera.&nbsp;Recuperado de&nbsp;http:\/\/revistainvestigacionacademicasinfrontera.com\/inicio\/wp-content\/uploads\/2017\/07\/8.-Conocimiento_poli%CC%81tica_pu%CC%81blica_Me%CC%81ndez-et-al_ISF.docx.pdf<\/p>\n\n\n\n<p>Mart\u00ednez Ruiz, O.,&nbsp;<strong>G\u00f3mez Hern\u00e1ndez, L.L.<\/strong>,&nbsp;Gonz\u00e1lez P\u00e9rez G. E., (2017) Ecoturismo Comunitario como alternativa de Desarrollo Rural Solidario: el caso de Ecotur-Yahuiche. Revista&nbsp;\u00abContribuci\u00f3n al Conocimiento Cient\u00edfico y Tecnol\u00f3gico en Oaxaca\u00bb. http:\/\/www.ciidiroaxaca.ipn.mx\/cccto<\/p>\n\n\n\n<p>Granillo Su\u00e1rez I.,&nbsp;<strong>G\u00f3mez Hern\u00e1ndez, L.L.<\/strong>,&nbsp;M\u00e9ndez Garc\u00eda, E.M.C., (2017) Artesanias de lirio acuatico (Eichhornia Crassipes) Como una alternatica para la conservaci\u00f3n en Nacaste, Alvarado, Veracruz.&nbsp;&nbsp;Capitulo del libro \u00bb Nuevos Enfoques de la Responsabilidad Social\u00bb. Primera Edici\u00f3n. Universidad Polit\u00e9cnica de Guanajuato.<\/p>\n\n\n\n<p><strong>G\u00f3mez Hern\u00e1ndez, L.L.<\/strong>, Mondrag\u00f3n Chaparro, D.M., M\u00e9ndez Garc\u00eda, E.M.C., (2016,18 de enero). Aprovechamiento sustentable de bromelias epifitas: propuesta comercial del vivero comunitario \u201cLas bromelias\u201d, Santa Catarina Ixtepeji, Oaxaca. Revista de investigaci\u00f3n acad\u00e9mica sin frontera. Recuperado de [<a href=\"https:\/\/www.researchgate.net\/publication\/290168846_Aprovechamiento_sustentable_de_Bromelias_Epifitas_Propuesta_comercial_del_vivero_comunitario_Las_Bromelias_Santa_Catarina_Ixtepeji_Oaxaca\" target=\"_blank\" rel=\"noreferrer noopener\">Enlace<\/a>].<\/p>\n\n\n\n<p>M\u00e9ndez Garc\u00eda, E.M.C., <strong>G\u00f3mez Hern\u00e1ndez, L.L.<\/strong>, Mora Flores P.M., &nbsp;(2014). Captura sem\u00e1ntica, pol\u00edtica y organizativa en la lucha por el agua en Valles Centrales de Oaxaca. Memorias 2014 CLEPSO. Recuperado de http:\/\/clepso.flacso.edu.mx\/sites\/default\/files\/clepso_2014_eje2mendez_gomez_y_mora.pdf<\/p>\n\n\n\n<p>Ju\u00e1rez Ruiz, L.A., <strong>G\u00f3mez Hern\u00e1ndez, L.L.<\/strong>, (2014). Implantaci\u00f3n del Sistema de Gesti\u00f3n de la Calidad aplicado a la gesti\u00f3n de proyectos de investigaci\u00f3n: el caso del CIIDIR Unidad Oaxaca-IPN. Revista Acad\u00e9mica de Econom\u00eda \u201cObservatorio de la Econom\u00eda Latinoamericana\u201d. 2014 (197). Recuperado de http:\/\/www.eumed.net\/cursecon\/ecolat\/mx\/2014\/gestion-proyectos.html<\/p>\n","protected":false},"excerpt":{"rendered":"<p>Bautista Bautista L.,&nbsp;G\u00f3mez Hern\u00e1ndez, L.L., Toledo L\u00f3pez A. (2023)&nbsp;Comercio justo en artesan\u00edas de barro de Santa Mar\u00eda Atzompa, Oaxaca,&nbsp;M\u00e9xico. Revista de Gestao e Secretariado. http:\/\/doi.org\/10.7769\/gesec.v14i6.2376&nbsp; Mart\u00ednez Ruiz, O.,&nbsp;G\u00f3mez Hern\u00e1ndez, L.L.&nbsp;M\u00e9ndez Garcia E. (2023) Sistema de Gesti\u00f3n de la Calidad con gobernanza e interculturalidad en Ecotur Yahuiche, Oaxaca. Revista \u00abTurismo y Sociedad\u00bb. https:\/\/doi.org\/10.18601\/01207555.n33.02 Karen Denisse L\u00f3pez [&hellip;]<\/p>\n","protected":false},"author":67,"featured_media":0,"parent":0,"menu_order":0,"comment_status":"closed","ping_status":"closed","template":"","meta":{"_swt_meta_header_display":false,"_swt_meta_footer_display":false,"_swt_meta_site_title_display":false,"_swt_meta_sticky_header":false,"_swt_meta_transparent_header":false,"footnotes":""},"class_list":["post-5","page","type-page","status-publish","hentry"],"_links":{"self":[{"href":"https:\/\/web.ciidiroaxaca.ipn.mx\/lagomezh\/wp-json\/wp\/v2\/pages\/5","targetHints":{"allow":["GET"]}}],"collection":[{"href":"https:\/\/web.ciidiroaxaca.ipn.mx\/lagomezh\/wp-json\/wp\/v2\/pages"}],"about":[{"href":"https:\/\/web.ciidiroaxaca.ipn.mx\/lagomezh\/wp-json\/wp\/v2\/types\/page"}],"author":[{"embeddable":true,"href":"https:\/\/web.ciidiroaxaca.ipn.mx\/lagomezh\/wp-json\/wp\/v2\/users\/67"}],"replies":[{"embeddable":true,"href":"https:\/\/web.ciidiroaxaca.ipn.mx\/lagomezh\/wp-json\/wp\/v2\/comments?post=5"}],"version-history":[{"count":4,"href":"https:\/\/web.ciidiroaxaca.ipn.mx\/lagomezh\/wp-json\/wp\/v2\/pages\/5\/revisions"}],"predecessor-version":[{"id":40,"href":"https:\/\/web.ciidiroaxaca.ipn.mx\/lagomezh\/wp-json\/wp\/v2\/pages\/5\/revisions\/40"}],"wp:attachment":[{"href":"https:\/\/web.ciidiroaxaca.ipn.mx\/lagomezh\/wp-json\/wp\/v2\/media?parent=5"}],"curies":[{"name":"wp","href":"https:\/\/api.w.org\/{rel}","templated":true}]}}