{"id":5,"date":"2011-10-18T18:37:23","date_gmt":"2011-10-18T18:37:23","guid":{"rendered":"https:\/\/web.ciidiroaxaca.ipn.mx\/jvega\/dr-jaime-ruiz-vega\/"},"modified":"2025-09-20T19:13:33","modified_gmt":"2025-09-20T19:13:33","slug":"dr-jaime-ruiz-vega","status":"publish","type":"page","link":"https:\/\/web.ciidiroaxaca.ipn.mx\/jvega\/","title":{"rendered":"Dr. Jaime Ruiz Vega"},"content":{"rendered":"\n<figure class=\"wp-block-image aligncenter\"><img loading=\"lazy\" decoding=\"async\" width=\"295\" height=\"354\" src=\"https:\/\/web.ciidiroaxaca.ipn.mx\/jvega\/wp-content\/uploads\/sites\/53\/2011\/10\/RUIZ-VEGA-JAIME.JPG\" alt=\"\" class=\"wp-image-4\" srcset=\"https:\/\/web.ciidiroaxaca.ipn.mx\/jvega\/wp-content\/uploads\/sites\/53\/2011\/10\/RUIZ-VEGA-JAIME.JPG 295w, https:\/\/web.ciidiroaxaca.ipn.mx\/jvega\/wp-content\/uploads\/sites\/53\/2011\/10\/RUIZ-VEGA-JAIME-250x300.jpg 250w\" sizes=\"auto, (max-width: 295px) 100vw, 295px\" \/><\/figure>\n\n\n\n<h3 class=\"wp-block-heading has-text-align-center\">SNI nivel 1<\/h3>\n\n\n\n<h3 class=\"wp-block-heading has-text-align-center\">Doctor en Agroclimatolog\u00eda, Iowa State University<\/h3>\n\n\n\n<p class=\"has-text-align-center\">Diplomados en Agroecolog\u00eda y Control microbiol\u00f3gico de plagas agr\u00edcolas<br>Profesor colegiado del posgrado del CIIDIR Oaxaca, Instituto Polit\u00e9cnico Nacional.<br><\/p>\n\n\n\n<p class=\"has-text-align-center\"><strong>\u00c1reas de inter\u00e9s:<\/strong> Agricultura sostenible, control microbiol\u00f3gico de plagas\u00a0 .<br><\/p>\n\n\n\n<p class=\"has-text-align-center\">e-mail:\u00a0 jvega@ipn.mx\u00a0\u00a0 Extensi\u00f3n: 82787<\/p>\n","protected":false},"excerpt":{"rendered":"<p>SNI nivel 1 Doctor en Agroclimatolog\u00eda, Iowa State University Diplomados en Agroecolog\u00eda y Control microbiol\u00f3gico de plagas agr\u00edcolasProfesor colegiado del posgrado del CIIDIR Oaxaca, Instituto Polit\u00e9cnico Nacional. \u00c1reas de inter\u00e9s: Agricultura sostenible, control microbiol\u00f3gico de plagas\u00a0 . e-mail:\u00a0 jvega@ipn.mx\u00a0\u00a0 Extensi\u00f3n: 82787<\/p>\n","protected":false},"author":53,"featured_media":0,"parent":0,"menu_order":0,"comment_status":"closed","ping_status":"closed","template":"","meta":{"_swt_meta_header_display":false,"_swt_meta_footer_display":false,"_swt_meta_site_title_display":false,"_swt_meta_sticky_header":false,"_swt_meta_transparent_header":false,"footnotes":""},"class_list":["post-5","page","type-page","status-publish","hentry"],"_links":{"self":[{"href":"https:\/\/web.ciidiroaxaca.ipn.mx\/jvega\/wp-json\/wp\/v2\/pages\/5","targetHints":{"allow":["GET"]}}],"collection":[{"href":"https:\/\/web.ciidiroaxaca.ipn.mx\/jvega\/wp-json\/wp\/v2\/pages"}],"about":[{"href":"https:\/\/web.ciidiroaxaca.ipn.mx\/jvega\/wp-json\/wp\/v2\/types\/page"}],"author":[{"embeddable":true,"href":"https:\/\/web.ciidiroaxaca.ipn.mx\/jvega\/wp-json\/wp\/v2\/users\/53"}],"replies":[{"embeddable":true,"href":"https:\/\/web.ciidiroaxaca.ipn.mx\/jvega\/wp-json\/wp\/v2\/comments?post=5"}],"version-history":[{"count":3,"href":"https:\/\/web.ciidiroaxaca.ipn.mx\/jvega\/wp-json\/wp\/v2\/pages\/5\/revisions"}],"predecessor-version":[{"id":32,"href":"https:\/\/web.ciidiroaxaca.ipn.mx\/jvega\/wp-json\/wp\/v2\/pages\/5\/revisions\/32"}],"wp:attachment":[{"href":"https:\/\/web.ciidiroaxaca.ipn.mx\/jvega\/wp-json\/wp\/v2\/media?parent=5"}],"curies":[{"name":"wp","href":"https:\/\/api.w.org\/{rel}","templated":true}]}}