{"id":81,"date":"2011-10-31T22:01:17","date_gmt":"2011-10-31T22:01:17","guid":{"rendered":"https:\/\/web.ciidiroaxaca.ipn.mx\/jsantosm\/tesis\/"},"modified":"2025-10-14T15:39:03","modified_gmt":"2025-10-14T15:39:03","slug":"tesis","status":"publish","type":"page","link":"https:\/\/web.ciidiroaxaca.ipn.mx\/jsantosm\/tesis\/","title":{"rendered":"Tesis"},"content":{"rendered":"\n<ul class=\"wp-block-list\">\n<li><strong>Concluidas (Licenciatura)<\/strong><\/li>\n<\/ul>\n\n\n\n<p>L\u00f3pez Miguel Elba (oobtenci\u00f3n del grado el 13 de mayo de 2024). Diversidad de especies de murci\u00e9lagos en tres tipos de vegetaci\u00f3n de la regi\u00f3n de los Valles Centrales de Oaxaca, M\u00e9xico. Licenciatura en Biolog\u00eda, Facultad de Sistemas Biol\u00f3gicos e Innovaci\u00f3n Tecnol\u00f3gica, Universidad Aut\u00f3noma Benito Ju\u00e1rez de Oaxaca.<\/p>\n\n\n\n<p>Mart\u00ednez S\u00e1nchez Natalia (obtenci\u00f3n del grado el 28 de agosto de 2019). Densidad poblacional y patr\u00f3n de actividad del tigrillo (Leopardus wiedii) bajo condiciones de manejo forestal en el bosque templado de Santiago Comaltepec, Ixtl\u00e1n, Oaxaca, M\u00e9xico. Licenciatura en Biolog\u00eda, Facultad de Ciencias, Universidad Nacional Aut\u00f3noma de M\u00e9xico.<\/p>\n\n\n\n<p>Soriano Cruz Marina (obtenci\u00f3n del grado el 3 de junio de 2019). Comparaci\u00f3n de la dieta de dos especies simp\u00e1tricas de murci\u00e9lagos del g\u00e9nero Pteronotus (Chiroptera: Mormoopidae) en dos municipios del distrito de Pochutla. Licenciatura en Biolog\u00eda, Escuela de Ciencias, Universidad Aut\u00f3noma Benito Ju\u00e1rez de Oaxaca.&nbsp;<\/p>\n\n\n\n<p>Apolinar Flores Roc\u00edo (obtenci\u00f3n del grado el 22 de junio de 2012). Estructura poblacional del murci\u00e9lago <em>Carollia sowelli <\/em>(Phyllostomidae: Carollinae) de Santa Mar\u00eda Chimalapa Oaxaca, M\u00e9xico. Universidad del Mar, campus Puerto Escondido.<\/p>\n\n\n\n<p>Ruiz Vel\u00e1squez Elder (obtenci\u00f3n del grado el 2 de junio de 2009). Estructura de la comunidad de Murci\u00e9lagos de Nizanda, Juchit\u00e1n, Oaxaca. Instituto Tecnol\u00f3gico del Valle de Oaxaca (Resumen).<\/p>\n\n\n\n<p>P\u00e9rez Lustre Mart\u00edn (obtenci\u00f3n del grado el 6 de marzo de 2008). Estimaci\u00f3n del n\u00famero de especies de mam\u00edferos terrestres de Oaxaca, M\u00e9xico a partir de modelos de captura-recaptura para poblaciones cerradas. Licenciatura en Biolog\u00eda. Instituto Tecnol\u00f3gico del Valle de Oaxaca (Resumen).<\/p>\n\n\n\n<p>Hern\u00e1ndez Cruz Alejandro Eduardo (obtenci\u00f3n del grado el 7 de diciembre de 2007).&nbsp; Estructura de una Comunidad de Murci\u00e9lagos en un Fragmento de Selva Mediana Perennifolia en Santiago Comaltepec, Ixt\u00e1n, Oaxaca. Licenciatura en Biolog\u00eda. Instituto Tecnol\u00f3gico del Valle de Oaxaca (Resumen).<\/p>\n\n\n\n<p>Contreras D\u00edaz Rusby Guadalupe (obtenci\u00f3n del grado 7 de mayo de 2007). Identificaci\u00f3n individual de tepezcuintle (<em>Cuniculus paca<\/em>) mediante el uso de huellas. Licenciatura en Biolog\u00eda. Instituto Tecnol\u00f3gico del Valle de Oaxaca (Resumen).<\/p>\n\n\n\n<p>Garc\u00eda Garc\u00eda Jos\u00e9 Lu\u00eds (obtenci\u00f3n del grado en diciembre de 2005). Estructura y diversidad de comunidades de quir\u00f3pteros en San Miguel Chimalapa, Oaxaca. Licenciatura en Biolog\u00eda. Instituto Tecnol\u00f3gico Agropecuario de Oaxaca No. 23 (Resumen).<\/p>\n\n\n\n<ul class=\"wp-block-list\">\n<li><strong>Concluidas (Maestria en CIencias)<\/strong><\/li>\n<\/ul>\n\n\n\n<p>Fachada Barranco Francisco Javier (obtenci\u00f3n del grado 30 de enero de 2025<em>). Din\u00e1mica poblacional de murci\u00e9lagos en un refugio cavern\u00edcola de la Reserva de la Biosfera Tehuac\u00e1n-Cuicatl\u00e1n, Oaxaca, M\u00e9xico<\/em>. MCCARN, CIIDIR-Oaxaca, IPN.<\/p>\n\n\n\n<p>Ruiz Vel\u00e1squez Elder (obtenci\u00f3n del grado 16 de enero de 2020). Estructura poblacional de mam\u00edferos peque\u00f1os de agroecosistemas cafetaleros en la regi\u00f3n de Pluma Hidalgo, Oaxaca. MCCARN, CIIDIR-Oaxaca, IPN.<\/p>\n\n\n\n<p>Silva Maga\u00f1a Nancy Alejandra (obtenci\u00f3n del grado 18 de agosto de 2021). Interacciones ecol\u00f3gicas entre felinos y c\u00e1nidos en el Parque Nacional Huatulco, Oaxaca, M\u00e9xico. MCCARN, CIIDIR-Oaxaca, IPN.<\/p>\n\n\n\n<p>Garc\u00eda Casimiro Erika (obtenci\u00f3n del grado 18 de enero de 2019). Din\u00e1mica poblacional y caracterizaci\u00f3n de microhabitat del tepezcuintle (Cuniculus paca) en la Sierra Norte de Oaxaca, M\u00e9xico. MCCARN, CIIDIR-Oaxaca, IPN.<\/p>\n\n\n\n<p>Hern\u00e1ndez Aguilar Dulce Itandehui (obtenci\u00f3n del grado 23 de enero de 2018). Din\u00e1mica de ocupaci\u00f3n de refugios de murci\u00e9lagos en el distrito de Pochutla, Oaxaca. MCCARN, CIIDIR-Oaxaca, IPN.<\/p>\n\n\n\n<p>Victoria Hern\u00e1ndez Ana Cristina (obtenci\u00f3n del grado 30 de enero de 2018). An\u00e1lisis comparativo del nicho tr\u00f3fico de jaguar y puma (Carnivora, Felidae) en Sierra Norte, Oaxaca, M\u00e9xico.&nbsp; MCCARN, CIIDIR-Oaxaca, IPN.<\/p>\n\n\n\n<p>Hern\u00e1ndez S\u00e1nchez Alejandro (obtenci\u00f3n del grado 9 de junio de 2016). <em>Abundancia de mesocarn\u00edvoros en dos tipos de vegetaci\u00f3n en la Sierra Norte de Oaxaca, M\u00e9xico<\/em>. MCCARN, CIIDIR-Oaxaca, IPN.<\/p>\n\n\n\n<p>Galindo Gonz\u00e1lez Gabriela (obtenci\u00f3n del grado 30 de junio de 2016). <em>\u00c1rea de actividad y preferencia de h\u00e1bitat del murci\u00e9lago <\/em>Sturnira hondurensis<em> en la Sierra Norte de Oaxaca, M\u00e9xico<\/em>. MCCARN, CIIDIR-Oaxaca, IPN.<\/p>\n\n\n\n<p>Palacios Mosquera Yurani (obtenci\u00f3n del grado 5 de mayo de 2013). <em>E<\/em><em>species de vertebrados asociados a la herbivor\u00eda en<\/em> Tillandsia carlos-hankii<em> Matuda y su impacto en el \u00e9xito reproductivo en un bosque templado de Oaxaca, M\u00e9xico<\/em>. MCCARN, CIIDIR-Oaxaca, IPN.<\/p>\n\n\n\n<p>Pablo L\u00f3pez Rosa Elba (obtenci\u00f3n del grado 1 de agosto de 2012). <em>Estimaci\u00f3n del tama\u00f1o poblacional de <\/em>Aratinga canicularis<em> y <\/em>Amazona albifrons<em> (Aves, Psittaciformes) de El Coyul, San Pedro Huamelula, Tehuantepec, Oaxaca<\/em>. MCCARN, CIIDIR-Oaxaca, IPN.<\/p>\n\n\n\n<p>Kraker Casta\u00f1eda Cristian (obtenci\u00f3n del grado 2 de julio de 2012). Uso de h\u00e1bitat por murci\u00e9lagos insect\u00edvoros en Santa Mar\u00eda Chimalapa, Oaxaca. Maestr\u00eda en Ciencias&nbsp; en Conservaci\u00f3n y Aprovechamiento de Recursos Naturales. CIIDIR-Oaxaca, Instituto Polit\u00e9cnico Nacional.<\/p>\n\n\n\n<p>Ram\u00edrez Bautista Arturo (obtenci\u00f3n del grado 3 de julio de 2012). Utilizaci\u00f3n de especies sombrilla para el establecimiento de zonas de conservaci\u00f3n en el estado de Oaxaca. Maestr\u00eda en Ciencias&nbsp; en Conservaci\u00f3n y Aprovechamiento de Recursos Naturales. CIIDIR-Oaxaca, Instituto Polit\u00e9cnico Nacional.<\/p>\n\n\n\n<p>Aldape L\u00f3pez Cesar Tonatiuh (obtenci\u00f3n del grado 13 de enero de 2012). Impacto en la diversidad de carn\u00edvoros por manejo forestal en diferentes localidades de la Sierra Norte de Oaxaca. Maestr\u00eda en Ciencias&nbsp; en Conservaci\u00f3n y Aprovechamiento de Recursos Naturales. CIIDIR-Oaxaca, Instituto Polit\u00e9cnico Nacional (<a href=\"https:\/\/web.ciidiroaxaca.ipn.mx\/jsantosm\/wp-content\/uploads\/sites\/35\/2011\/10\/TesisMaestriaAldapeLopez.pdf\" target=\"_blank\" rel=\"noreferrer noopener\">PDF<\/a>).<\/p>\n\n\n\n<p>Botero Arias Myriam Astrid (obtenci\u00f3n del grado 13 de enero de 2012). Estructura de las comunidades de mam\u00edferos carn\u00edvoros en un gradiente altitudinal en el estado de Oaxaca, M\u00e9xico. Maestr\u00eda en Ciencias&nbsp; en Conservaci\u00f3n y Aprovechamiento de Recursos Naturales. CIIDIR-Oaxaca, Instituto Polit\u00e9cnico Nacional (<a href=\"https:\/\/web.ciidiroaxaca.ipn.mx\/jsantosm\/wp-content\/uploads\/sites\/35\/2011\/10\/TesisMaestriaBoteroArias.pdf\" target=\"_blank\" rel=\"noreferrer noopener\">PDF<\/a>).<\/p>\n\n\n\n<p>P\u00e9rez Lustre Mart\u00edn (obtenci\u00f3n del grado 14 de diciembre de 2010). Distribuci\u00f3n espacial de una comunidad de peque\u00f1os mam\u00edferos en un fragmento de selva mediana subperennifolia con diferentes grados de perturbaci\u00f3n. Maestr\u00eda en Ciencias en Conservaci\u00f3n y Aprovechamiento de Recursos Naturales. CIIDIR-Oaxaca, Instituto Polit\u00e9cnico Nacional <a href=\"https:\/\/web.ciidiroaxaca.ipn.mx\/jsantosm\/wp-content\/uploads\/sites\/35\/2011\/10\/TesisMaestriaPerezLustre.pdf\" target=\"_blank\" rel=\"noreferrer noopener\">(PDF<\/a>).<\/p>\n\n\n\n<p>Fuentes Moreno Helxine (obtenci\u00f3n del grado 29 de noviembre de 2010). Estructura del ensamble de murci\u00e9lagos de La Venta, Oaxaca, M\u00e9xico. Maestr\u00eda en Ciencias en Conservaci\u00f3n y Aprovechamiento de Recursos Naturales. CIIDIR-Oaxaca, Instituto Polit\u00e9cnico Nacional (<a href=\"https:\/\/web.ciidiroaxaca.ipn.mx\/jsantosm\/wp-content\/uploads\/sites\/35\/2011\/10\/TesisMaestriaFuentesMoreno.pdf\" target=\"_blank\" rel=\"noreferrer noopener\">PDF<\/a>).<\/p>\n\n\n\n<p>Contreras D\u00edaz Rusby Guadalupe (obtenci\u00f3n del grado 15 de junio de 2010). Diversidad de peque\u00f1os mam\u00edferos no voladores en los agrosistemas cafetaleros de sombra en la Chinantla Alta, Oaxaca, M\u00e9xico Maestr\u00eda en Ciencias en Conservaci\u00f3n y Aprovechamiento de Recursos Naturales. CIIDIR-Oaxaca, Instituto Polit\u00e9cnico Nacional (<a href=\"https:\/\/web.ciidiroaxaca.ipn.mx\/jsantosm\/wp-content\/uploads\/sites\/35\/2011\/10\/TesisMaestriaContrerasDiaz.pdf\" target=\"_blank\" rel=\"noreferrer noopener\">PDF<\/a>).<\/p>\n\n\n\n<p>Monroy Garc\u00eda Yazm\u00edn (obtenci\u00f3n del grado 4 de diciembre de 2009). Diversidad Beta de la Mastofauna Terrestre del Estado de Oaxaca, M\u00e9xico. Maestr\u00eda en Ciencias en Conservaci\u00f3n y Aprovechamiento de Recursos Naturales. CIIDIR-Oaxaca, Instituto Polit\u00e9cnico Nacional (<a href=\"https:\/\/web.ciidiroaxaca.ipn.mx\/jsantosm\/wp-content\/uploads\/sites\/35\/2011\/10\/TesisMaestriaMonroyGarcia.pdf\" target=\"_blank\" rel=\"noreferrer noopener\">PDF<\/a>).<\/p>\n\n\n\n<p>Sosa Luria David de Jes\u00fas Jes\u00fas (obtenci\u00f3n del grado 4 de agosto de 2009). Modelaci\u00f3n de la distribuci\u00f3n geogr\u00e1fica potencial de los roedores end\u00e9micos de Oaxaca. Maestr\u00eda en Ciencias en Conservaci\u00f3n y Aprovechamiento de Recursos Naturales. CIIDIR-Oaxaca, IPN <a href=\"https:\/\/web.ciidiroaxaca.ipn.mx\/jsantosm\/wp-content\/uploads\/sites\/35\/2011\/10\/TesisMaestriaSosaLuria.pdf\" target=\"_blank\" rel=\"noreferrer noopener\">(PDF<\/a>).<\/p>\n\n\n\n<p>Santiago Marcial Aremi E.&nbsp; (obtenci\u00f3n del grado el 19 de enero de 2009). \u00c1rea de actividad y&nbsp; movimientos del roedor<em> Liomys irroratus<\/em> (Gray. 1868), en una selva mediana en el Ejido Tepezcuintle Tuxtepec, Oaxaca. Maestr\u00eda en Ciencias&nbsp; en Conservaci\u00f3n y Aprovechamiento de Recursos Naturales. CIIDIR-Oaxaca, Instituto Polit\u00e9cnico Nacional (<a href=\"https:\/\/web.ciidiroaxaca.ipn.mx\/jsantosm\/wp-content\/uploads\/sites\/35\/2011\/10\/TesisMaestriaSantiagoMarcial.pdf\" target=\"_blank\" rel=\"noreferrer noopener\">PDF<\/a>).<\/p>\n\n\n\n<p>P\u00e9rez Irineo Gabriela (obtenci\u00f3n del grado el 15 de diciembre de 2008).&nbsp; Diversidad de&nbsp; mam\u00edferos carn\u00edvoros en un bosque tropical caducifolio en el suroeste de Oaxaca. Maestr\u00eda en Ciencias&nbsp; en Conservaci\u00f3n y Aprovechamiento de Recursos Naturales. CIIDIR-Oaxaca, Instituto Polit\u00e9cnico Nacional (<a href=\"http:\/\/itzamna.bnct.ipn.mx:8080\/dspace\/bitstream\/123456789\/2697\/1\/GabrielaPerezIrineo.pdf\" target=\"_blank\" rel=\"noreferrer noopener\"><u>PDF<\/u><\/a>).<\/p>\n\n\n\n<p>Mart\u00ednez S\u00e1nchez Nallely (obtenci\u00f3n del grado el 12 de noviembre de 2007). Especies sombrilla en la conservaci\u00f3n de la biodiversidad en la Chinantla, Oaxaca. Maestr\u00eda en Ciencias en Conservaci\u00f3n y Aprovechamiento de Recursos Naturales. CIIDIR-Oaxaca, Instituto Polit\u00e9cnico Nacional (<a href=\"http:\/\/itzamna.bnct.ipn.mx:8080\/dspace\/bitstream\/123456789\/947\/1\/Tesis%20Nallely%20MtzSanchez.pdf\" target=\"_blank\" rel=\"noreferrer noopener\"><u>PDF<\/u><\/a>).<\/p>\n\n\n\n<p>Rodr\u00edguez Alamilla Arisbe (obtenci\u00f3n del grado el 23 de octubre de 2007). Descripci\u00f3n morfom\u00e9trica del aparato bucal de cinco especies de roedores m\u00faridos del municipio de Santiago Comaltepec, Oaxaca. Maestr\u00eda en Ciencias&nbsp; en Conservaci\u00f3n y Aprovechamiento de Recursos Naturales. CIIDIR-Oaxaca, Instituto Polit\u00e9cnico Nacional (<a href=\"http:\/\/itzamna.bnct.ipn.mx:8080\/dspace\/bitstream\/123456789\/883\/1\/Arisbe%20Rodriguez.pdf\" target=\"_blank\" rel=\"noreferrer noopener\"><u>PDF<\/u><\/a>).<\/p>\n\n\n\n<p>Garc\u00eda Garc\u00eda Jos\u00e9 Lu\u00eds (obtenci\u00f3n del grado el 23 de octubre de 2007). Estructura poblacional del murci\u00e9lago<em> Dermanura tolteca<\/em> (Saussurre, 1860) en el municipio de Santiago Comaltepec, Oaxaca, Maestr\u00eda en Ciencias&nbsp; en Conservaci\u00f3n y Aprovechamiento de Recursos Naturales. CIIDIR-Oaxaca, Instituto Polit\u00e9cnico Nacional (<a href=\"http:\/\/itzamna.bnct.ipn.mx:8080\/dspace\/bitstream\/123456789\/847\/1\/Jose%20Luis%20GarciaGarcia.pdf\" target=\"_blank\" rel=\"noreferrer noopener\"><u>PDF<\/u><\/a>).<\/p>\n\n\n\n<p>P\u00e9rez Crespo V\u00edctor Adri\u00e1n (obtenci\u00f3n del grado el 3 de octubre de 2007). Reconstrucci\u00f3n paleoambiental de una comunidad pleistoc\u00e9nica en M\u00e9xico usando is\u00f3topos estables (\u03b413C y \u03b418O). Maestr\u00eda en Ciencias&nbsp; en Conservaci\u00f3n y Aprovechamiento de Recursos Naturales. CIIDIR-Oaxaca, Instituto Polit\u00e9cnico Nacional (<a href=\"http:\/\/itzamna.bnct.ipn.mx:8080\/dspace\/bitstream\/123456789\/917\/1\/VICTORPEREZCRESPO.pdf\" target=\"_blank\" rel=\"noreferrer noopener\"><u>PDF<\/u><\/a>).<\/p>\n\n\n\n<p>Cinta Magall\u00f3n Claudia (obtenci\u00f3n del grado el 8 de mayo de 2007). Construcci\u00f3n y validaci\u00f3n de un modelo de nicho ecol\u00f3gico para jaguar (<em>Panthera onca<\/em>) y puma (<em>Puma concolor<\/em>) en la Sierra Madre de Oaxaca, M\u00e9xico. Maestr\u00eda en Ciencias&nbsp; en Conservaci\u00f3n y Aprovechamiento de Recursos Naturales. CIIDIR-Oaxaca, Instituto Polit\u00e9cnico Nacional (<a href=\"http:\/\/itzamna.bnct.ipn.mx:8080\/dspace\/bitstream\/123456789\/150\/1\/Microsoft%20Word%20-%20Construccion%20magallon.pdf\" target=\"_blank\" rel=\"noreferrer noopener\"><u>PDF<\/u><\/a>).<\/p>\n\n\n\n<p>Alfaro Espinosa Ana Maria (obtenci\u00f3n del grado el 23 de marzo de 2006). Patrones de distribuci\u00f3n de mam\u00edferos silvestres terrestres en el municipio de Santiago Comaltepec, Sierra Norte de Oaxaca y su relaci\u00f3n con variables ambientales. Maestr\u00eda en Ciencias&nbsp; en Conservaci\u00f3n y Aprovechamiento de Recursos Naturales. CIIDIR-Oaxaca, Instituto Polit\u00e9cnico Nacional (<a href=\"http:\/\/itzamna.bnct.ipn.mx:8080\/dspace\/bitstream\/123456789\/1080\/1\/879_2006_CIDIR-OAXACA_MAESTRIA_alfaro_espinosa_anamaria.pdf\" target=\"_blank\" rel=\"noreferrer noopener\"><u>PDF<\/u><\/a>).<\/p>\n\n\n\n<ul class=\"wp-block-list\">\n<li><strong>Concluidas (Doctorado en CIencias)<\/strong><\/li>\n<\/ul>\n\n\n\n<p>Garc\u00eda Casimiro Erika (obtenci\u00f3n del grado 03 de abril de 2025). Diversidad y uso de h\u00e1bitat de mam\u00edferos arbor\u00edcolas en Santa Mar\u00eda Nativitas Coatl\u00e1n, Tehuantepec, Oaxaca. DCCARN, CIIDIR-Oaxaca, IPN.<\/p>\n\n\n\n<p>Hern\u00e1ndez S\u00e1nchez Alejandro. (obtenci\u00f3n del grado 15 de agosto de 2022). Coexistencia entre especies de zorrillos (Carnivora: Mephitidae) en una selva baja caducifolia, Oaxaca, M\u00e9xico. Doctorado en Ciencias en Manejo y Conservaci\u00f3n de Recursos Naturales, CIIDIR-Oaxaca, IPN.<\/p>\n\n\n\n<p>M\u00e9ndez Garc\u00eda Antonio (obtenci\u00f3n del grado 15 de enero de 2020). Dispersi\u00f3n de semillas por murci\u00e9lagos frug\u00edvoros (Familia: Phyllostomidae), en tres tipos de h\u00e1bitats contrastantes en Pluma Hidalgo, Oaxaca. Doctorado en Ciencias en Manejo y Conservaci\u00f3n de Recursos Naturales, CIIDIR-Oaxaca, IPN.<\/p>\n\n\n\n<p>Romero Tlapaya Liliana (obtenci\u00f3n del grado 15 de agosto de 2020). Relaci\u00f3n entre la fidelidad de refugio y la estructura del ensamble de estr\u00e9blidos en una colonia de murci\u00e9lagos cavern\u00edcolas de Chiapas, M\u00e9xico. Doctorado en Ciencias en Manejo y Conservaci\u00f3n de Recursos Naturales, CIIDIR-Oaxaca, IPN.<\/p>\n\n\n\n<p>Gonz\u00e1lez Ramos Mar\u00eda del Socorro (obtenci\u00f3n del grado 23 de junio de 2017). Estructura poblacional y patr\u00f3n reproductivo de la raya \u00e1guila <em>Aetobatus narinari <\/em>en la laguna de Chacahua, Oaxaca, M\u00e9xico. Doctorado en Ciencias en Manejo y Conservaci\u00f3n de Recursos Naturales, CIIDIR-Oaxaca, IPN.<\/p>\n\n\n\n<p>Kraker Casta\u00f1eda Cristian (obtenci\u00f3n del grado 17 de marzo de 2017). Respuesta de murci\u00e9lagos insect\u00edvoros a\u00e9reos a variables f\u00edsico-ambientales a nivel local y escala de paisaje en la regi\u00f3n Lagos de Montebello, Chiapas, M\u00e9xico. Doctor en Ciencias en Ecolog\u00eda y Desarrollo Sustentable, El Colegio de la Frontera Sur.<\/p>\n\n\n\n<p>Aldape L\u00f3pez Cesar Tonatiuh (obtenci\u00f3n del grado 20 de enero de 2017). Efecto del manejo forestal maderable sobre la diversidad de anfibios y reptiles en bosques templados. Doctorado en Ciencias en Manejo y Conservaci\u00f3n de Recursos Naturales, CIIDIR-Oaxaca, IPN.<\/p>\n\n\n\n<p>P\u00e9rez Irineo Gabriela (obtenci\u00f3n del grado el 17 de junio de 2014). An\u00e1lisis del uso de recursos e interacciones en un ensamblaje de mam\u00edferos carn\u00edvoros. Doctorado en Ciencias en Manejo y Conservaci\u00f3n de Recursos Naturales, CIIDIR-Oaxaca, IPN.<\/p>\n\n\n\n<p><\/p>\n","protected":false},"excerpt":{"rendered":"<p>L\u00f3pez Miguel Elba (oobtenci\u00f3n del grado el 13 de mayo de 2024). Diversidad de especies de murci\u00e9lagos en tres tipos de vegetaci\u00f3n de la regi\u00f3n de los Valles Centrales de Oaxaca, M\u00e9xico. Licenciatura en Biolog\u00eda, Facultad de Sistemas Biol\u00f3gicos e Innovaci\u00f3n Tecnol\u00f3gica, Universidad Aut\u00f3noma Benito Ju\u00e1rez de Oaxaca. Mart\u00ednez S\u00e1nchez Natalia (obtenci\u00f3n del grado el [&hellip;]<\/p>\n","protected":false},"author":40,"featured_media":0,"parent":0,"menu_order":0,"comment_status":"closed","ping_status":"closed","template":"","meta":{"_swt_meta_header_display":false,"_swt_meta_footer_display":false,"_swt_meta_site_title_display":false,"_swt_meta_sticky_header":false,"_swt_meta_transparent_header":false,"footnotes":""},"class_list":["post-81","page","type-page","status-publish","hentry"],"_links":{"self":[{"href":"https:\/\/web.ciidiroaxaca.ipn.mx\/jsantosm\/wp-json\/wp\/v2\/pages\/81","targetHints":{"allow":["GET"]}}],"collection":[{"href":"https:\/\/web.ciidiroaxaca.ipn.mx\/jsantosm\/wp-json\/wp\/v2\/pages"}],"about":[{"href":"https:\/\/web.ciidiroaxaca.ipn.mx\/jsantosm\/wp-json\/wp\/v2\/types\/page"}],"author":[{"embeddable":true,"href":"https:\/\/web.ciidiroaxaca.ipn.mx\/jsantosm\/wp-json\/wp\/v2\/users\/40"}],"replies":[{"embeddable":true,"href":"https:\/\/web.ciidiroaxaca.ipn.mx\/jsantosm\/wp-json\/wp\/v2\/comments?post=81"}],"version-history":[{"count":5,"href":"https:\/\/web.ciidiroaxaca.ipn.mx\/jsantosm\/wp-json\/wp\/v2\/pages\/81\/revisions"}],"predecessor-version":[{"id":120,"href":"https:\/\/web.ciidiroaxaca.ipn.mx\/jsantosm\/wp-json\/wp\/v2\/pages\/81\/revisions\/120"}],"wp:attachment":[{"href":"https:\/\/web.ciidiroaxaca.ipn.mx\/jsantosm\/wp-json\/wp\/v2\/media?parent=81"}],"curies":[{"name":"wp","href":"https:\/\/api.w.org\/{rel}","templated":true}]}}