{"id":5,"date":"2011-10-26T16:51:49","date_gmt":"2011-10-26T16:51:49","guid":{"rendered":"https:\/\/web.ciidiroaxaca.ipn.mx\/jsantosm\/dr-jose-antonio-santos-moreno\/"},"modified":"2026-04-27T14:52:14","modified_gmt":"2026-04-27T20:52:14","slug":"dr-jose-antonio-santos-moreno","status":"publish","type":"page","link":"https:\/\/web.ciidiroaxaca.ipn.mx\/jsantosm\/","title":{"rendered":"Dr. Jos\u00e9 Antonio Santos Moreno"},"content":{"rendered":"\n<figure class=\"wp-block-image aligncenter is-resized\"><img decoding=\"async\" src=\"https:\/\/web.ciidiroaxaca.ipn.mx\/jsantosm\/wp-content\/uploads\/sites\/35\/2011\/10\/Imagen.jpg\" alt=\"\" style=\"width:382px;height:auto\" \/><\/figure>\n\n\n\n<p><\/p>\n\n\n\n<p class=\"has-text-align-center\">Profesor Investigador Titular y Profesor Colegiado del posgrado del CIIDIR Oaxaca, .<br>Licenciado en Biolog\u00eda por la Universidad Aut\u00f3noma Metropolitana, Maestro en Ciencias (Biolog\u00eda Animal)<br>por la Facultad de Ciencias de la Universidad Nacional Aut\u00f3noma de M\u00e9xico,<br>Doctorado en Ciencias Biol\u00f3gicas por la primera instituci\u00f3n.<\/p>\n\n\n\n<h4 class=\"wp-block-heading has-text-align-center\">Miembro del Sistema Nacional de Investigadores, Nivel II.<\/h4>\n\n\n\n<p><br><strong>\u00c1reas de inter\u00e9s:<\/strong><br>Biolog\u00eda de mam\u00edferos silvestres de M\u00e9xico, especialmente ecolog\u00eda de poblaciones y comunidades de roedores y quir\u00f3pteros, patrones y modelos de distribuci\u00f3n geogr\u00e1fica. Actualmente se encuentra desarrollando m\u00e9todos de reconocimiento de individuos de especies de talla media y grande a partir de caracter\u00edsticas de sus huellas, demograf\u00eda de algunas especies selectas de roedores y murci\u00e9lagos, as\u00ed como el desarrollo de modelos de distribuci\u00f3n geogr\u00e1fica potencial y de idoneidad ecol\u00f3gica y ambiental.<\/p>\n\n\n\n<p class=\"has-text-align-center\">Correo electr\u00f3nico: jsantosm@ipn.mx, asantosm90@hotmail.com\u00a0\u00a0\u00a0\u00a0\u00a0\u00a0\u00a0 Extensi\u00f3n: 82751<\/p>\n","protected":false},"excerpt":{"rendered":"<p>Profesor Investigador Titular y Profesor Colegiado del posgrado del CIIDIR Oaxaca, .Licenciado en Biolog\u00eda por la Universidad Aut\u00f3noma Metropolitana, Maestro en Ciencias (Biolog\u00eda Animal)por la Facultad de Ciencias de la Universidad Nacional Aut\u00f3noma de M\u00e9xico,Doctorado en Ciencias Biol\u00f3gicas por la primera instituci\u00f3n. Miembro del Sistema Nacional de Investigadores, Nivel II. \u00c1reas de inter\u00e9s:Biolog\u00eda de mam\u00edferos [&hellip;]<\/p>\n","protected":false},"author":40,"featured_media":0,"parent":0,"menu_order":0,"comment_status":"closed","ping_status":"closed","template":"","meta":{"_swt_meta_header_display":false,"_swt_meta_footer_display":false,"_swt_meta_site_title_display":false,"_swt_meta_sticky_header":false,"_swt_meta_transparent_header":false,"footnotes":""},"class_list":["post-5","page","type-page","status-publish","hentry"],"_links":{"self":[{"href":"https:\/\/web.ciidiroaxaca.ipn.mx\/jsantosm\/wp-json\/wp\/v2\/pages\/5","targetHints":{"allow":["GET"]}}],"collection":[{"href":"https:\/\/web.ciidiroaxaca.ipn.mx\/jsantosm\/wp-json\/wp\/v2\/pages"}],"about":[{"href":"https:\/\/web.ciidiroaxaca.ipn.mx\/jsantosm\/wp-json\/wp\/v2\/types\/page"}],"author":[{"embeddable":true,"href":"https:\/\/web.ciidiroaxaca.ipn.mx\/jsantosm\/wp-json\/wp\/v2\/users\/40"}],"replies":[{"embeddable":true,"href":"https:\/\/web.ciidiroaxaca.ipn.mx\/jsantosm\/wp-json\/wp\/v2\/comments?post=5"}],"version-history":[{"count":7,"href":"https:\/\/web.ciidiroaxaca.ipn.mx\/jsantosm\/wp-json\/wp\/v2\/pages\/5\/revisions"}],"predecessor-version":[{"id":134,"href":"https:\/\/web.ciidiroaxaca.ipn.mx\/jsantosm\/wp-json\/wp\/v2\/pages\/5\/revisions\/134"}],"wp:attachment":[{"href":"https:\/\/web.ciidiroaxaca.ipn.mx\/jsantosm\/wp-json\/wp\/v2\/media?parent=5"}],"curies":[{"name":"wp","href":"https:\/\/api.w.org\/{rel}","templated":true}]}}