{"id":44,"date":"2025-07-15T20:25:06","date_gmt":"2025-07-15T20:25:06","guid":{"rendered":"https:\/\/web.ciidiroaxaca.ipn.mx\/jrodrigr\/?page_id=44"},"modified":"2025-09-24T19:11:02","modified_gmt":"2025-09-24T19:11:02","slug":"technology","status":"publish","type":"page","link":"https:\/\/web.ciidiroaxaca.ipn.mx\/jrodrigr\/en\/technology\/","title":{"rendered":"Technology"},"content":{"rendered":"\n<p>MX 304462 B&nbsp;<a href=\"http:\/\/lp.espacenet.com\/e\/publicationDetails\/biblio?FT=D&amp;date=20080204&amp;DB=lp.espacenet.com&amp;locale=es_LP&amp;CC=MX&amp;NR=PA06008850A&amp;KC=A&amp;ND=4\">&nbsp; &#8211;&nbsp; Mejoras de un tunel de secado para realizar pruebas piloto de procesos industriales<\/a>.&nbsp; Inventores:&nbsp;<strong>Rodr\u00edguez-Ram\u00edrez J.,&nbsp;<\/strong>M\u00e9ndez-Lagunas L. Mart\u00ednez-Alvarez C. Titular: Instituto Polit\u00e9cnico Nacional (concesi\u00f3n&nbsp;02\/10\/2012<strong>).<\/strong>&nbsp;<\/p>\n\n\n\n<figure class=\"wp-block-image size-full\"><img loading=\"lazy\" decoding=\"async\" width=\"90\" height=\"90\" src=\"https:\/\/web.ciidiroaxaca.ipn.mx\/jrodrigr\/wp-content\/uploads\/sites\/16\/2018\/11\/small_TunelCharolas.jpg\" alt=\"\" class=\"wp-image-17\"\/><\/figure>\n\n\n\n<p>Efficiency of a hybrid solar-gas dryer.&nbsp;Solar Energy. 93, 23-31&nbsp;<strong>(2013)<\/strong>.&nbsp;L\u00f3pez-Vida\u00f1a E.C., M\u00e9ndez-Lagunas L.L:,<strong>Rodr\u00edguez -Ram\u00edrez J.<\/strong>&nbsp; &nbsp;<\/p>\n\n\n\n<figure class=\"wp-block-image size-full is-resized\"><img loading=\"lazy\" decoding=\"async\" width=\"90\" height=\"90\" src=\"https:\/\/web.ciidiroaxaca.ipn.mx\/jrodrigr\/wp-content\/uploads\/sites\/16\/2018\/11\/small_P1050151.JPG\" alt=\"\" class=\"wp-image-18\" style=\"width:127px;height:auto\"\/><\/figure>\n\n\n\n<figure class=\"wp-block-image size-full\"><img loading=\"lazy\" decoding=\"async\" width=\"90\" height=\"90\" src=\"https:\/\/web.ciidiroaxaca.ipn.mx\/jrodrigr\/wp-content\/uploads\/sites\/16\/2018\/11\/small_2.png\" alt=\"\" class=\"wp-image-19\"\/><\/figure>\n\n\n\n<figure class=\"wp-block-image size-large is-resized\"><img loading=\"lazy\" decoding=\"async\" width=\"576\" height=\"1024\" src=\"https:\/\/web.ciidiroaxaca.ipn.mx\/jrodrigr\/wp-content\/uploads\/sites\/16\/2025\/07\/image-576x1024.jpeg\" alt=\"\" class=\"wp-image-81\" style=\"width:514px;height:auto\" srcset=\"https:\/\/web.ciidiroaxaca.ipn.mx\/jrodrigr\/wp-content\/uploads\/sites\/16\/2025\/07\/image-576x1024.jpeg 576w, https:\/\/web.ciidiroaxaca.ipn.mx\/jrodrigr\/wp-content\/uploads\/sites\/16\/2025\/07\/image-169x300.jpeg 169w, https:\/\/web.ciidiroaxaca.ipn.mx\/jrodrigr\/wp-content\/uploads\/sites\/16\/2025\/07\/image-768x1365.jpeg 768w, https:\/\/web.ciidiroaxaca.ipn.mx\/jrodrigr\/wp-content\/uploads\/sites\/16\/2025\/07\/image-864x1536.jpeg 864w, https:\/\/web.ciidiroaxaca.ipn.mx\/jrodrigr\/wp-content\/uploads\/sites\/16\/2025\/07\/image-1152x2048.jpeg 1152w, https:\/\/web.ciidiroaxaca.ipn.mx\/jrodrigr\/wp-content\/uploads\/sites\/16\/2025\/07\/image-300x533.jpeg 300w, https:\/\/web.ciidiroaxaca.ipn.mx\/jrodrigr\/wp-content\/uploads\/sites\/16\/2025\/07\/image-850x1511.jpeg 850w, https:\/\/web.ciidiroaxaca.ipn.mx\/jrodrigr\/wp-content\/uploads\/sites\/16\/2025\/07\/image-scaled.jpeg 1440w\" sizes=\"auto, (max-width: 576px) 100vw, 576px\" \/><\/figure>\n","protected":false},"excerpt":{"rendered":"<p>MX 304462 B&nbsp;&nbsp; &#8211;&nbsp; Mejoras de un tunel de secado para realizar pruebas piloto de procesos industriales.&nbsp; Inventores:&nbsp;Rodr\u00edguez-Ram\u00edrez J.,&nbsp;M\u00e9ndez-Lagunas L. Mart\u00ednez-Alvarez C. Titular: Instituto Polit\u00e9cnico Nacional (concesi\u00f3n&nbsp;02\/10\/2012).&nbsp; Efficiency of a hybrid solar-gas dryer.&nbsp;Solar Energy. 93, 23-31&nbsp;(2013).&nbsp;L\u00f3pez-Vida\u00f1a E.C., M\u00e9ndez-Lagunas L.L:,Rodr\u00edguez -Ram\u00edrez J.&nbsp; &nbsp;<\/p>\n","protected":false},"author":21,"featured_media":0,"parent":0,"menu_order":0,"comment_status":"closed","ping_status":"closed","template":"page-english","meta":{"_swt_meta_header_display":false,"_swt_meta_footer_display":false,"_swt_meta_site_title_display":false,"_swt_meta_sticky_header":false,"_swt_meta_transparent_header":false,"footnotes":""},"class_list":["post-44","page","type-page","status-publish","hentry"],"_links":{"self":[{"href":"https:\/\/web.ciidiroaxaca.ipn.mx\/jrodrigr\/wp-json\/wp\/v2\/pages\/44","targetHints":{"allow":["GET"]}}],"collection":[{"href":"https:\/\/web.ciidiroaxaca.ipn.mx\/jrodrigr\/wp-json\/wp\/v2\/pages"}],"about":[{"href":"https:\/\/web.ciidiroaxaca.ipn.mx\/jrodrigr\/wp-json\/wp\/v2\/types\/page"}],"author":[{"embeddable":true,"href":"https:\/\/web.ciidiroaxaca.ipn.mx\/jrodrigr\/wp-json\/wp\/v2\/users\/21"}],"replies":[{"embeddable":true,"href":"https:\/\/web.ciidiroaxaca.ipn.mx\/jrodrigr\/wp-json\/wp\/v2\/comments?post=44"}],"version-history":[{"count":2,"href":"https:\/\/web.ciidiroaxaca.ipn.mx\/jrodrigr\/wp-json\/wp\/v2\/pages\/44\/revisions"}],"predecessor-version":[{"id":83,"href":"https:\/\/web.ciidiroaxaca.ipn.mx\/jrodrigr\/wp-json\/wp\/v2\/pages\/44\/revisions\/83"}],"wp:attachment":[{"href":"https:\/\/web.ciidiroaxaca.ipn.mx\/jrodrigr\/wp-json\/wp\/v2\/media?parent=44"}],"curies":[{"name":"wp","href":"https:\/\/api.w.org\/{rel}","templated":true}]}}