{"id":20,"date":"2018-11-14T16:36:47","date_gmt":"2018-11-14T16:36:47","guid":{"rendered":"https:\/\/web.ciidiroaxaca.ipn.mx\/jrodrigr\/desarrollo-tecnologico-e-innovacion\/"},"modified":"2025-09-24T18:01:12","modified_gmt":"2025-09-24T18:01:12","slug":"desarrollo-tecnologico","status":"publish","type":"page","link":"https:\/\/web.ciidiroaxaca.ipn.mx\/jrodrigr\/desarrollo-tecnologico\/","title":{"rendered":"Desarrollo tecnol\u00f3gico e innovaci\u00f3n"},"content":{"rendered":"\n<p><strong>2024.<\/strong>\u00a0Colector de doble paso.\u00a0<strong>Registro de modelo de utilidad.<\/strong><\/p>\n\n\n\n<p>Rodriguez Ram\u00edrez, J., M\u00e9ndez Lagunas L.L., (2024). Colector solar de doble paso. T\u00edtulo de modelo de utilidad MX 5600 B, Instituto Mexicano de la Propiedad Industrial, IMPI. https:\/\/vidoc.impi.gob.mx\/visor?d=MX\/2024\/90167<\/p>\n\n\n\n<p><strong>2023.<\/strong>\u00a0MX\/a\/2023\/003669.\u00a0Expediente de Patente<strong>\u00a0(En tr\u00e1mite).<\/strong><\/p>\n\n\n\n<p><strong>2022.<\/strong>\u00a0Secador solar tipo invernadero, con recubrimiento de materiales filtro absorbentes de luz solar y recirculaci\u00f3n de aire.\u00a0<strong>Solicitud de Patente.<\/strong><\/p>\n\n\n\n<p><strong>2021.<\/strong>\u00a0Recubrimiento texturizado-rugoso mejorador de la transferencia convectiva de calor para calentamiento de fluidos con energ\u00eda solar.\u00a0<strong>Solicitud de Patente.<\/strong>\u00a0Hoja anexa a la solicitud ID: 82372 De Fecha: 04\/06\/2021\u00a0<\/p>\n\n\n\n<p><strong>2021.\u00a0<\/strong>Extracci\u00f3n y purificaci\u00f3n de aceite de avestruz.\u00a0<strong>(Obra audiovisual).<\/strong><\/p>\n\n\n\n<p>MX 304462 B\u00a0<a href=\"http:\/\/lp.espacenet.com\/e\/publicationDetails\/biblio?FT=D&amp;date=20080204&amp;DB=lp.espacenet.com&amp;locale=es_LP&amp;CC=MX&amp;NR=PA06008850A&amp;KC=A&amp;ND=4\">\u00a0 &#8211;\u00a0 Mejoras de un tunel de secado para realizar pruebas piloto de procesos industriales<\/a>.\u00a0 Inventores:\u00a0Rodr\u00edguez-Ram\u00edrez J.,\u00a0M\u00e9ndez-Lagunas L. Mart\u00ednez-Alvarez C. Titular: Instituto Polit\u00e9cnico Nacional (concesi\u00f3n\u00a002\/10\/2012).\u00a0<\/p>\n\n\n\n<p>Rodr\u00edguez-Ram\u00edrez J.,&nbsp;M\u00e9ndez-Lagunas L. Mart\u00ednez-Alvarez C.,Titular: Instituto Polit\u00e9cnico Nacional (2012).&nbsp;<a href=\"http:\/\/lp.espacenet.com\/e\/publicationDetails\/biblio?FT=D&amp;date=20080204&amp;DB=lp.espacenet.com&amp;locale=es_LP&amp;CC=MX&amp;NR=PA06008850A&amp;KC=A&amp;ND=4\">Mejoras de un t\u00fanel de secado para realizar pruebas piloto de procesos industriales<\/a>. Patente&nbsp;MX 304462 B,&nbsp;Instituto Mexicano de la Propiedad Industrial, IMPI.&nbsp;<\/p>\n\n\n\n<p>&nbsp;<\/p>\n\n\n\n<figure class=\"wp-block-image\"><img decoding=\"async\" src=\"https:\/\/web.ciidiroaxaca.ipn.mx\/jrodrigr\/wp-content\/uploads\/sites\/16\/2018\/11\/small_TunelCharolas.jpg\" alt=\"\"\/><\/figure>\n\n\n\n<p>Efficiency of a hybrid solar-gas dryer.&nbsp;Solar Energy. 93, 23-31&nbsp;(2013).&nbsp;L\u00f3pez-Vida\u00f1a E.C., M\u00e9ndez-Lagunas L.L:,Rodr\u00edguez -Ram\u00edrez J.&nbsp; &nbsp;<\/p>\n\n\n\n<p>&nbsp;<\/p>\n\n\n\n<figure class=\"wp-block-image\"><img decoding=\"async\" src=\"https:\/\/web.ciidiroaxaca.ipn.mx\/jrodrigr\/wp-content\/uploads\/sites\/16\/2018\/11\/small_P1050151.JPG\" alt=\"\"\/><\/figure>\n\n\n\n<p><\/p>\n\n\n\n<figure class=\"wp-block-image\"><img decoding=\"async\" src=\"https:\/\/web.ciidiroaxaca.ipn.mx\/jrodrigr\/wp-content\/uploads\/sites\/16\/2018\/11\/small_2.png\" alt=\"\"\/><\/figure>\n\n\n\n<p><\/p>\n\n\n\n<h2 class=\"wp-block-heading\">Cursos impartidos\/Servicio externo<\/h2>\n\n\n\n<ul class=\"wp-block-list\">\n<li>Deshidrataci\u00f3n de frutas y hortalizas\u00a0(19, 30 y 21 septiembre 2023.).<\/li>\n\n\n\n<li>Deshidrataci\u00f3n de frutas y hortalizas\u00a0(05,06 y 07 julio 2023.).<\/li>\n\n\n\n<li>Deshidrataci\u00f3n de frutas y hortalizas\u00a0(18,19 y 20 mayo 2023).<\/li>\n\n\n\n<li>Deshidrataci\u00f3n de frutas y hortalizas (\u00a02, 3 y 4 de junio 2022).<\/li>\n\n\n\n<li>Desarrollo tecnol\u00f3gico de un sistema deshidratador h\u00edbrido solar el\u00e9ctrico de 10 charolas del 06 marzo al 7 de mayo 2018.<\/li>\n\n\n\n<li>Desarrollo tecnol\u00f3gico de un sistema deshidratador h\u00edbrido solar el\u00e9ctrico de 10 charolas del 20 diciembre 2017 al 26 de enero 2018.<\/li>\n\n\n\n<li>Deshidrataci\u00f3n de frutas y hortalizas (26 al 28 de abril de 2018).<\/li>\n\n\n\n<li>Desarrollo tecnol\u00f3gico de un sistema deshidratador h\u00edbrido solar el\u00e9ctrico de 10 charolas del 05 octubre al 08 de noviembre 2017, Platino plataforma de innovaci\u00f3n y desarrollo de iniciativas locales, A.C.<\/li>\n\n\n\n<li>Deshidrataci\u00f3n de frutas y hortalizas (30 noviembre al 1 y\u00a0 2 de diciembre de 2017).<\/li>\n\n\n\n<li>Deshidrataci\u00f3n de frutas y hortalizas (20 al 22 de abril de 2017).<\/li>\n\n\n\n<li>Deshidrataci\u00f3n de frutas y hortalizas (11,18, 25 de Junio y 2 de Julio de 2016) .<\/li>\n\n\n\n<li>Deshidrataci\u00f3n de frutas y hortalizas (19 al 21 de Noviembre 2015).<\/li>\n\n\n\n<li>Construcci\u00f3n h\u00edbrido solar-el\u00e9ctrico de 10 charolas del 20 mayo al 26 agosto 2015,\u00a0 empresa Delifit.<\/li>\n\n\n\n<li>Deshidrataci\u00f3n de frutas y hortalizas (8-10 de Abril 2015).<\/li>\n\n\n\n<li>Deshidrataci\u00f3n de frutas y hortalizas (24 y 31 de mayo, 7 y 14 de junio 2014).\u00a0<\/li>\n\n\n\n<li>\u200bDeshidrataci\u00f3n de frutas y hortalizas (6,13,20 y 27 de abril \u00a02013).<\/li>\n\n\n\n<li>Curso de secado solar (28 al 31 de mayo 2013).<\/li>\n<\/ul>\n\n\n\n<p><\/p>\n","protected":false},"excerpt":{"rendered":"<p>2024.\u00a0Colector de doble paso.\u00a0Registro de modelo de utilidad. Rodriguez Ram\u00edrez, J., M\u00e9ndez Lagunas L.L., (2024). Colector solar de doble paso. T\u00edtulo de modelo de utilidad MX 5600 B, Instituto Mexicano de la Propiedad Industrial, IMPI. https:\/\/vidoc.impi.gob.mx\/visor?d=MX\/2024\/90167 2023.\u00a0MX\/a\/2023\/003669.\u00a0Expediente de Patente\u00a0(En tr\u00e1mite). 2022.\u00a0Secador solar tipo invernadero, con recubrimiento de materiales filtro absorbentes de luz solar y recirculaci\u00f3n [&hellip;]<\/p>\n","protected":false},"author":21,"featured_media":0,"parent":0,"menu_order":0,"comment_status":"closed","ping_status":"closed","template":"","meta":{"_swt_meta_header_display":false,"_swt_meta_footer_display":false,"_swt_meta_site_title_display":false,"_swt_meta_sticky_header":false,"_swt_meta_transparent_header":false,"footnotes":""},"class_list":["post-20","page","type-page","status-publish","hentry"],"_links":{"self":[{"href":"https:\/\/web.ciidiroaxaca.ipn.mx\/jrodrigr\/wp-json\/wp\/v2\/pages\/20","targetHints":{"allow":["GET"]}}],"collection":[{"href":"https:\/\/web.ciidiroaxaca.ipn.mx\/jrodrigr\/wp-json\/wp\/v2\/pages"}],"about":[{"href":"https:\/\/web.ciidiroaxaca.ipn.mx\/jrodrigr\/wp-json\/wp\/v2\/types\/page"}],"author":[{"embeddable":true,"href":"https:\/\/web.ciidiroaxaca.ipn.mx\/jrodrigr\/wp-json\/wp\/v2\/users\/21"}],"replies":[{"embeddable":true,"href":"https:\/\/web.ciidiroaxaca.ipn.mx\/jrodrigr\/wp-json\/wp\/v2\/comments?post=20"}],"version-history":[{"count":2,"href":"https:\/\/web.ciidiroaxaca.ipn.mx\/jrodrigr\/wp-json\/wp\/v2\/pages\/20\/revisions"}],"predecessor-version":[{"id":100,"href":"https:\/\/web.ciidiroaxaca.ipn.mx\/jrodrigr\/wp-json\/wp\/v2\/pages\/20\/revisions\/100"}],"wp:attachment":[{"href":"https:\/\/web.ciidiroaxaca.ipn.mx\/jrodrigr\/wp-json\/wp\/v2\/media?parent=20"}],"curies":[{"name":"wp","href":"https:\/\/api.w.org\/{rel}","templated":true}]}}