{"id":25,"date":"2011-10-26T20:42:15","date_gmt":"2011-10-26T20:42:15","guid":{"rendered":"https:\/\/web.ciidiroaxaca.ipn.mx\/jregino\/publicaciones\/"},"modified":"2025-10-22T13:05:49","modified_gmt":"2025-10-22T19:05:49","slug":"publicaciones","status":"publish","type":"page","link":"https:\/\/web.ciidiroaxaca.ipn.mx\/jregino\/publicaciones\/","title":{"rendered":"Publicaciones"},"content":{"rendered":"\n<p><\/p>\n\n\n\n<h4 class=\"wp-block-heading\">2025<\/h4>\n\n\n\n<p>Ju\u00e1rez-Morales, M.; Regino-Maldonado, J.; Von Thaden Ugalde, J.J.; Gumeta-G\u00f3mez, F.; V\u00e1squez-L\u00f3pez, A.; Ru\u00edz-Vega, J. (2025). Multitemporal Analysis of Tree Cover, Fragmentation, Connectivity, and Climate in Coastal Watersheds of Oaxaca, Mexico. Land, 14, 1808. <a href=\"https:\/\/doi.org\/10.3390\/land14091808\">https:\/\/doi.org\/10.3390\/land14091808<\/a><\/p>\n\n\n\n<h4 class=\"wp-block-heading\">2024<\/h4>\n\n\n\n<ul class=\"wp-block-list\">\n<li>Ram\u00edrez-Cabrera, C., Regino-Maldonado, J., N\u00fa\u00f1ez-Hern\u00e1ndez, J. M., Toledo-L\u00f3pez, A., Belmonte-Jim\u00e9nez, S. I., M\u00e9ndez-Garc\u00eda, E. M. C., &amp; L\u00f3pez-Cruz, J. Y. (2024). Changes in the Economic Value of Ecosystem Services and Dynamics of Land Use and Land Cover in the Copalita Watershed, Oaxaca, Mexico. Revista Chapingo Serie Ciencias Forestales y del Ambiente, 30(2). https:\/\/doi.org\/10.5154\/r.rchscfa.2023.11.057<\/li>\n\n\n\n<li>Arag\u00f3n-Guzm\u00e1n SE, Regino-Maldonado J, V\u00e1squez-L\u00f3pez A, Toledo-L\u00f3pez A, Nuria Jurado-Celis S, Granados-Echegoyen CA, Landero-Valenzuela N, Arroyo-Bal\u00e1n F, Quiroz-Gonz\u00e1lez B and Pe\u00f1aloza-Ram\u00edrez JM (2024) A systematic literature review on environmental,agronomic, and socioeconomic factors for the integration of small-scale coffee producers into specialized markets in Oaxaca, Mexico. Front. Sustain. Food Syst. 8:1386956. https:\/\/doi.org\/10.3389\/fsufs.2024.1386956<\/li>\n\n\n\n<li>V\u00e1zquez-Rito, A., Regino-Maldonado, J., Ju\u00e1rez-Morales, M.(2024). Cambios de uso y vegetaci\u00f3n en los humedales del sistema lagunar de Catazaj\u00e1, Chiapas en M\u00e9xico 2015-2023. Revista de investigaci\u00f3n ca\u00f1etana. 2(2), 92-99. <a href=\"https:\/\/doi.org\/10.60091\/ric.2023.v2n2.05\" target=\"_blank\" rel=\"noreferrer noopener\">https:\/\/doi.org\/10.60091\/ric.2023.v2n2.05 <\/a><\/li>\n\n\n\n<li>Lescas-Montes, G. C., L\u00f3pez-Cruz, J. Y., Lugo-Espinosa, G., Regino-Maldonado, J. (2024). Retos y oportunidades de la econom\u00eda creativa a partir de la caracterizaci\u00f3n: Caso de una sociedad cooperativa de artesan\u00edas textiles en Oaxaca, M\u00e9xico. Rev. Cienc. Agron. Apl. Biotecnol., 4: 58-65. <a href=\"https:\/\/d0fa5a99ca.clvaw-cdnwnd.com\/beae29b6cd5f2df594dda4f0d7c5c875\/200000538-6b5846b587\/REVISTA%202024%20vFinal%20v4.0.pdf?ph=d0fa5a99ca\" target=\"_blank\" rel=\"noreferrer noopener\">https:\/\/d0fa5a99ca.clvaw-cdnwnd.com\/beae29b6cd5f2df594dda4f0d7c5c875\/200000538-6b5846b587\/REVISTA%202024%20vFinal%20v4.0.pdf?ph=d0fa5a99ca<\/a><\/li>\n<\/ul>\n\n\n\n<ul class=\"wp-block-list\">\n<li>G\u00f3mez-Vel\u00e1zquez J.,V\u00e1zquez-L\u00f3pez, A.,Regino-Maldonado, J., Jurado-Celis, S.N.(2023).A review of local-scale agricultural sustainability in the coffee regions of Mexico.International Journal of Agriculture and Natural Resources, 50(2), 23-45. [<a href=\"https:\/\/web.ciidiroaxaca.ipn.mx\/jregino\/wp-content\/uploads\/sites\/8\/2011\/10\/Gomez-et-al.-2023.pdf\" target=\"_blank\" rel=\"noreferrer noopener\">PDF<\/a>] [<a href=\"http:\/\/file:\/\/\/C:\/Users\/herna\/Downloads\/Dialnet-AReviewOfLocalscaleAgriculturalSustainabilityInThe-9102359-1.pdf\" target=\"_blank\" rel=\"noreferrer noopener\">Link]<\/a> DOI: <a href=\"http:\/\/dx.doi.org\/10.7764\/ijanr.v50i2.2375\" target=\"_blank\" rel=\"noreferrer noopener\">http:\/\/dx.doi.org\/10.7764\/ijanr.v50i2.2375<\/a><\/li>\n\n\n\n<li>Regino-Maldonado, J., Hern\u00e1ndez-Hern\u00e1ndez, BR., Miguel-Velasco, AE. (2023) .La empresa social rural sustentable de la econom\u00eda social y solidaria en la creaci\u00f3n de valor social y bienestar nutricional para la seguridad alimentaria en M\u00e9xico. Eustorgio, R., A., Aguilar, F., M., Espinoza, C., M. (Eds.). Avances y enfoques en desarrollo econ\u00f3mico (pp. 95-110). Ediciones Diaz de Santos. [<a href=\"https:\/\/web.ciidiroaxaca.ipn.mx\/jregino\/wp-content\/uploads\/sites\/8\/2011\/10\/Regino-et-al.-2023.pdf\" target=\"_blank\" rel=\"noreferrer noopener\">PDF<\/a>][<a href=\"https:\/\/www.alphaeditorialcloud.com\/library\/publication\/avances-y-enfoques-en-desarrollo-economico\" target=\"_blank\" rel=\"noreferrer noopener\">Link<\/a>] <a href=\"https:\/\/www.alphaeditorialcloud.com\/library\/publication\/avances-y-enfoques-en-desarrollo-economico\" target=\"_blank\" rel=\"noreferrer noopener\">https:\/\/www.alphaeditorialcloud.com\/library\/publication\/avances-y-enfoques-en-desarrollo-economico<\/a><\/li>\n<\/ul>\n\n\n\n<h4 class=\"wp-block-heading\">2023<\/h4>\n\n\n\n<h4 class=\"wp-block-heading\">&nbsp;2022<\/h4>\n\n\n\n<ul class=\"wp-block-list\">\n<li>Cruz-Cabrera, B. C., Valadez-Solana, B. D., Regino-Maldonado, J., Acevedo-Mart\u00ednez, J. A., R\u00ecos-Castillo, M. (2022). Una revisi\u00f3n bibliom\u00e9trica de la literatura sobre innovaci\u00f3n social.Revista Inquietud Empresarial, 22(2), 35-53. [<a href=\"https:\/\/web.ciidiroaxaca.ipn.mx\/jregino\/wp-content\/uploads\/sites\/8\/2025\/07\/Arti\u0301culo_una-revisio\u0301n-bibliome\u0301trica-de-la-literatura-sobre-innovacio\u0301n-social-1_compressed.pdf\" target=\"_blank\" rel=\"noreferrer noopener\">PDF<\/a>] [<a href=\"https:\/\/revistas.uptc.edu.co\/index.php\/inquietud_empresarial\/article\/view\/13922\" target=\"_blank\" rel=\"noreferrer noopener\">Link<\/a>] <a href=\"https:\/\/doi.org\/10.19053\/01211048.13922\" target=\"_blank\" rel=\"noreferrer noopener\">https:\/\/doi.org\/10.19053\/01211048.13922.<\/a><\/li>\n\n\n\n<li>Espinoza-Garc\u00eda, N., Regino-Maldonado, J., Ramirez-Cabrera, C. (2022). Valoraci\u00f3n econ\u00f3mica de servicios ecosist\u00e9micos hidrol\u00f3gicos y culturales asociados a la vegetaci\u00f3n riparia.&nbsp; Contribuci\u00f3n al Conocimiento Cient\u00edfico y Tecnol\u00f3gico en Oaxaca, 6(6), 17-32. [<a href=\"https:\/\/www.ciidiroaxaca.ipn.mx\/assets\/files\/ciidiroaxaca\/sites\/cccto\/docs\/publicaciones\/cccto-vol6-num6.pdf\" target=\"_blank\" rel=\"noreferrer noopener\">PDF<\/a>] [<a href=\"https:\/\/www.ciidiroaxaca.ipn.mx\/cccto\/publicaciones\/numeros-publicados\/vol-6-num-6.html\" target=\"_blank\" rel=\"noreferrer noopener\">Link<\/a>]<\/li>\n<\/ul>\n\n\n\n<h4 class=\"wp-block-heading\">&nbsp;2021<\/h4>\n\n\n\n<ul class=\"wp-block-list\">\n<li>Ram\u00edrez, C., C., Regino, M., J., Toledo, L., A., (2021).&nbsp;An\u00e1lisis bibliom\u00e9trico de valoraci\u00f3n econ\u00f3mica de servicios ecosist\u00e9micos con m\u00e9todo de transferencia de beneficios.&nbsp;Contribuci\u00f3n al Conocimiento Cient\u00edfico y Tecnol\u00f3gico en Oaxaca A\u00f1o 5, Vol. 5, No. 5.[<a href=\"https:\/\/www.ciidiroaxaca.ipn.mx\/assets\/files\/ciidiroaxaca\/sites\/cccto\/docs\/publicaciones\/cccto-vol5-num5.pdf\" target=\"_blank\" rel=\"noreferrer noopener\">PDF<\/a>] [<a href=\"https:\/\/www.ciidiroaxaca.ipn.mx\/cccto\/publicaciones\/numeros-publicados\/vol-5-num-5.html\" target=\"_blank\" rel=\"noreferrer noopener\">Link<\/a>]<\/li>\n<\/ul>\n\n\n\n<h4 class=\"wp-block-heading\">2020<\/h4>\n\n\n\n<ul class=\"wp-block-list\">\n<li>Hernandez, H., R., B., Regino, M., J., Miguel, V., A., E., (2020). La empresa social rural y su contribuci\u00f3n en la conservaci\u00f3n del amaranto como patrimonio agroalimentario, estudio de caso:Cent\u00e9otl. A.C. Zimatl\u00e1n, Oaxaca,M\u00e9xico. Revista de Estudios Andaluces (REA),N\u00fam. 39, pp 166-179.[<a href=\"https:\/\/web.ciidiroaxaca.ipn.mx\/jregino\/wp-content\/uploads\/sites\/8\/2011\/10\/Hernandez_2020_compressed.pdf\" target=\"_blank\" rel=\"noreferrer noopener\">PDF<\/a>] [<a href=\"https:\/\/revistascientificas.us.es\/index.php\/REA\/article\/view\/11036\/html\">Link<\/a>]&nbsp;<a href=\"https:\/\/doi.org\/10.12795\/rea.2020.i39.09\" target=\"_blank\" rel=\"noreferrer noopener\">https:\/\/doi.org\/10.12795\/rea.2020.i39.09<\/a><\/li>\n<\/ul>\n\n\n\n<h4 class=\"wp-block-heading\">2019<\/h4>\n\n\n\n<ul class=\"wp-block-list\">\n<li>Hern\u00e1ndez, H. B., Regino, M. J., Miguel, V. A. H. &nbsp;y M\u00e1rquez, D.J.A. (2019), Intercambio solidario y patrimonio agroalimentario, estudio de caso el amaranto: Cent\u00e9otl,A.C.Zimatl\u00e1n (Oaxaca, M\u00e9xico) en M\u00e1rquez, D. J. A. y Llamas, C. J.L.(Directores) Elites y anclas para el desarrollo local. Eds. Consorcio Universidades Huelva-Cartagena de Indias [<a href=\"https:\/\/web.ciidiroaxaca.ipn.mx\/jregino\/wp-content\/uploads\/sites\/8\/2011\/10\/2019_Capitulo_Hernandez_Regino_Velasco_Marquez_C_compressed1_WEB_CIIDIR_OAXACA.pdf\">PDF<\/a>]<\/li>\n<\/ul>\n\n\n\n<ul class=\"wp-block-list\">\n<li>Rivera, J., E., Regino, M., J., P\u00e9rez, R., B., Luis, S., M., Garc\u00eda, H., J., L\u00e1zaro, J., E., Mart\u00ednez, L., C., Ruiz, J., A. (2019). Las plagas por descortezador en Oaxaca, M\u00e9xico: An\u00e1lisis con ecuaciones estructurales. Contribuci\u00f3n al Conocimiento Cient\u00edfico y Tecnol\u00f3gico de Oaxaca, Vol. 3(3), pp 27-35.[<a href=\"https:\/\/web.ciidiroaxaca.ipn.mx\/jregino\/wp-content\/uploads\/sites\/8\/2011\/10\/Regino_2019.pdf\" target=\"_blank\" rel=\"noreferrer noopener\">PDF<\/a>] [<a href=\"https:\/\/www.ciidiroaxaca.ipn.mx\/cccto\/publicaciones\/numeros-publicados\/vol-3-num-3.html\" target=\"_blank\" rel=\"noreferrer noopener\">Link<\/a>]&nbsp;<a href=\"https:\/\/www.researchgate.net\/publication\/336217429_LA_PLAGA_POR_DESCORTEZADOR_EN_OAXACA_MEXICO_ANALISIS_CON_ECUACIONES_ESTRUCTURALES\" target=\"_blank\" rel=\"noreferrer noopener\">DOI: 10.13140\/RG.2.2.22272.17922<\/a><\/li>\n<\/ul>\n\n\n\n<ul class=\"wp-block-list\">\n<li>Hern\u00e1ndez, H.,&nbsp; B., Ram\u00edrez, M., E.,&nbsp; Miguel,&nbsp; V., A.,&nbsp; Regino, M.,&nbsp; J., Cruz, C., C., Santiago, I. D. (2019). Empresas sociales rurales y patrimonio biocultural; el caso de CEDICAM en el pueblo originario mixteco de Nochixtlan, Oaxaca, M\u00e9xico. Agroproductividad, Vol. 12(2), pp 49-54.[<a href=\"https:\/\/web.ciidiroaxaca.ipn.mx\/jregino\/wp-content\/uploads\/sites\/8\/2011\/10\/Hernandez_2019.pdf\" target=\"_blank\" rel=\"noreferrer noopener\">PDF<\/a>] [<a href=\"https:\/\/revista-agroproductividad.org\/index.php\/agroproductividad\/article\/view\/1362\" target=\"_blank\" rel=\"noreferrer noopener\">Link<\/a>]&nbsp;&nbsp;<a href=\"https:\/\/revista-agroproductividad.org\/index.php\/agroproductividad\/article\/view\/1362\" target=\"_blank\" rel=\"noreferrer noopener\">https:\/\/doi.org\/10.32854\/agrop.v12i2.1362<\/a><\/li>\n<\/ul>\n\n\n\n<h4 class=\"wp-block-heading\">2018<\/h4>\n\n\n\n<ul class=\"wp-block-list\">\n<li>Hern\u00e1ndez, C. J.S. y Regino, M. J. (2018), An\u00e1lisis Costo-Beneficio de la cadena forestal: El caso de la empresa forestal Maderable en Oaxaca, en Mart\u00ednez, R., R., Trejo, C., G., y Vel\u00e1zquez, S., R., M., D. (Coord.) Estudios de las organizaciones y su entorno regional: Oaxaca en la sustentabilidad. Eds. TECC A.C.[<a href=\"https:\/\/web.ciidiroaxaca.ipn.mx\/jregino\/wp-content\/uploads\/sites\/8\/2011\/10\/2018_Capitulo_Hernandez_Regino_compressed1_WEB_CIIDIR_OAXACA.pdf\" target=\"_blank\" rel=\"noreferrer noopener\">PDF<\/a>]<\/li>\n<\/ul>\n\n\n\n<ul class=\"wp-block-list\">\n<li>Matadamas,&nbsp; T., L., Regino, M., J.,&nbsp; Cruz C., B., Castillo,&nbsp; L., M., Hern\u00e1ndez, M., V.&nbsp; (2018). La econom\u00eda creativa en M\u00e9xico: Caso Oaxaca. Revista Internacional de Cultura Visual, 5(2), pp 89-99. [<a href=\"https:\/\/web.ciidiroaxaca.ipn.mx\/jregino\/wp-content\/uploads\/sites\/8\/2011\/10\/Matadamas-Torres-et-al_2018_R.pdf\" target=\"_blank\" rel=\"noreferrer noopener\">PDF<\/a>] [<a href=\"https:\/\/journals.eagora.org\/revVISUAL\/article\/view\/1805\" target=\"_blank\" rel=\"noreferrer noopener\">Link<\/a>]&nbsp;<a href=\"https:\/\/doi.org\/10.37467\/gka-revvisual.v5.1805\" target=\"_blank\" rel=\"noreferrer noopener\">https:\/\/doi.org\/10.37467\/gka-revvisual.v5.1805<\/a><\/li>\n<\/ul>\n\n\n\n<ul class=\"wp-block-list\">\n<li>Hern\u00e1ndez, H.,&nbsp; B., Santiago, I.,&nbsp; D., Miguel,&nbsp; V., A.,&nbsp; Cruz,&nbsp; C.,&nbsp; C.,&nbsp; Regino, M.,&nbsp; J. (2018). Empresas sociales rurales, estrategia de desarrollo sustentable y conservaci\u00f3n del patrimonio cultural inmaterial . Caso amaranto (Amaranthus spp) de mesoamerica. Revista Mexicana de agronegocios, Vol. 42.[<a href=\"https:\/\/web.ciidiroaxaca.ipn.mx\/jregino\/wp-content\/uploads\/sites\/8\/2011\/10\/Hernandez-Hernandez-et-al-2018_R.pdf\" target=\"_blank\" rel=\"noreferrer noopener\">PDF<\/a>] [<a href=\"https:\/\/ageconsearch.umn.edu\/record\/275187\/\" target=\"_blank\" rel=\"noreferrer noopener\">Link<\/a>] <a href=\"https:\/\/ageconsearch.umn.edu\/record\/275187\" target=\"_blank\" rel=\"noreferrer noopener\">DOI:10.22004 \/ ag.econ.275187<\/a><\/li>\n<\/ul>\n\n\n\n<h4 class=\"wp-block-heading\">2017<\/h4>\n\n\n\n<ul class=\"wp-block-list\">\n<li>Regino, J., Yali, W., Cubbage, F., Regino, P. (2017). Forest resources in the performance of Mexican community forest enterprises in a vertical integration system. International Journal of Sciences, Vol. 6 (09). [<a href=\"https:\/\/web.ciidiroaxaca.ipn.mx\/jregino\/wp-content\/uploads\/sites\/8\/2011\/10\/Regino-Maldonado-et-al-2017_R.pdf\" target=\"_blank\" rel=\"noreferrer noopener\">PDF<\/a>] [<a href=\"https:\/\/www.ijsciences.com\/pub\/issue\/2017-09\/\" target=\"_blank\" rel=\"noreferrer noopener\">Link<\/a>]&nbsp;<a href=\"https:\/\/www.ijsciences.com\/pub\/article\/1163\" target=\"_blank\" rel=\"noreferrer noopener\">DOI:&nbsp;10.18483 \/ ijSci.1163<\/a><\/li>\n\n\n\n<li>Matadamas,&nbsp; T., L., Regino, M., J.,&nbsp; Cruz C., B.(2017). Conocimientos tradicionales e innovaci\u00f3n como factores determinantes para la productividad de las industrias creativas del distrito de Tlaxiaco, Oaxaca. Contribuci\u00f3n al conocimiento Cient\u00edfico y Tecn\u00f3logico de Oaxaca, Vol. 1(1) pp 3-9. [<a href=\"https:\/\/web.ciidiroaxaca.ipn.mx\/jregino\/wp-content\/uploads\/sites\/8\/2011\/10\/Matadamas-et-al-2017-R.pdf\" target=\"_blank\" rel=\"noreferrer noopener\">PDF<\/a>] [<a href=\"https:\/\/www.ciidiroaxaca.ipn.mx\/assets\/files\/ciidiroaxaca\/sites\/cccto\/docs\/publicaciones\/cccto-vol1-num1.pdf\" target=\"_blank\" rel=\"noreferrer noopener\">Link<\/a>]&nbsp;Volumen 1 No. 1<\/li>\n\n\n\n<li>Garc\u00eda, H., J., Regino, M., J., Rivera, G., R., Acevedo, M., J., Ru\u00edz, M., A. (2017). Evaluando la respuesta del gobierno ante la deforestaci\u00f3n 1990-2015. Contribuci\u00f3n al Conocimiento Cientifico y Tecnologico de Oaxaca, Vol. 1(1) pp 10-17. [<a href=\"https:\/\/web.ciidiroaxaca.ipn.mx\/jregino\/wp-content\/uploads\/sites\/8\/2011\/10\/Garciaetal2017-2-11.pdf\" target=\"_blank\" rel=\"noreferrer noopener\">PDF<\/a>][<a href=\"https:\/\/www.ciidiroaxaca.ipn.mx\/assets\/files\/ciidiroaxaca\/sites\/cccto\/docs\/publicaciones\/cccto-vol1-num1.pdf\" target=\"_blank\" rel=\"noreferrer noopener\">Link<\/a>]&nbsp;<a href=\"https:\/\/www.ciidiroaxaca.ipn.mx\/cccto\/publicaciones\/numeros-publicados\/vol-1-num-1.html\" target=\"_blank\" rel=\"noreferrer noopener\">CCCTO &#8211; Volumen 1 No. 1<\/a><\/li>\n<\/ul>\n\n\n\n<h4 class=\"wp-block-heading\">2015<\/h4>\n\n\n\n<ul class=\"wp-block-list\">\n<li>Santiago, P., Cruz, B., Acevedo, A., Ru\u00edz, A., Y Regino, J. (2015). Asociatividad para la competitividad en la agroindustria de Oaxaca, M\u00e9xico. Revista Mexicana de Agronegocios, Vol. XIX, N\u00fam. 36, pp. 1167-1177.<\/li>\n<\/ul>\n\n\n\n<ul class=\"wp-block-list\">\n<li>Regino, J., Wen, Y., y Carpenter, C. (2015). The rol of forest resources in the performance of community forest enterprise in Mexico: Analytical framework from competitive strategy. International Journal of Sciences, Vol. 4, pp. 14-24.[<a href=\"https:\/\/web.ciidiroaxaca.ipn.mx\/jregino\/wp-content\/uploads\/sites\/8\/2011\/10\/Regino-2015.pdf\" target=\"_blank\" rel=\"noreferrer noopener\">PDF<\/a>][<a href=\"https:\/\/www.ijsciences.com\/pub\/article\/700\" target=\"_blank\" rel=\"noreferrer noopener\">Link<\/a>] <a href=\"https:\/\/ideas.repec.org\/a\/adm\/journl\/v4y2015i5p14-24.html\" target=\"_blank\" rel=\"noreferrer noopener\">https:\/\/www.ijsciences.com\/pub\/article\/700<\/a><\/li>\n<\/ul>\n\n\n\n<h4 class=\"wp-block-heading\">2014<\/h4>\n\n\n\n<ul class=\"wp-block-list\">\n<li>S\u00e1nchez, P., Toledo, A., Bautista, A., y Regino, J. (2014). Valores ambientales y su efecto mediador entre caracter\u00edsticas demogr\u00e1ficas y resultado empresariales. Revista Venezolana de Gerencia, Vol. 19, N\u00fam. 67, pp. 435-455.<\/li>\n<\/ul>\n\n\n\n<ul class=\"wp-block-list\">\n<li>Regino, J., Hern\u00e1ndez, B., y Hern\u00e1ndez, V. (2014). Hacia la innovaci\u00f3n sustentable: el caso de la empresa forestal comunitaria de Oaxaca en Jacobo, C., Ochoa, S., Casas, E., y Olivas E. (Coord.). Sustentabilidad y gesti\u00f3n en las organizaciones. Perspectivas te\u00f3ricas e implicaciones pr\u00e1cticas.&nbsp; Editorial fontamara. ISBN-978-607-736-126-8, Pp. 323-345.[<a href=\"https:\/\/web.ciidiroaxaca.ipn.mx\/jregino\/wp-content\/uploads\/sites\/8\/2011\/10\/Regino_2014b.pdf\" target=\"_blank\" rel=\"noreferrer noopener\">PDF<\/a>]<\/li>\n<\/ul>\n\n\n\n<h4 class=\"wp-block-heading\">2011<\/h4>\n\n\n\n<ul class=\"wp-block-list\">\n<li>Hern\u00e1ndez, M. V. Regino, M. J., y Estrada, S. (2011), La creatividad artesanal en la pol\u00edtica industrial regional oaxaque\u00f1a, en L\u00f3pez de Alba, P., y Villavicencia, D. (Coord.) Pol\u00edticas de innovaci\u00f3n e instituciones. Eds. Plaza y Vald\u00e9s, CONCYTEG y UAM-Xochimilco.<a href=\"https:\/\/web.ciidiroaxaca.ipn.mx\/jregino\/wp-content\/uploads\/sites\/8\/2011\/10\/Regino2011.pdf\" target=\"_blank\" rel=\"noreferrer noopener\">[PDF<\/a>]<\/li>\n<\/ul>\n\n\n\n<h4 class=\"wp-block-heading\">2010<\/h4>\n\n\n\n<ul class=\"wp-block-list\">\n<li>Hern\u00e1ndez, V. y Regino, J. (2010), Identificaci\u00f3n de Unidades Productivas Comunitarias Rurales Sustentables: Santa Mar\u00eda Temaxcaltepec, Juquila, Oaxaca. Revista Naturaleza y Desarrollo. Vol. 8 N\u00fam. 2. ISSN 1665-8531.[<a href=\"https:\/\/web.ciidiroaxaca.ipn.mx\/jregino\/wp-content\/uploads\/sites\/8\/2011\/10\/Hernandez-et.-al-2010.pdf\" target=\"_blank\" rel=\"noreferrer noopener\">PDF<\/a>]<\/li>\n<\/ul>\n\n\n\n<h4 class=\"wp-block-heading\">2009<\/h4>\n\n\n\n<ul class=\"wp-block-list\">\n<li>Hern\u00e1ndez, V., Regino, J. y Dom\u00ednguez, L. (2009), Aprendizaje social en la innovaci\u00f3n de la alfarer\u00eda. Revista Naturaleza y Desarrollo. Revista Naturaleza y Desarrollo. Vol. 2, No. 2. ISSN 1665-8531.[<a href=\"https:\/\/web.ciidiroaxaca.ipn.mx\/jregino\/wp-content\/uploads\/sites\/8\/2011\/10\/Hernandez-2009.pdf\">PDF<\/a>]<\/li>\n\n\n\n<li>Regino, J., y Oliveira, V. (2009), Recursos intangibles en el desempe\u00f1o de la industria de maquinados de M\u00e9xico. Revista Venezolana de Gerencia, a\u00f1o 14, No. 47. Revista indexada al ISI, ISSN 1315-9984.<\/li>\n\n\n\n<li>Regino, J., y Vera-Cruz, A. (2009), Cultura, conocimiento, innovaci\u00f3n y v\u00ednculos de en el desempe\u00f1o de PYMES de maquinados industriales en Gabriela Dutr\u00e9nit (Coord.). Sistemas Regionales de Innovaci\u00f3n un espacio para el desarrollo de las PYMES. Editorial UAM-Xochimilco, Textual. ISBN-978-9974-8180-9-5,&nbsp; Pp., 1-317.<\/li>\n<\/ul>\n\n\n\n<h4 class=\"wp-block-heading\">2008<\/h4>\n\n\n\n<ul class=\"wp-block-list\">\n<li>Regino, J., Hern\u00e1ndez, J. y Dom\u00ednguez, L. (2008), Los recursos intangibles en el desempe\u00f1o y en la ventaja competitiva sostenida de la empresa. El caso de los negocios de artesan\u00eda en una industria fragmentada de Oaxaca, M\u00e9xico. Ciencias Administrativas, M\u00e9xico: Editorial Council, pp. 211-255. ISBN 1405-924X.<\/li>\n<\/ul>\n\n\n\n<h4 class=\"wp-block-heading\">2006<\/h4>\n\n\n\n<ul class=\"wp-block-list\">\n<li>Regino, J., Hern\u00e1ndez, J., y Dom\u00ednguez, L. (2006), \u201cEl conocimiento como recurso intangible en el desempe\u00f1o de los negocios de artesan\u00eda\u201d, Revista Escuela Administraci\u00f3n de Negocios, No. 56, pp. 82-99.<\/li>\n<\/ul>\n\n\n\n<h4 class=\"wp-block-heading\">2005<\/h4>\n\n\n\n<ul class=\"wp-block-list\">\n<li>Regino, M. J., Rivera V. I., Hern\u00e1ndez G. P., y Dom\u00ednguez, H. L. (2005), Relevancia y medici\u00f3n del conocimiento t\u00e1cito y explicito en las organizaciones de artesan\u00eda en Oaxaca. Eds. FESI. ISBN 968-5469-04-0, Pp. 1-399.<\/li>\n<\/ul>\n\n\n\n<h4 class=\"wp-block-heading\">2004<\/h4>\n\n\n\n<ul class=\"wp-block-list\">\n<li>Regino, J., Hern\u00e1ndez, J.,&nbsp; y Dom\u00ednguez, L. (2004b), \u201cMedici\u00f3n de la variable conocimiento: una prueba emp\u00edrica en las organizaciones artesanales de Oaxaca, M\u00e9xico\u00bb.Escuela de administraci\u00f3n de negocios. Colombia. No. 51, pp. 96-121.<\/li>\n<\/ul>\n\n\n\n<ul class=\"wp-block-list\">\n<li>Rivera, I., Regino, J. (2004), \u00abEntrenamiento y Aprendizaje Tecnol\u00f3gico en la Subcontrataci\u00f3n: El caso de los proveedores end\u00f3genos de la industria electr\u00f3nica de Guadalajara\u00bb. Comercio Exterior, Vol. 56 No. 3. pp.&nbsp; 196-206.<\/li>\n<\/ul>\n","protected":false},"excerpt":{"rendered":"<p>2025 Ju\u00e1rez-Morales, M.; Regino-Maldonado, J.; Von Thaden Ugalde, J.J.; Gumeta-G\u00f3mez, F.; V\u00e1squez-L\u00f3pez, A.; Ru\u00edz-Vega, J. (2025). Multitemporal Analysis of Tree Cover, Fragmentation, Connectivity, and Climate in Coastal Watersheds of Oaxaca, Mexico. Land, 14, 1808. https:\/\/doi.org\/10.3390\/land14091808 2024 2023 &nbsp;2022 &nbsp;2021 2020 2019 2018 2017 2015 2014 2011 2010 2009 2008 2006 2005 2004<\/p>\n","protected":false},"author":8,"featured_media":0,"parent":0,"menu_order":0,"comment_status":"closed","ping_status":"closed","template":"","meta":{"_swt_meta_header_display":false,"_swt_meta_footer_display":false,"_swt_meta_site_title_display":false,"_swt_meta_sticky_header":false,"_swt_meta_transparent_header":false,"footnotes":""},"class_list":["post-25","page","type-page","status-publish","hentry"],"_links":{"self":[{"href":"https:\/\/web.ciidiroaxaca.ipn.mx\/jregino\/wp-json\/wp\/v2\/pages\/25","targetHints":{"allow":["GET"]}}],"collection":[{"href":"https:\/\/web.ciidiroaxaca.ipn.mx\/jregino\/wp-json\/wp\/v2\/pages"}],"about":[{"href":"https:\/\/web.ciidiroaxaca.ipn.mx\/jregino\/wp-json\/wp\/v2\/types\/page"}],"author":[{"embeddable":true,"href":"https:\/\/web.ciidiroaxaca.ipn.mx\/jregino\/wp-json\/wp\/v2\/users\/8"}],"replies":[{"embeddable":true,"href":"https:\/\/web.ciidiroaxaca.ipn.mx\/jregino\/wp-json\/wp\/v2\/comments?post=25"}],"version-history":[{"count":7,"href":"https:\/\/web.ciidiroaxaca.ipn.mx\/jregino\/wp-json\/wp\/v2\/pages\/25\/revisions"}],"predecessor-version":[{"id":84,"href":"https:\/\/web.ciidiroaxaca.ipn.mx\/jregino\/wp-json\/wp\/v2\/pages\/25\/revisions\/84"}],"wp:attachment":[{"href":"https:\/\/web.ciidiroaxaca.ipn.mx\/jregino\/wp-json\/wp\/v2\/media?parent=25"}],"curies":[{"name":"wp","href":"https:\/\/api.w.org\/{rel}","templated":true}]}}