{"id":7,"date":"2023-12-22T21:02:29","date_gmt":"2023-12-22T21:02:29","guid":{"rendered":"https:\/\/web.ciidiroaxaca.ipn.mx\/jehernandezju\/tesis\/"},"modified":"2025-10-14T13:57:28","modified_gmt":"2025-10-14T13:57:28","slug":"tesis","status":"publish","type":"page","link":"https:\/\/web.ciidiroaxaca.ipn.mx\/jehernandezju\/tesis\/","title":{"rendered":"Tesis"},"content":{"rendered":"\n<ul class=\"wp-block-list\">\n<li>Manejo de problema de plano transversal con expansor esqueletal del maxilar (MSE). <strong>Especialidad en Ortodoncia, Facultad de Odontolog\u00eda, UABJO. 2024.<\/strong><\/li>\n\n\n\n<li>Actividad antibacteriana y formulaci\u00f3n de pasta dental del extracto de cannabigerol y cannabidiol contra Streptococcus mutans. <strong>Maestr\u00eda en Rehabilitaci\u00f3n Bucal, Facultad de Odontolog\u00eda, UABJO. 2024.<\/strong><\/li>\n\n\n\n<li>Evaluaci\u00f3n in vitro de la eficacia del sellado de dos cementos de obturaci\u00f3n permanentes en dientes tratados endod\u00f3nticamente. <strong>Maestr\u00eda en Endodoncia, Facultad de Odontolog\u00eda, UABJO. 2024<\/strong><\/li>\n\n\n\n<li><em>Extracci\u00f3n selectiva asistida con qu\u00edmica verde y evaluaci\u00f3n biol\u00f3gica de compuestos antitromb\u00f3ticos de Prosthechea karwinskii<\/em>. <strong>Maestr\u00eda en Ciencias en Conservaci\u00f3n y Aprovechamiento de Recursos Naturales. CIIDIR Unidad Oaxaca, IPN. 2024.<\/strong><\/li>\n\n\n\n<li><em>Signos y s\u00edntomas de hemartrosis de la articulaci\u00f3n temporomandibular en pacientes con hemofilia A: estudio piloto.<\/em> <strong>Maestr\u00eda en Ortodoncia, Facultad de Odontolog\u00eda, UABJO. 2023<\/strong><\/li>\n\n\n\n<li><em>Enfermedad de von willebrand con atenci\u00f3n en odontolog\u00eda. <\/em><strong>Especialidad en Ortodoncia, Facultad de Odontolog\u00eda, UABJO. 2022.<\/strong><\/li>\n\n\n\n<li><em>Relaci\u00f3n de la longitud de la v\u00eda a\u00e9rea far\u00edngea con la clase esquel\u00e9tica. <\/em><strong>Especialidad en Ortodoncia, Facultad de Odontolog\u00eda, UABJO. 2022.<\/strong><\/li>\n\n\n\n<li><em>Niveles plasm\u00e1ticos de los factores VIII y von Willebrand en pacientes con COVID-19, diabetes mellitus y periodontitis. <\/em><strong>Maestr\u00eda en Odontopediatr\u00eda, Facultad de Odontolog\u00eda, UABJO. 2022.<\/strong><\/li>\n\n\n\n<li><em>Efectos de dos dent\u00edfricos con zinc en la concentraci\u00f3n salival del p\u00e9ptido antimicrobiano LL-37 en ni\u00f1os con caries. <\/em><strong>Maestr\u00eda en Odontopediatr\u00eda, Facultad de Odontolog\u00eda, UABJO. 2022.<\/strong><\/li>\n\n\n\n<li><em>An\u00e1lisis inmunofenot\u00edpico en pacientes mexicanos con alteraciones hemost\u00e1ticas. <\/em><strong>Doctorado en Ciencias de la Inmunolog\u00eda, ENCB, IPN. 2022.<\/strong><\/li>\n\n\n\n<li><em>Efecto anticoagulante y antiagregante plaquetario de los compuestos fen\u00f3licos de Laelia furfuracea Lindl. en pacientes con trombosis. <\/em><strong>Doctorado en Ciencias en Conservaci\u00f3n y Aprovechamiento de Recursos Naturales, CIIDIR, IPN. 2022.<\/strong><\/li>\n\n\n\n<li><em>Evaluaci\u00f3n del potencial proagregante plaquetario del plasma de pacientes con COVID-19. <\/em><strong>Maestr\u00eda en Biomedicina Experimental, Facultad de Medicina y Cirug\u00eda, UABJO. 2022.<\/strong><\/li>\n\n\n\n<li><em>Efectos in vitro e in vivo de glucosamina en la agregaci\u00f3n plaquetaria de pacientes con diabetes mellitus 2. <\/em><strong>Maestr\u00eda en Ciencias Quimicobiol\u00f3gicas, ENCB, IPN. 2019.<\/strong><\/li>\n\n\n\n<li><em>Inversi\u00f3n de los intr\u00f3nes 1 y 22 del gen F8 en pacientes con hemofilia A grave e inhibidores del factor VIII. <\/em><strong>Maestr\u00eda en Ciencias Quimicobiol\u00f3gicas, ENCB, IPN. 2018.<\/strong><\/li>\n\n\n\n<li><em>Determinaci\u00f3n de c\u00e9lulas T reguladoras CD4+CD25+CD127-CD49d-FoxP3+ en pacientes con hemofilia A grave en tratamiento con derivados plasm\u00e1ticos del factor VIII. <\/em><strong>Maestr\u00eda en Ciencias de la Inmunolog\u00eda, ENCB, IPN. 2017.<\/strong><\/li>\n\n\n\n<li><em>Determinaci\u00f3n temprana de inhibidores del factor VIII en pacientes con hemofilia A grave y obesidad. <\/em><strong>Maestr\u00eda en Ciencias Quimicobiol\u00f3gicas, ENCB, IPN. 2017.<\/strong><\/li>\n\n\n\n<li><em>Farmacocin\u00e9tica del factor VIII en pacientes mexicanos con hemofilia A grave. <\/em><strong>Maestr\u00eda en Ciencias Quimicobiol\u00f3gicas, ENCB, IPN. 2017.<\/strong><\/li>\n\n\n\n<li><em>Efecto del rivaroxab\u00e1n en los tiempos de coagulaci\u00f3n de pacientes con trombosis. <\/em><strong>Licenciatura en Bioqu\u00edmica Diagn\u00f3stica; FES, UNAM. 2016.<\/strong><\/li>\n\n\n\n<li><em>Diagn\u00f3stico de laboratorio de la enfermedad de von Willebrand y sus subtipos en pacientes mestizos mexicanos. <\/em><strong>Licenciatura en Qu\u00edmica Farmac\u00e9utica Biol\u00f3gica; FES, UNAM. 2016.<\/strong><\/li>\n\n\n\n<li><em>Alteraciones del fibrin\u00f3geno en las \u00faltimas semanas de gestaci\u00f3n en la poblaci\u00f3n mexicana. <\/em><strong>Licenciatura en Qu\u00edmico Farmacobi\u00f3logo, FCQ, BUAP. 2015.<\/strong><\/li>\n\n\n\n<li><em>Efecto del rivaroxab\u00e1n en la agregaci\u00f3n plaquetaria de pacientes mexicanos con trombosis. <\/em><strong>Licenciatura en Qu\u00edmica Farmace\u00fatica Biol\u00f3gica, FES, UNAM. 2015.<\/strong><\/li>\n\n\n\n<li><em>Evaluaci\u00f3n de la actividad fibrinol\u00edtica en mujeres mexicanas embarazadas en las \u00faltimas semanas de gestaci\u00f3n. <\/em><strong>Licenciatura en Qu\u00edmico Farmacobi\u00f3logo, FCQ, BUAP. 2014.<\/strong><\/li>\n<\/ul>\n","protected":false},"excerpt":{"rendered":"","protected":false},"author":34,"featured_media":0,"parent":0,"menu_order":0,"comment_status":"closed","ping_status":"closed","template":"","meta":{"_swt_meta_header_display":false,"_swt_meta_footer_display":false,"_swt_meta_site_title_display":false,"_swt_meta_sticky_header":false,"_swt_meta_transparent_header":false,"footnotes":""},"class_list":["post-7","page","type-page","status-publish","hentry"],"_links":{"self":[{"href":"https:\/\/web.ciidiroaxaca.ipn.mx\/jehernandezju\/wp-json\/wp\/v2\/pages\/7","targetHints":{"allow":["GET"]}}],"collection":[{"href":"https:\/\/web.ciidiroaxaca.ipn.mx\/jehernandezju\/wp-json\/wp\/v2\/pages"}],"about":[{"href":"https:\/\/web.ciidiroaxaca.ipn.mx\/jehernandezju\/wp-json\/wp\/v2\/types\/page"}],"author":[{"embeddable":true,"href":"https:\/\/web.ciidiroaxaca.ipn.mx\/jehernandezju\/wp-json\/wp\/v2\/users\/34"}],"replies":[{"embeddable":true,"href":"https:\/\/web.ciidiroaxaca.ipn.mx\/jehernandezju\/wp-json\/wp\/v2\/comments?post=7"}],"version-history":[{"count":3,"href":"https:\/\/web.ciidiroaxaca.ipn.mx\/jehernandezju\/wp-json\/wp\/v2\/pages\/7\/revisions"}],"predecessor-version":[{"id":50,"href":"https:\/\/web.ciidiroaxaca.ipn.mx\/jehernandezju\/wp-json\/wp\/v2\/pages\/7\/revisions\/50"}],"wp:attachment":[{"href":"https:\/\/web.ciidiroaxaca.ipn.mx\/jehernandezju\/wp-json\/wp\/v2\/media?parent=7"}],"curies":[{"name":"wp","href":"https:\/\/api.w.org\/{rel}","templated":true}]}}

<ul class="wp-block-list">
<li>Manejo de problema de plano transversal con expansor esqueletal del maxilar (MSE). <strong>Especialidad en Ortodoncia, Facultad de Odontología, UABJO. 2024.</strong></li>



<li>Actividad antibacteriana y formulación de pasta dental del extracto de cannabigerol y cannabidiol contra Streptococcus mutans. <strong>Maestría en Rehabilitación Bucal, Facultad de Odontología, UABJO. 2024.</strong></li>



<li>Evaluación in vitro de la eficacia del sellado de dos cementos de obturación permanentes en dientes tratados endodónticamente. <strong>Maestría en Endodoncia, Facultad de Odontología, UABJO. 2024</strong></li>



<li><em>Extracción selectiva asistida con química verde y evaluación biológica de compuestos antitrombóticos de Prosthechea karwinskii</em>. <strong>Maestría en Ciencias en Conservación y Aprovechamiento de Recursos Naturales. CIIDIR Unidad Oaxaca, IPN. 2024.</strong></li>



<li><em>Signos y síntomas de hemartrosis de la articulación temporomandibular en pacientes con hemofilia A: estudio piloto.</em> <strong>Maestría en Ortodoncia, Facultad de Odontología, UABJO. 2023</strong></li>



<li><em>Enfermedad de von willebrand con atención en odontología. </em><strong>Especialidad en Ortodoncia, Facultad de Odontología, UABJO. 2022.</strong></li>



<li><em>Relación de la longitud de la vía aérea faríngea con la clase esquelética. </em><strong>Especialidad en Ortodoncia, Facultad de Odontología, UABJO. 2022.</strong></li>



<li><em>Niveles plasmáticos de los factores VIII y von Willebrand en pacientes con COVID-19, diabetes mellitus y periodontitis. </em><strong>Maestría en Odontopediatría, Facultad de Odontología, UABJO. 2022.</strong></li>



<li><em>Efectos de dos dentífricos con zinc en la concentración salival del péptido antimicrobiano LL-37 en niños con caries. </em><strong>Maestría en Odontopediatría, Facultad de Odontología, UABJO. 2022.</strong></li>



<li><em>Análisis inmunofenotípico en pacientes mexicanos con alteraciones hemostáticas. </em><strong>Doctorado en Ciencias de la Inmunología, ENCB, IPN. 2022.</strong></li>



<li><em>Efecto anticoagulante y antiagregante plaquetario de los compuestos fenólicos de Laelia furfuracea Lindl. en pacientes con trombosis. </em><strong>Doctorado en Ciencias en Conservación y Aprovechamiento de Recursos Naturales, CIIDIR, IPN. 2022.</strong></li>



<li><em>Evaluación del potencial proagregante plaquetario del plasma de pacientes con COVID-19. </em><strong>Maestría en Biomedicina Experimental, Facultad de Medicina y Cirugía, UABJO. 2022.</strong></li>



<li><em>Efectos in vitro e in vivo de glucosamina en la agregación plaquetaria de pacientes con diabetes mellitus 2. </em><strong>Maestría en Ciencias Quimicobiológicas, ENCB, IPN. 2019.</strong></li>



<li><em>Inversión de los intrónes 1 y 22 del gen F8 en pacientes con hemofilia A grave e inhibidores del factor VIII. </em><strong>Maestría en Ciencias Quimicobiológicas, ENCB, IPN. 2018.</strong></li>



<li><em>Determinación de células T reguladoras CD4+CD25+CD127-CD49d-FoxP3+ en pacientes con hemofilia A grave en tratamiento con derivados plasmáticos del factor VIII. </em><strong>Maestría en Ciencias de la Inmunología, ENCB, IPN. 2017.</strong></li>



<li><em>Determinación temprana de inhibidores del factor VIII en pacientes con hemofilia A grave y obesidad. </em><strong>Maestría en Ciencias Quimicobiológicas, ENCB, IPN. 2017.</strong></li>



<li><em>Farmacocinética del factor VIII en pacientes mexicanos con hemofilia A grave. </em><strong>Maestría en Ciencias Quimicobiológicas, ENCB, IPN. 2017.</strong></li>



<li><em>Efecto del rivaroxabán en los tiempos de coagulación de pacientes con trombosis. </em><strong>Licenciatura en Bioquímica Diagnóstica; FES, UNAM. 2016.</strong></li>



<li><em>Diagnóstico de laboratorio de la enfermedad de von Willebrand y sus subtipos en pacientes mestizos mexicanos. </em><strong>Licenciatura en Química Farmacéutica Biológica; FES, UNAM. 2016.</strong></li>



<li><em>Alteraciones del fibrinógeno en las últimas semanas de gestación en la población mexicana. </em><strong>Licenciatura en Químico Farmacobiólogo, FCQ, BUAP. 2015.</strong></li>



<li><em>Efecto del rivaroxabán en la agregación plaquetaria de pacientes mexicanos con trombosis. </em><strong>Licenciatura en Química Farmaceútica Biológica, FES, UNAM. 2015.</strong></li>



<li><em>Evaluación de la actividad fibrinolítica en mujeres mexicanas embarazadas en las últimas semanas de gestación. </em><strong>Licenciatura en Químico Farmacobiólogo, FCQ, BUAP. 2014.</strong></li>
</ul>
