{"id":7,"date":"2011-11-09T17:36:12","date_gmt":"2011-11-09T17:36:12","guid":{"rendered":"https:\/\/web.ciidiroaxaca.ipn.mx\/jchavezs\/tesis\/"},"modified":"2025-10-21T13:10:18","modified_gmt":"2025-10-21T19:10:18","slug":"tesis","status":"publish","type":"page","link":"https:\/\/web.ciidiroaxaca.ipn.mx\/jchavezs\/tesis\/","title":{"rendered":"Tesis"},"content":{"rendered":"\n<h3 class=\"wp-block-heading\">Tesis dirigidas recientes:<\/h3>\n\n\n\n<ol class=\"wp-block-list\">\n<li>Ricardo Rivera, Hannia Guadalupe. <strong>2024<\/strong>. Caracterizaci\u00f3n fisicoqu\u00edmica y compuestos con actividad antioxidante de poblaciones nativas de jitomate de Oaxaca. Tesis de Maestr\u00eda en Ciencias Alimentarias del Centro de Investigaci\u00f3n y Desarrollo en Alimentos de la Universidad Veracruzana. Agosto 23, 2024.<\/li>\n\n\n\n<li>Marcos G\u00f3mez, Rub\u00ed. <strong>2024<\/strong>. Compuestos fen\u00f3licos, actividad antioxidante y contenido de minerales en flores comestibles de Oaxaca. Tesis de Maestr\u00eda en Ciencias en Conservaci\u00f3n y Aprovechamiento de Recursos Naturales en el CIIDIR-Oaxaca, Instituto Polit\u00e9cnico Nacional. Enero 17, 2024.<\/li>\n\n\n\n<li>Mora Cuevas, Amanda. <strong>2023<\/strong>. Almacenamiento poscosecha del fruto inmaduro de <em>Cucurbita ficifolia<\/em> Bouche. Tesis de Maestr\u00eda en Ciencias Alimentarias del Centro de Investigaci\u00f3n y Desarrollo en Alimentos de la Universidad Veracruzana. Diciembre 14, 2023.<\/li>\n\n\n\n<li>Palacios Landa, Casandra Arlette. <strong>2023<\/strong>. Efecto de diferentes m\u00e9todos de cocci\u00f3n sobre el contenido de compuesto antioxidantes y caracter\u00edsticas fisicoqu\u00edmicas en chilacayote (<em>Cucurbita ficifolia<\/em> Bouch\u00e9) inmaduro. Tesis de Maestr\u00eda en Ciencias Alimentarias del Centro de Investigaci\u00f3n y Desarrollo en Alimentos de la Universidad Veracruzana. Diciembre 11, 2023.<\/li>\n\n\n\n<li>P\u00e9rez Ochoa, M\u00f3nica Lilian. <strong>2023<\/strong>. Conocimiento local y compuestos bioactivos de plantas medicinales utilizadas en el tratamiento de des\u00f3rdenes gastrointestinales: Estudios de caso en Oaxaca. Tesis Dr. C. Conservaci\u00f3n y Aprovechamiento de Recursos Naturales, CIIDIR-Oaxaca, Instituto Polit\u00e9cnico Nacional. Oaxaca. Enero 27, 2023.<\/li>\n\n\n\n<li>Vera Guzm\u00e1n, Ana Laura. <strong>2023<\/strong>. Malnutrici\u00f3n infantil y aproximaciones a sus factores causales en un municipio de alta marginaci\u00f3n: caso Santa Luc\u00eda Miahuatl\u00e1n, Oaxaca. Tesis M.C. Conservaci\u00f3n y Aprovechamiento de Recursos Naturales, CIIDIR-Oaxaca, Instituto Polit\u00e9cnico Nacional. Oaxaca. Enero 27, 2023.<\/li>\n\n\n\n<li>Cortes Bautista, Floriberto. <strong>2022<\/strong>. Productos y subproductos de la milpa en la alimentaci\u00f3n de animales dom\u00e9sticos y beneficios integrales para las familias Mixtecas oaxaque\u00f1as. Tesis M.C., Productividad de Agroecosistemas, Instituto Tecnol\u00f3gico del Valle de Oaxaca, Nazareno, Oaxaca. M\u00e9xico. Diciembre 20, 2022.<\/li>\n\n\n\n<li>Robledo L\u00f3pez, Jordy Roberto. <strong>2022<\/strong>. Efecto del consumo de harina de chilacayote (<em>Cucurbita ficifolia<\/em> Bouch\u00e9) en un modelo de s\u00edndrome metab\u00f3lico en rata Wistar. Tesis de Maestr\u00eda en Ciencias Alimentarias. Instituto de Ciencias B\u00e1sicas, Universidad Veracruzana. Septiembre 9, 2022.<\/li>\n\n\n\n<li>Laurian Mendoza, Helio Pablo. <strong>2021<\/strong>. An\u00e1lisis de la expresi\u00f3n diferencial de genes involucrados en la s\u00edntesis de flavonoides en la interacci\u00f3n <em>Phaseolus vulgaris<\/em> L. &#8211; <em>Macrophomina phaseolina<\/em> (Tassi) Goid. Tesis M.C., Centro de Biotecnolog\u00eda Gen\u00f3mica, Instituto Polit\u00e9cnico Nacional. Agosto 2, 2021.<\/li>\n\n\n\n<li>Padilla Cortes, Erika. <strong>2020<\/strong>. Enemigos naturales del gusano cogollero, <em>Spodoptera frugiperda <\/em>Smith (Lepidoptera: Noctuidae), en razas de ma\u00edces oaxaque\u00f1os. Tesis M.C. Conservaci\u00f3n y Aprovechamiento de Recursos Naturales, CIIDIR-Oaxaca, Instituto Polit\u00e9cnico Nacional. Oaxaca. Septiembre 1, 2020.<\/li>\n\n\n\n<li>Ruiz Hern\u00e1ndez, Sandra Concepci\u00f3n. <strong>2020<\/strong>. Caracteres morfo-agron\u00f3mico y composici\u00f3n de fruto en poblaciones e h\u00edbridos interpoblacionales de chile (<em>Capsicum annuum<\/em>) huacle nativo de Oaxaca. Tesis M.C. Productividad de Agroecosistemas, Instituto Tecnol\u00f3gico del Valle de Oaxaca, Nazareno, Oaxaca. M\u00e9xico. Agosto 28, 2020.<\/li>\n\n\n\n<li>P\u00e9rez Espinosa, Nancy Fabiola. <strong>2019<\/strong>. Caracterizaci\u00f3n de germoplasma de ma\u00edz pigmentado (<em>Zea mays<\/em> L.) nativo del estado de Oaxaca. Tesis M.C. y Tecnolog\u00eda de Alimentos, Unidad Acad\u00e9mica Multidisciplinaria-Aztl\u00e1n, Universidad Aut\u00f3noma de Tamaulipas. Fecha de examen: Diciembre 6, 2019.<\/li>\n\n\n\n<li>Capistr\u00e1n Carabar\u00edn, Arelly. <strong>2019<\/strong>. Identificaci\u00f3n y cuantificaci\u00f3n de fenoles individuales en poblaciones nativas de frijol com\u00fan (Phaseolus vulgaris L.). Tesis de Maestr\u00eda en Ciencias Alimentarias. Instituto de Ciencias B\u00e1sicas, Universidad Veracruzana. Fecha de examen: Enero 25, 2019.\u200b\u200b\u200b\u200b\u200b\u200b\u200b<\/li>\n\n\n\n<li>Mart\u00ednez Mart\u00ednez, Raquel. <strong>2019<\/strong>. Compuestos nutricionales, polifenoles, carotenoides y actividad antioxidante en granos de ma\u00edces pigmentados nativos de Oaxaca. Tesis M.C. Conservaci\u00f3n y Aprovechamiento de Recursos Naturales, CIIDIR-Oaxaca, Instituto Polit\u00e9cnico Nacional. Oaxaca. Fecha de examen: Enero 18, 2019.<\/li>\n<\/ol>\n","protected":false},"excerpt":{"rendered":"<p>Tesis dirigidas recientes:<\/p>\n","protected":false},"author":49,"featured_media":0,"parent":0,"menu_order":0,"comment_status":"closed","ping_status":"closed","template":"","meta":{"_swt_meta_header_display":false,"_swt_meta_footer_display":false,"_swt_meta_site_title_display":false,"_swt_meta_sticky_header":false,"_swt_meta_transparent_header":false,"footnotes":""},"class_list":["post-7","page","type-page","status-publish","hentry"],"_links":{"self":[{"href":"https:\/\/web.ciidiroaxaca.ipn.mx\/jchavezs\/wp-json\/wp\/v2\/pages\/7","targetHints":{"allow":["GET"]}}],"collection":[{"href":"https:\/\/web.ciidiroaxaca.ipn.mx\/jchavezs\/wp-json\/wp\/v2\/pages"}],"about":[{"href":"https:\/\/web.ciidiroaxaca.ipn.mx\/jchavezs\/wp-json\/wp\/v2\/types\/page"}],"author":[{"embeddable":true,"href":"https:\/\/web.ciidiroaxaca.ipn.mx\/jchavezs\/wp-json\/wp\/v2\/users\/49"}],"replies":[{"embeddable":true,"href":"https:\/\/web.ciidiroaxaca.ipn.mx\/jchavezs\/wp-json\/wp\/v2\/comments?post=7"}],"version-history":[{"count":4,"href":"https:\/\/web.ciidiroaxaca.ipn.mx\/jchavezs\/wp-json\/wp\/v2\/pages\/7\/revisions"}],"predecessor-version":[{"id":46,"href":"https:\/\/web.ciidiroaxaca.ipn.mx\/jchavezs\/wp-json\/wp\/v2\/pages\/7\/revisions\/46"}],"wp:attachment":[{"href":"https:\/\/web.ciidiroaxaca.ipn.mx\/jchavezs\/wp-json\/wp\/v2\/media?parent=7"}],"curies":[{"name":"wp","href":"https:\/\/api.w.org\/{rel}","templated":true}]}}

<h3 class="wp-block-heading">Tesis dirigidas recientes:</h3>



<ol class="wp-block-list">
<li>Ricardo Rivera, Hannia Guadalupe. <strong>2024</strong>. Caracterización fisicoquímica y compuestos con actividad antioxidante de poblaciones nativas de jitomate de Oaxaca. Tesis de Maestría en Ciencias Alimentarias del Centro de Investigación y Desarrollo en Alimentos de la Universidad Veracruzana. Agosto 23, 2024.</li>



<li>Marcos Gómez, Rubí. <strong>2024</strong>. Compuestos fenólicos, actividad antioxidante y contenido de minerales en flores comestibles de Oaxaca. Tesis de Maestría en Ciencias en Conservación y Aprovechamiento de Recursos Naturales en el CIIDIR-Oaxaca, Instituto Politécnico Nacional. Enero 17, 2024.</li>



<li>Mora Cuevas, Amanda. <strong>2023</strong>. Almacenamiento poscosecha del fruto inmaduro de <em>Cucurbita ficifolia</em> Bouche. Tesis de Maestría en Ciencias Alimentarias del Centro de Investigación y Desarrollo en Alimentos de la Universidad Veracruzana. Diciembre 14, 2023.</li>



<li>Palacios Landa, Casandra Arlette. <strong>2023</strong>. Efecto de diferentes métodos de cocción sobre el contenido de compuesto antioxidantes y características fisicoquímicas en chilacayote (<em>Cucurbita ficifolia</em> Bouché) inmaduro. Tesis de Maestría en Ciencias Alimentarias del Centro de Investigación y Desarrollo en Alimentos de la Universidad Veracruzana. Diciembre 11, 2023.</li>



<li>Pérez Ochoa, Mónica Lilian. <strong>2023</strong>. Conocimiento local y compuestos bioactivos de plantas medicinales utilizadas en el tratamiento de desórdenes gastrointestinales: Estudios de caso en Oaxaca. Tesis Dr. C. Conservación y Aprovechamiento de Recursos Naturales, CIIDIR-Oaxaca, Instituto Politécnico Nacional. Oaxaca. Enero 27, 2023.</li>



<li>Vera Guzmán, Ana Laura. <strong>2023</strong>. Malnutrición infantil y aproximaciones a sus factores causales en un municipio de alta marginación: caso Santa Lucía Miahuatlán, Oaxaca. Tesis M.C. Conservación y Aprovechamiento de Recursos Naturales, CIIDIR-Oaxaca, Instituto Politécnico Nacional. Oaxaca. Enero 27, 2023.</li>



<li>Cortes Bautista, Floriberto. <strong>2022</strong>. Productos y subproductos de la milpa en la alimentación de animales domésticos y beneficios integrales para las familias Mixtecas oaxaqueñas. Tesis M.C., Productividad de Agroecosistemas, Instituto Tecnológico del Valle de Oaxaca, Nazareno, Oaxaca. México. Diciembre 20, 2022.</li>



<li>Robledo López, Jordy Roberto. <strong>2022</strong>. Efecto del consumo de harina de chilacayote (<em>Cucurbita ficifolia</em> Bouché) en un modelo de síndrome metabólico en rata Wistar. Tesis de Maestría en Ciencias Alimentarias. Instituto de Ciencias Básicas, Universidad Veracruzana. Septiembre 9, 2022.</li>



<li>Laurian Mendoza, Helio Pablo. <strong>2021</strong>. Análisis de la expresión diferencial de genes involucrados en la síntesis de flavonoides en la interacción <em>Phaseolus vulgaris</em> L. &#8211; <em>Macrophomina phaseolina</em> (Tassi) Goid. Tesis M.C., Centro de Biotecnología Genómica, Instituto Politécnico Nacional. Agosto 2, 2021.</li>



<li>Padilla Cortes, Erika. <strong>2020</strong>. Enemigos naturales del gusano cogollero, <em>Spodoptera frugiperda </em>Smith (Lepidoptera: Noctuidae), en razas de maíces oaxaqueños. Tesis M.C. Conservación y Aprovechamiento de Recursos Naturales, CIIDIR-Oaxaca, Instituto Politécnico Nacional. Oaxaca. Septiembre 1, 2020.</li>



<li>Ruiz Hernández, Sandra Concepción. <strong>2020</strong>. Caracteres morfo-agronómico y composición de fruto en poblaciones e híbridos interpoblacionales de chile (<em>Capsicum annuum</em>) huacle nativo de Oaxaca. Tesis M.C. Productividad de Agroecosistemas, Instituto Tecnológico del Valle de Oaxaca, Nazareno, Oaxaca. México. Agosto 28, 2020.</li>



<li>Pérez Espinosa, Nancy Fabiola. <strong>2019</strong>. Caracterización de germoplasma de maíz pigmentado (<em>Zea mays</em> L.) nativo del estado de Oaxaca. Tesis M.C. y Tecnología de Alimentos, Unidad Académica Multidisciplinaria-Aztlán, Universidad Autónoma de Tamaulipas. Fecha de examen: Diciembre 6, 2019.</li>



<li>Capistrán Carabarín, Arelly. <strong>2019</strong>. Identificación y cuantificación de fenoles individuales en poblaciones nativas de frijol común (Phaseolus vulgaris L.). Tesis de Maestría en Ciencias Alimentarias. Instituto de Ciencias Básicas, Universidad Veracruzana. Fecha de examen: Enero 25, 2019.​​​​​​​</li>



<li>Martínez Martínez, Raquel. <strong>2019</strong>. Compuestos nutricionales, polifenoles, carotenoides y actividad antioxidante en granos de maíces pigmentados nativos de Oaxaca. Tesis M.C. Conservación y Aprovechamiento de Recursos Naturales, CIIDIR-Oaxaca, Instituto Politécnico Nacional. Oaxaca. Fecha de examen: Enero 18, 2019.</li>
</ol>
