{"id":6,"date":"2011-11-09T17:32:24","date_gmt":"2011-11-09T17:32:24","guid":{"rendered":"https:\/\/web.ciidiroaxaca.ipn.mx\/jchavezs\/proyectos-de-investigacion\/"},"modified":"2025-10-21T13:05:12","modified_gmt":"2025-10-21T19:05:12","slug":"proyectos-de-investigacion","status":"publish","type":"page","link":"https:\/\/web.ciidiroaxaca.ipn.mx\/jchavezs\/proyectos-de-investigacion\/","title":{"rendered":"Proyectos de investigaci\u00f3n"},"content":{"rendered":"\n<ul class=\"wp-block-list\">\n<li>\u201cSistemas agroalimentarios locales dependientes de la milpa: relaciones entre agrobiodiversidad y compuestos bioactivos de la cultura alimentaria\u201d (2025-2026), SIP-20252367. Instituto Polit\u00e9cnico Nacional. M\u00e9xico. <strong>Director de proyecto<\/strong>.<\/li>\n\n\n\n<li>\u201cSistemas socio-agroecol\u00f3gicos comunitarios en milpas oaxaque\u00f1as: casos de ma\u00edz nativo y jitomate\u201d (2023-2024), SIP-20230580 y SIP-20240902. Instituto Polit\u00e9cnico Nacional. M\u00e9xico. <strong>Director de proyecto<\/strong>.<\/li>\n\n\n\n<li>\u201cLa milpa como sistema socio-ecol\u00f3gico: agrobiodiversidad y aportaci\u00f3n a los sistemas alimentarios comunitarios en la Mixteca oaxaque\u00f1a\u201d (2021-2022), SIP-20211404 y SIP-20220820. Instituto Polit\u00e9cnico Nacional. M\u00e9xico. <strong>Director de proyecto<\/strong>.<\/li>\n\n\n\n<li>\u201cProductos y subproductos del sistema milpa Mixteco oaxaque\u00f1o, una revaloraci\u00f3n desde la aportaci\u00f3n nutricional y nutrac\u00e9utica a las familias\u201d (Primera Fase 2020-2021), FORDECYT-PRONACES-CONACYT-308979. Proyecto de grupo de investigaci\u00f3n. <strong>Responsable t\u00e9cnico de proyecto<\/strong>.<\/li>\n\n\n\n<li>\u201cDiversidad fenot\u00edpica y potencial agron\u00f3mico en asociaciones ma\u00edz-frijol \u00fatiles a comunidades oaxaque\u00f1as de alta marginaci\u00f3n\u201d (2018-2020), SIP-20181030 y SIP-20196672. Instituto Polit\u00e9cnico Nacional. M\u00e9xico. <strong>Director de proyecto<\/strong>.<\/li>\n\n\n\n<li>\u201cAlimentos y productos de ma\u00edz y frijol pigmentados con alto valor nutricional para comunidades de alta marginaci\u00f3n\u201d (2017-2019) PN-CONACYT-2015-1-1119. Proyecto de grupo de investigaci\u00f3n. M\u00e9xico. <strong>Responsable t\u00e9cnico de proyecto<\/strong>.<\/li>\n\n\n\n<li>\u201cDiversidad gen\u00e9tica, valoraci\u00f3n nutricional-nutrac\u00e9utica y sistemas de producci\u00f3n en asociaciones ma\u00edz-frijol con fines alimentarios para comunidades marginadas oaxaque\u00f1as\u201d (Multidisciplinario SIP: 1922), financiamiento interno: Instituto Polit\u00e9cnico Nacional (2018-2020). <strong>Responsable t\u00e9cnico.<\/strong><\/li>\n\n\n\n<li>\u201cAlimentos y productos de ma\u00edz y frijol pigmentados con alto valor nutricional para comunidades de alta marginaci\u00f3n\u201d, financiamiento externo: Problemas Nacionales-CONACYT-2015-1-1119 (2017-2019).<strong> Responsable t\u00e9cnico<\/strong>.<\/li>\n\n\n\n<li>\u201cConservaci\u00f3n y aprovechamiento de frijol y ma\u00edces pigmentados nativos de Oaxaca: Valoraci\u00f3n gen\u00e9tica, nutricional, nutrac\u00e9utica y agron\u00f3mica\u201d (Multidisciplinario SIP-1752), financiamiento interno: Instituto Polit\u00e9cnico Nacional (2016-2017). <strong>Responsable t\u00e9cnico<\/strong>.<\/li>\n\n\n\n<li>\u201cVariaci\u00f3n agromorfol\u00f3gica y de componentes nutricionales y nutrac\u00e9uticos en una colecci\u00f3n de poblaciones nativas de frijol\u201d (SIP-20140074 y SIP-20150297), financiamiento interno: Instituto Polit\u00e9cnico Nacional (2014-2015). <strong>Responsable t\u00e9cnico.<\/strong><\/li>\n<\/ul>\n","protected":false},"excerpt":{"rendered":"","protected":false},"author":49,"featured_media":0,"parent":0,"menu_order":0,"comment_status":"closed","ping_status":"closed","template":"","meta":{"_swt_meta_header_display":false,"_swt_meta_footer_display":false,"_swt_meta_site_title_display":false,"_swt_meta_sticky_header":false,"_swt_meta_transparent_header":false,"footnotes":""},"class_list":["post-6","page","type-page","status-publish","hentry"],"_links":{"self":[{"href":"https:\/\/web.ciidiroaxaca.ipn.mx\/jchavezs\/wp-json\/wp\/v2\/pages\/6","targetHints":{"allow":["GET"]}}],"collection":[{"href":"https:\/\/web.ciidiroaxaca.ipn.mx\/jchavezs\/wp-json\/wp\/v2\/pages"}],"about":[{"href":"https:\/\/web.ciidiroaxaca.ipn.mx\/jchavezs\/wp-json\/wp\/v2\/types\/page"}],"author":[{"embeddable":true,"href":"https:\/\/web.ciidiroaxaca.ipn.mx\/jchavezs\/wp-json\/wp\/v2\/users\/49"}],"replies":[{"embeddable":true,"href":"https:\/\/web.ciidiroaxaca.ipn.mx\/jchavezs\/wp-json\/wp\/v2\/comments?post=6"}],"version-history":[{"count":6,"href":"https:\/\/web.ciidiroaxaca.ipn.mx\/jchavezs\/wp-json\/wp\/v2\/pages\/6\/revisions"}],"predecessor-version":[{"id":44,"href":"https:\/\/web.ciidiroaxaca.ipn.mx\/jchavezs\/wp-json\/wp\/v2\/pages\/6\/revisions\/44"}],"wp:attachment":[{"href":"https:\/\/web.ciidiroaxaca.ipn.mx\/jchavezs\/wp-json\/wp\/v2\/media?parent=6"}],"curies":[{"name":"wp","href":"https:\/\/api.w.org\/{rel}","templated":true}]}}

Proyectos de investigación

<ul class="wp-block-list">
<li>“Sistemas agroalimentarios locales dependientes de la milpa: relaciones entre agrobiodiversidad y compuestos bioactivos de la cultura alimentaria” (2025-2026), SIP-20252367. Instituto Politécnico Nacional. México. <strong>Director de proyecto</strong>.</li>



<li>“Sistemas socio-agroecológicos comunitarios en milpas oaxaqueñas: casos de maíz nativo y jitomate” (2023-2024), SIP-20230580 y SIP-20240902. Instituto Politécnico Nacional. México. <strong>Director de proyecto</strong>.</li>



<li>“La milpa como sistema socio-ecológico: agrobiodiversidad y aportación a los sistemas alimentarios comunitarios en la Mixteca oaxaqueña” (2021-2022), SIP-20211404 y SIP-20220820. Instituto Politécnico Nacional. México. <strong>Director de proyecto</strong>.</li>



<li>“Productos y subproductos del sistema milpa Mixteco oaxaqueño, una revaloración desde la aportación nutricional y nutracéutica a las familias” (Primera Fase 2020-2021), FORDECYT-PRONACES-CONACYT-308979. Proyecto de grupo de investigación. <strong>Responsable técnico de proyecto</strong>.</li>



<li>“Diversidad fenotípica y potencial agronómico en asociaciones maíz-frijol útiles a comunidades oaxaqueñas de alta marginación” (2018-2020), SIP-20181030 y SIP-20196672. Instituto Politécnico Nacional. México. <strong>Director de proyecto</strong>.</li>



<li>“Alimentos y productos de maíz y frijol pigmentados con alto valor nutricional para comunidades de alta marginación” (2017-2019) PN-CONACYT-2015-1-1119. Proyecto de grupo de investigación. México. <strong>Responsable técnico de proyecto</strong>.</li>



<li>“Diversidad genética, valoración nutricional-nutracéutica y sistemas de producción en asociaciones maíz-frijol con fines alimentarios para comunidades marginadas oaxaqueñas” (Multidisciplinario SIP: 1922), financiamiento interno: Instituto Politécnico Nacional (2018-2020). <strong>Responsable técnico.</strong></li>



<li>“Alimentos y productos de maíz y frijol pigmentados con alto valor nutricional para comunidades de alta marginación”, financiamiento externo: Problemas Nacionales-CONACYT-2015-1-1119 (2017-2019).<strong> Responsable técnico</strong>.</li>



<li>“Conservación y aprovechamiento de frijol y maíces pigmentados nativos de Oaxaca: Valoración genética, nutricional, nutracéutica y agronómica” (Multidisciplinario SIP-1752), financiamiento interno: Instituto Politécnico Nacional (2016-2017). <strong>Responsable técnico</strong>.</li>



<li>“Variación agromorfológica y de componentes nutricionales y nutracéuticos en una colección de poblaciones nativas de frijol” (SIP-20140074 y SIP-20150297), financiamiento interno: Instituto Politécnico Nacional (2014-2015). <strong>Responsable técnico.</strong></li>
</ul>
