{"id":42,"date":"2011-11-04T19:39:50","date_gmt":"2011-11-04T19:39:50","guid":{"rendered":"https:\/\/web.ciidiroaxaca.ipn.mx\/jasanchezg\/proyectos-de-investigacion\/"},"modified":"2025-09-21T01:34:02","modified_gmt":"2025-09-21T01:34:02","slug":"proyectos-de-investigacion","status":"publish","type":"page","link":"https:\/\/web.ciidiroaxaca.ipn.mx\/jasanchezg\/proyectos-de-investigacion\/","title":{"rendered":"Proyectos de investigaci\u00f3n"},"content":{"rendered":"\n<h3 class=\"wp-block-heading\">a) Responsable de proyectos<\/h3>\n\n\n\n<ul class=\"wp-block-list\">\n<li>Estudio faun\u00edstico de cigarras (Hemiptera: Cicadidae) en Oaxaca, M\u00e9xico, SIP20201752 y 20211309, Secretar\u00eda de Investigaci\u00f3n y Posgrado del Instituto Polit\u00e9cnico Nacional,&nbsp;2020-2021 (proyecto vigente).<\/li>\n\n\n\n<li>Registros de hospederos y datos de oviposici\u00f3n de cigarras (Hemiptera: Cicadidae) en Oaxaca, M\u00e9xico, SIP20196266,&nbsp;Secretar\u00eda de Investigaci\u00f3n y Posgrado del Instituto Polit\u00e9cnico Nacional, 2019.<\/li>\n\n\n\n<li>Listado de especies de cigarras (Hemiptera: Cicadidae) en el estado de Oaxaca, M\u00e9xico y notas sobre la biolog\u00eda de Quesada gigas (Olivier),&nbsp;SIP20181636, Secretar\u00eda de Investigaci\u00f3n y Posgrado del Instituto Polit\u00e9cnico Nacional, 2018.<\/li>\n\n\n\n<li>Estudio taxon\u00f3mico y notas sobre la biolog\u00eda de las cigarras (Hemiptera: Cicadidae) en el estado de Oaxaca, M\u00e9xico,&nbsp;SIP20172138,&nbsp; Secretar\u00eda de Investigaci\u00f3n y Posgrado del Instituto Polit\u00e9cnico Nacional, 2017.<\/li>\n\n\n\n<li>Identificaci\u00f3n y Manejo de plagas y enfermedades del ar\u00e1ndano en Oaxaca, SIP20150187 y SIP20160517,&nbsp;Secretar\u00eda de Investigaci\u00f3n y Posgrado del Instituto Polit\u00e9cnico Nacional, 2015-2016.<\/li>\n\n\n\n<li>Estudio de himen\u00f3pteros parasitoides en Oaxaca,\u00a0SIP20144658, Secretar\u00eda de Investigaci\u00f3n y Posgrado del Instituto Polit\u00e9cnico Nacional, 2014.<\/li>\n\n\n\n<li>Cat\u00e1logo de hiemn\u00f3pteros parasitoides en el estado de Oaxaca,&nbsp;SIP20131227, Secretar\u00eda de Investigaci\u00f3n y Posgrado del Instituto Polit\u00e9cnico Nacional, 2013.&nbsp;.<\/li>\n\n\n\n<li>Cat\u00e1logo de brac\u00f3nidos (Hymenoptera) del estado de Oaxaca, M\u00e9xico, SIP20121326, SIP20110537 y SIP20100571, Secretar\u00eda de Investigaci\u00f3n y Posgrado del Instituto Polit\u00e9cnico Nacional, 2010-2012.<\/li>\n\n\n\n<li>Estudio de brac\u00f3nidos (Hymenoptera) en el estado de Oaxaca, M\u00e9xico, SIP20090466,\u00a0SIP20080643 y SIP20071044, Secretar\u00eda de Investigaci\u00f3n y Posgrado del Instituto Polit\u00e9cnico Nacional, 2007-2009.\u00a0<\/li>\n\n\n\n<li>Estudio faun\u00edstico de brac\u00f3nidos (Hymenoptera) presentes en la regi\u00f3n frut\u00edcola de Tapanatepec, Oaxaca, CGPI20060699 y \u00a0CGPI20050409, Secretar\u00eda de Investigaci\u00f3n y Posgrado del Instituto Polit\u00e9cnico Nacional, 2005-2006.\u00a0<\/li>\n\n\n\n<li>Estudio faun\u00edstico de brac\u00f3nidos (Hymenoptera) presentes en la Regi\u00f3n de la Sierra Sur y Costa de Oaxaca, CGPI20040139 y \u00a0CGPI20031563, Secretar\u00eda de Investigaci\u00f3n y Posgrado del Instituto Polit\u00e9cnico Nacional, 2003-2004.<\/li>\n<\/ul>\n\n\n\n<h3 class=\"wp-block-heading\">b) Participante de Proyectos<\/h3>\n\n\n\n<ul class=\"wp-block-list\">\n<li>Alternativas sustentables para implementar un sistema de Manejo integrado de los cultivos de jitomate y chile. Instituci\u00f3n otorgante, 20-2008-0267, Proyecto externo, Fundaci\u00f3n Produce, 2009-2010.\u00a0<\/li>\n\n\n\n<li>Caracterizaci\u00f3n de tres especies de nem\u00e1todos par\u00e1sitos de larvas de mosquitos, CGPI20060701, CGPI20050677 y \u00a0CGPI20040050, Secretar\u00eda de Investigaci\u00f3n y Posgrado del Instituto Polit\u00e9cnico Nacional, 2004-2006.<\/li>\n\n\n\n<li>Estudios comparativos y producci\u00f3n masiva de dos especies de nem\u00e1todos par\u00e1sitos de mosquitos, CGPI20030815, Secretar\u00eda de Investigaci\u00f3n y Posgrado del Instituto Polit\u00e9cnico Nacional, 2003.<\/li>\n\n\n\n<li>Cat\u00e1logo Ilustrado de Braconidae (Hymenoptera: Ichneumonoidea) de M\u00e9xico,\u00a0AP008, Proyecto externo, CONABIO, 2003.<\/li>\n\n\n\n<li>Revisi\u00f3n de especies de Encyrtidae (Hymenoptera: Chalcidoidea) y g\u00e9neros de Braconidae (Hymenoptera: Ichneumonoidea) de importancia econ\u00f3mica a la agricultura en M\u00e9xico, 31918-N, Proyecto externo, CONACYT, 2000-2001.<\/li>\n<\/ul>\n\n\n\n<p><\/p>\n","protected":false},"excerpt":{"rendered":"<p>a) Responsable de proyectos b) Participante de Proyectos<\/p>\n","protected":false},"author":54,"featured_media":0,"parent":0,"menu_order":0,"comment_status":"closed","ping_status":"closed","template":"","meta":{"_swt_meta_header_display":false,"_swt_meta_footer_display":false,"_swt_meta_site_title_display":false,"_swt_meta_sticky_header":false,"_swt_meta_transparent_header":false,"footnotes":""},"class_list":["post-42","page","type-page","status-publish","hentry"],"_links":{"self":[{"href":"https:\/\/web.ciidiroaxaca.ipn.mx\/jasanchezg\/wp-json\/wp\/v2\/pages\/42","targetHints":{"allow":["GET"]}}],"collection":[{"href":"https:\/\/web.ciidiroaxaca.ipn.mx\/jasanchezg\/wp-json\/wp\/v2\/pages"}],"about":[{"href":"https:\/\/web.ciidiroaxaca.ipn.mx\/jasanchezg\/wp-json\/wp\/v2\/types\/page"}],"author":[{"embeddable":true,"href":"https:\/\/web.ciidiroaxaca.ipn.mx\/jasanchezg\/wp-json\/wp\/v2\/users\/54"}],"replies":[{"embeddable":true,"href":"https:\/\/web.ciidiroaxaca.ipn.mx\/jasanchezg\/wp-json\/wp\/v2\/comments?post=42"}],"version-history":[{"count":3,"href":"https:\/\/web.ciidiroaxaca.ipn.mx\/jasanchezg\/wp-json\/wp\/v2\/pages\/42\/revisions"}],"predecessor-version":[{"id":66,"href":"https:\/\/web.ciidiroaxaca.ipn.mx\/jasanchezg\/wp-json\/wp\/v2\/pages\/42\/revisions\/66"}],"wp:attachment":[{"href":"https:\/\/web.ciidiroaxaca.ipn.mx\/jasanchezg\/wp-json\/wp\/v2\/media?parent=42"}],"curies":[{"name":"wp","href":"https:\/\/api.w.org\/{rel}","templated":true}]}}