{"id":4,"date":"2016-03-16T16:33:21","date_gmt":"2016-03-16T16:33:21","guid":{"rendered":"https:\/\/web.ciidiroaxaca.ipn.mx\/imoralesg\/dr-isidro-morales-garcia\/"},"modified":"2025-10-08T16:22:59","modified_gmt":"2025-10-08T16:22:59","slug":"dr-isidro-morales-garcia","status":"publish","type":"page","link":"https:\/\/web.ciidiroaxaca.ipn.mx\/imoralesg\/","title":{"rendered":"Dr. Isidro Morales Garc\u00eda"},"content":{"rendered":"\n<h4 class=\"wp-block-heading has-text-align-center rtecenter\">\u00a0Profesor Investigador Titular C<\/h4>\n\n\n\n<p class=\"has-text-align-center\">Miembro del Colegio de Profesores del CIIDIR-Oaxaca del IPN<\/p>\n\n\n\n<p class=\"has-text-align-center rtecenter\">SNI Nivel 1<\/p>\n\n\n\n<p class=\"has-text-align-center rtecenter\">Mis lineas de investigaci\u00f3n son Nutrici\u00f3n vegetal y fertirriego de cultivos de importancia econ\u00f3mica en invernaderos\u00a0<\/p>\n\n\n\n<p class=\"has-text-align-center rtecenter\">correo electr\u00f3nico: imoralesg@ipn.mx<\/p>\n\n\n\n<p class=\"rtecenter\">&nbsp;<\/p>\n\n\n\n<h4 class=\"wp-block-heading has-text-align-center rtecenter\">Droctor en Tecnolog\u00eda de Invernaderos por la Universidad de Almer\u00eda, Espa\u00f1a.<\/h4>\n\n\n\n<p class=\"has-text-align-center rtecenter\">M\u00e1ster en Producci\u00f3n Vegetal de Cultivos Protegidos, Universidad de Almer\u00eda, Espa\u00f1a.<\/p>\n\n\n\n<p class=\"has-text-align-center rtecenter\">Maestro en Ciencias en Edafolog\u00eda, \u00c1rea Nutrici\u00f3n Vegetal, Colegio de Posgraduados, Montecillo, M\u00e9xico.<\/p>\n\n\n\n<p class=\"has-text-align-center rtecenter\">Ingeniero Agr\u00f3nomo Fitotecnista, Instituto Tecnol\u00f3gico del Valle de Oaxaca, M\u00e9xico. &nbsp;<\/p>\n\n\n\n<p class=\"rtecenter\">&nbsp;<\/p>\n\n\n\n<p class=\"rtecenter\">&nbsp;<\/p>\n","protected":false},"excerpt":{"rendered":"<p>\u00a0Profesor Investigador Titular C Miembro del Colegio de Profesores del CIIDIR-Oaxaca del IPN SNI Nivel 1 Mis lineas de investigaci\u00f3n son Nutrici\u00f3n vegetal y fertirriego de cultivos de importancia econ\u00f3mica en invernaderos\u00a0 correo electr\u00f3nico: imoralesg@ipn.mx &nbsp; Droctor en Tecnolog\u00eda de Invernaderos por la Universidad de Almer\u00eda, Espa\u00f1a. M\u00e1ster en Producci\u00f3n Vegetal de Cultivos Protegidos, Universidad [&hellip;]<\/p>\n","protected":false},"author":56,"featured_media":0,"parent":0,"menu_order":0,"comment_status":"closed","ping_status":"closed","template":"","meta":{"_swt_meta_header_display":false,"_swt_meta_footer_display":false,"_swt_meta_site_title_display":false,"_swt_meta_sticky_header":false,"_swt_meta_transparent_header":false,"footnotes":""},"class_list":["post-4","page","type-page","status-publish","hentry"],"_links":{"self":[{"href":"https:\/\/web.ciidiroaxaca.ipn.mx\/imoralesg\/wp-json\/wp\/v2\/pages\/4","targetHints":{"allow":["GET"]}}],"collection":[{"href":"https:\/\/web.ciidiroaxaca.ipn.mx\/imoralesg\/wp-json\/wp\/v2\/pages"}],"about":[{"href":"https:\/\/web.ciidiroaxaca.ipn.mx\/imoralesg\/wp-json\/wp\/v2\/types\/page"}],"author":[{"embeddable":true,"href":"https:\/\/web.ciidiroaxaca.ipn.mx\/imoralesg\/wp-json\/wp\/v2\/users\/56"}],"replies":[{"embeddable":true,"href":"https:\/\/web.ciidiroaxaca.ipn.mx\/imoralesg\/wp-json\/wp\/v2\/comments?post=4"}],"version-history":[{"count":4,"href":"https:\/\/web.ciidiroaxaca.ipn.mx\/imoralesg\/wp-json\/wp\/v2\/pages\/4\/revisions"}],"predecessor-version":[{"id":57,"href":"https:\/\/web.ciidiroaxaca.ipn.mx\/imoralesg\/wp-json\/wp\/v2\/pages\/4\/revisions\/57"}],"wp:attachment":[{"href":"https:\/\/web.ciidiroaxaca.ipn.mx\/imoralesg\/wp-json\/wp\/v2\/media?parent=4"}],"curies":[{"name":"wp","href":"https:\/\/api.w.org\/{rel}","templated":true}]}}