{"id":9,"date":"2011-10-19T16:50:51","date_gmt":"2011-10-19T16:50:51","guid":{"rendered":"https:\/\/web.ciidiroaxaca.ipn.mx\/gmanzane\/actividades-academicas\/"},"modified":"2025-10-17T10:35:13","modified_gmt":"2025-10-17T16:35:13","slug":"actividades-academicas","status":"publish","type":"page","link":"https:\/\/web.ciidiroaxaca.ipn.mx\/gmanzane\/actividades-academicas\/","title":{"rendered":"Actividades acad\u00e9micas"},"content":{"rendered":"\n<h2 class=\"wp-block-heading\">Docente de las asignaturas<\/h2>\n\n\n\n<ul class=\"wp-block-list\">\n<li><strong>Seminario de Investigaci\u00f3n II (03A4240).<\/strong>\u00a0Maestr\u00eda en Ciencias en Conservaci\u00f3n y Aprovechamiento de Recursos Naturales. CIIDIR-IPN-Oaxaca. 30 hrs. Febrero \u2013 julio 2025.<\/li>\n\n\n\n<li><strong>Etnobot\u00e1nica (05A4589).<\/strong>\u00a0Maestr\u00eda en Ciencias en Conservaci\u00f3n y Aprovechamiento de Recursos Naturales. CIIDIR-IPN-Oaxaca. 64 hrs.\u00a0Febrero \u2013 julio 2025.\u00a0<\/li>\n\n\n\n<li><strong>Etnobot\u00e1nica (05A4589).\u00a0<\/strong>Maestr\u00eda en Ciencias en Conservaci\u00f3n y Aprovechamiento de Recursos Naturales. Patrones y Procesos de la Biodiversidad del Neotr\u00f3pico, incluida en el Programa Nacional de Posgrados de calidad del CONACyT, CIIDIR-IPN-Oaxaca. 64 hrs. (Febrero 2024\u2013agosto 2024). Semestre 2024 A.<\/li>\n\n\n\n<li><strong>Seminario de Investigaci\u00f3n I (03A4232).<\/strong>\u00a0Maestr\u00eda en Ciencias en Conservaci\u00f3n y Aprovechamiento de Recursos Naturales. Maestr\u00eda en Ciencias. CIIDIR-IPN-Oaxaca. 30 hrs. Agosto 2023\u2013 enero 2024.\u00a0Semestre 2023 B.<\/li>\n<\/ul>\n\n\n\n<ul class=\"wp-block-list\">\n<li><strong>Etnobot\u00e1nica (05A4589).<\/strong>&nbsp;Maestr\u00eda en Ciencias en Conservaci\u00f3n y Aprovechamiento de Recursos Naturales. CIIDIR-IPN-Oaxaca. 60 hrs. ( Enero \u2013junio 2023).<\/li>\n\n\n\n<li><strong>Seminario de Investigaci\u00f3n IV (03A4247).<\/strong> Maestr\u00eda en Ciencias en Conservaci\u00f3n y Aprovechamiento de Recursos Naturales. Maestr\u00eda en Ciencias. CIIDIR-IPN-Oaxaca. 30&nbsp; hrs. Enero 31- junio 23 del 2022.<\/li>\n\n\n\n<li><strong>Etnobot\u00e1nica (05A4589).<\/strong> Maestr\u00eda en Ciencias en Conservaci\u00f3n y Aprovechamiento de Recursos Naturales. CIIDIR-IPN-Oaxaca. 60 hrs. ( Agosto 16\u2013enero 2022).<\/li>\n\n\n\n<li><strong>Etnobot\u00e1nica (05A4589). <\/strong>Maestr\u00eda en Ciencias en Conservaci\u00f3n y Aprovechamiento de Recursos Naturales. CIIDIR-IPN-Oaxaca. 60 hrs. ( Septiembre\u2013febrero 2021).<\/li>\n\n\n\n<li><strong>Etnobot\u00e1nica (05A4589).<\/strong> Maestr\u00eda en Ciencias en Conservaci\u00f3n y Aprovechamiento de Recursos Naturales. CIIDIR-IPN-Oaxaca. 60 hrs. ( Febrero \u2013junio 2020).<\/li>\n\n\n\n<li><strong>Seminario de Investigaci\u00f3n III (03A4246).<\/strong> Maestr\u00eda en Ciencias en Conservaci\u00f3n y Aprovechamiento de Recursos Naturales. Maestr\u00eda en Ciencias. CIIDIR-IPN-Oaxaca. 30 hrs. (Febrero-junio 2020).<\/li>\n\n\n\n<li><strong>Seminario de Investigaci\u00f3n III (03A4246).<\/strong> Maestr\u00eda en Ciencias en Conservaci\u00f3n y Aprovechamiento de Recursos Naturales. Maestr\u00eda en Ciencias. CIIDIR-IPN-Oaxaca. 30&nbsp; hrs. (Agosto-diciembre 2019).<\/li>\n\n\n\n<li><strong>Etnobot\u00e1nica (05A4589). <\/strong>Maestr\u00eda en Ciencias en Conservaci\u00f3n y Aprovechamiento de Recursos Naturales. CIIDIR-IPN-Oaxaca. 60&nbsp; hrs. (Agosto \u2013 diciembre 2019).&nbsp;<\/li>\n\n\n\n<li><strong>Etnobot\u00e1nica (05A4589). <\/strong>Maestr\u00eda en Ciencias en Conservaci\u00f3n y Aprovechamiento de Recursos Naturales. CIIDIR-IPN-Oaxaca. 60&nbsp; hrs. Agosto \u2013 diciembre 2018.&nbsp;<\/li>\n\n\n\n<li><strong>Seminario de Investigaci\u00f3n III (03A4246).<\/strong> Maestr\u00eda en Ciencias en Conservaci\u00f3n y Aprovechamiento de Recursos Naturales. Maestr\u00eda en Ciencias. CIIDIR-IPN-Oaxaca. 30&nbsp; hrs. (Agosto-diciembre 2018).<\/li>\n\n\n\n<li><strong>Seminario de Investigaci\u00f3n II (03A4240).<\/strong> Maestr\u00eda en Ciencias en Conservaci\u00f3n y Aprovechamiento de Recursos Naturales. CIIDIR-IPN-Oaxaca. 30&nbsp; hrs. Enero \u2013 junio 2018.<\/li>\n\n\n\n<li><strong>Seminario de Investigaci\u00f3n IV (03A4247). <\/strong>Maestr\u00eda en Ciencias en Conservaci\u00f3n y Aprovechamiento de Recursos Naturales. Maestr\u00eda en Ciencias. CIIDIR-IPN-Oaxaca. 30&nbsp; hrs. Febrero-Junio 2016.<\/li>\n\n\n\n<li><strong>Etnobot\u00e1nica (05A4589)<\/strong>. Maestr\u00eda en Ciencias en Conservaci\u00f3n y Aprovechamiento de Recursos Naturales. CIIDIR-IPN-Oaxaca. 60&nbsp; hrs. Septiembre \u2013 diciembre 2015. Impartido con Dr. Marko G\u00f3mez.<\/li>\n\n\n\n<li><strong>Seminario de Investigaci\u00f3n III (03A4240). <\/strong>Maestr\u00eda en Ciencias en Conservaci\u00f3n y Aprovechamiento de Recursos Naturales. Maestr\u00eda en Ciencias. CIIDIR-IPN-Oaxaca. 30&nbsp; hrs. (Septiembre-diciembre 2015).<\/li>\n\n\n\n<li><strong>Seminario de Investigaci\u00f3n III (03A4246).<\/strong> Maestr\u00eda en Ciencias en Conservaci\u00f3n y Aprovechamiento de Recursos Naturales. Maestr\u00eda en Ciencias. CIIDIR-IPN-Oaxaca. 30&nbsp; hrs. (Agosto-diciembre 2014).<\/li>\n\n\n\n<li><strong>Seminario de Investigaci\u00f3n IV (03A4247).<\/strong> Maestr\u00eda en Ciencias en Conservaci\u00f3n y Aprovechamiento de Recursos Naturales. Maestr\u00eda en Ciencias. CIIDIR-IPN-Oaxaca. 30&nbsp; hrs. Enero \u2013 Junio 2014.<\/li>\n\n\n\n<li><strong>Etnobot\u00e1nica (05A4589).<\/strong> Maestr\u00eda en Ciencias en Conservaci\u00f3n y Aprovechamiento de Recursos Naturales. CIIDIR-IPN-Oaxaca. 60&nbsp; hrs. Enero \u2013 Junio 2014.<\/li>\n\n\n\n<li><strong>Seminario de Investigaci\u00f3n III (03A4246).<\/strong> Maestr\u00eda en Ciencias en Conservaci\u00f3n y Aprovechamiento de Recursos Naturales. Maestr\u00eda en Ciencias. CIIDIR-IPN-Oaxaca. 30&nbsp; hrs. Agosto 5 \u2013 diciembre 13 del &nbsp;2013.<\/li>\n\n\n\n<li><strong>Etnobot\u00e1nica (05A4589).<\/strong> Maestr\u00eda en Ciencias en Conservaci\u00f3n y Aprovechamiento de Recursos Naturales. CIIDIR-IPN-Oaxaca. 60&nbsp; hrs. Enero \u2013 Junio 2013.<\/li>\n\n\n\n<li><strong>Seminario de Investigaci\u00f3n I (03A4232).<\/strong> Maestr\u00eda en Ciencias en Conservaci\u00f3n y Aprovechamiento de Recursos Naturales. Maestr\u00eda en Ciencias. CIIDIR-IPN-Oaxaca. 30&nbsp; hrs. Enero \u2013 Junio 2013.<\/li>\n\n\n\n<li><strong>Etnobot\u00e1nica (05A4589).<\/strong> Maestr\u00eda en Ciencias en Conservaci\u00f3n y Aprovechamiento de Recursos Naturales. CIIDIR-IPN-Oaxaca. 60&nbsp; hrs. Agosto \u2013 Diciembre 2011.<\/li>\n\n\n\n<li><strong>Seminario de Investigaci\u00f3n I (03A4232).<\/strong> Maestr\u00eda en Ciencias en Conservaci\u00f3n y Aprovechamiento de Recursos Naturales. Maestr\u00eda en Ciencias. CIIDIR-IPN-Oaxaca. 30&nbsp; hrs. Primer semestre&nbsp; enero-junio del 2011.<\/li>\n\n\n\n<li><strong>Ecolog\u00eda de Poblaciones y Comunidades (03A4238). <\/strong>Maestr\u00eda en Ciencias en Conservaci\u00f3n y Aprovechamiento de Recursos Naturales. CIIDIR-IPN-Oaxaca. 60&nbsp; hrs. Enero-Junio 2011.<\/li>\n\n\n\n<li><strong>Etnobot\u00e1nica (05A4589).<\/strong> Maestr\u00eda en Ciencias en Conservaci\u00f3n y Aprovechamiento de Recursos Naturales. CIIDIR-IPN-Oaxaca. 60&nbsp; hrs. Agosto-Diciembre 2010. Con constancia de Evaluaci\u00f3n del Docente del Nivel Posgrado aprobado por el Colegio Acad\u00e9mico de Profesores, Acuerdo CEDA03-2010-04.<\/li>\n\n\n\n<li><strong>Ecolog\u00eda de Poblaciones y Comunidades (03A4238). <\/strong>Maestr\u00eda en Ciencias en Conservaci\u00f3n y Aprovechamiento de Recursos Naturales. CIIDIR-IPN-Oaxaca. 60&nbsp; hrs. Enero-Junio 2010.<\/li>\n\n\n\n<li><strong>Etnobot\u00e1nica (05A4589).<\/strong> Maestr\u00eda en Ciencias en Conservaci\u00f3n y Aprovechamiento de Recursos Naturales. CIIDIR-IPN-Oaxaca. 60&nbsp; hrs. Agosto \u2013 Diciembre 2009.<\/li>\n\n\n\n<li><strong>Ecolog\u00eda de Poblaciones y Comunidades (03A4238). <\/strong>Maestr\u00eda en Ciencias en Conservaci\u00f3n y Aprovechamiento de Recursos Naturales. CIIDIR-IPN-Oaxaca. 60&nbsp; hrs. Agosto-Diciembre 2009.<\/li>\n\n\n\n<li><strong>Ecolog\u00eda de Poblaciones y Comunidades (03A4238). <\/strong>Maestr\u00eda en Ciencias en Conservaci\u00f3n y Aprovechamiento de Recursos Naturales. CIIDIR-IPN-Oaxaca. 60&nbsp; hrs. Enero-Junio 2009.<\/li>\n\n\n\n<li><strong>Seminario de Investigaci\u00f3n I (03A4232). <\/strong>Maestr\u00eda en Ciencias en Conservaci\u00f3n y Aprovechamiento de Recursos Naturales. Maestr\u00eda en Ciencias. CIIDIR-IPN-Oaxaca. 30&nbsp; hrs. Segundo semestre&nbsp; enero-junio del 2009.<\/li>\n\n\n\n<li><strong>Etnobot\u00e1nica (05A4589).<\/strong> Maestr\u00eda en Ciencias en Conservaci\u00f3n y Aprovechamiento de Recursos Naturales. CIIDIR-IPN-Oaxaca. 60&nbsp; hrs. Enero-Junio 2008.<\/li>\n\n\n\n<li><strong>Ecolog\u00eda de Poblaciones y Comunidades (03A4238).<\/strong> Maestr\u00eda en Ciencias en Conservaci\u00f3n y Aprovechamiento de Recursos Naturales. CIIDIR-IPN-Oaxaca. 60&nbsp; hrs. Enero-Junio 2008.<\/li>\n\n\n\n<li><strong>Seminario de Investigaci\u00f3n III (03A4246). <\/strong>Maestr\u00eda en Ciencias en Conservaci\u00f3n y Aprovechamiento de Recursos Naturales. Maestr\u00eda en Ciencias. CIIDIR-IPN-Oaxaca. 30&nbsp; hrs. (Enero-Junio 2008).<\/li>\n\n\n\n<li><strong>Ecolog\u00eda de Poblaciones y Comunidades (03A4238). <\/strong>Maestr\u00eda en Ciencias en Conservaci\u00f3n y Aprovechamiento de Recursos Naturales. CIIDIR-IPN-Oaxaca. 60&nbsp; hrs. Enero-Junio 2007.<\/li>\n\n\n\n<li><strong>Seminario de Investigaci\u00f3n I (03A4232).<\/strong> Maestr\u00eda en Ciencias en Conservaci\u00f3n y Aprovechamiento de Recursos Naturales. Maestr\u00eda en Ciencias. CIIDIR-IPN-Oaxaca. 30&nbsp; hrs. Primer semestre&nbsp; Enero-Junio del 2007.<\/li>\n\n\n\n<li><strong>Etnobot\u00e1nica (05A4589). <\/strong>Maestr\u00eda en Ciencias en Conservaci\u00f3n y Aprovechamiento de Recursos Naturales. CIIDIR-IPN-Oaxaca. 60&nbsp; hrs. Enero-Junio 2007.<\/li>\n\n\n\n<li><strong>Ecolog\u00eda de Poblaciones y Comunidades. (03A4238).<\/strong> Maestr\u00eda en Ciencias en Conservaci\u00f3n y Aprovechamiento de Recursos Naturales. CIIDIR-IPN-Oaxaca. 60&nbsp; hrs. Enero-Junio 2006.<\/li>\n\n\n\n<li><strong>Seminario de Investigaci\u00f3n IV (03A4247).<\/strong> Maestr\u00eda en Ciencias en Conservaci\u00f3n y Aprovechamiento de Recursos Naturales. Maestr\u00eda en Ciencias. CIIDIR-IPN-Oaxaca. 30&nbsp; hrs. Primer semestre&nbsp; Agosto-Diciembre del 2006.<\/li>\n\n\n\n<li><strong>Seminario de Investigaci\u00f3n I (03A4232).<\/strong> Maestr\u00eda en Ciencias en Conservaci\u00f3n y Aprovechamiento de Recursos Naturales. Maestr\u00eda en Ciencias. CIIDIR-IPN-Oaxaca. 30&nbsp; hrs. Primer semestre&nbsp; Enero-Junio del 2006.<\/li>\n\n\n\n<li><strong>Etnobot\u00e1nica (05A4589). <\/strong>Maestr\u00eda en Ciencias en Conservaci\u00f3n y Aprovechamiento de Recursos Naturales. CIIDIR-IPN-Oaxaca. 60&nbsp; hrs. Agosto-Diciembre 2005.<\/li>\n\n\n\n<li><strong>Ecolog\u00eda de Poblaciones y Comunidades (03A4238).<\/strong> Maestr\u00eda en Ciencias en Conservaci\u00f3n y Aprovechamiento de Recursos Naturales. CIIDIR-IPN-Oaxaca. 60&nbsp; hrs. Enero-Junio 2005.<\/li>\n\n\n\n<li><strong>Ecolog\u00eda de Poblaciones y Comunidades (03A4238).<\/strong> Maestr\u00eda en Ciencias en Conservaci\u00f3n y Aprovechamiento de Recursos Naturales. CIIDIR-IPN-Oaxaca. 60&nbsp; hrs. Enero-Junio 2004.<\/li>\n\n\n\n<li><strong>Seminario de Investigaci\u00f3n III (03A4246).<\/strong> Maestr\u00eda en Ciencias en Conservaci\u00f3n y Aprovechamiento de Recursos Naturales. Maestr\u00eda en Ciencias. CIIDIR-IPN-Oaxaca. 30&nbsp; hrs. Tercer semestre 2004 (agosto-diciembre 2004).<\/li>\n\n\n\n<li><strong>Ciencias Ambientales.<\/strong> Curso Propede\u00fatico a alumnos de la Maestr\u00eda en Ciencias en Conservaci\u00f3n&nbsp; y Aprovechamiento de los Recursos Naturales. CIIDIR-IPN-Oaxaca. Primer semestre 2003 (Enero-Junio 2003).<\/li>\n<\/ul>\n\n\n\n<p><\/p>\n","protected":false},"excerpt":{"rendered":"<p>Docente de las asignaturas<\/p>\n","protected":false},"author":42,"featured_media":0,"parent":0,"menu_order":0,"comment_status":"closed","ping_status":"closed","template":"","meta":{"_swt_meta_header_display":false,"_swt_meta_footer_display":false,"_swt_meta_site_title_display":false,"_swt_meta_sticky_header":false,"_swt_meta_transparent_header":false,"footnotes":""},"class_list":["post-9","page","type-page","status-publish","hentry"],"_links":{"self":[{"href":"https:\/\/web.ciidiroaxaca.ipn.mx\/gmanzane\/wp-json\/wp\/v2\/pages\/9","targetHints":{"allow":["GET"]}}],"collection":[{"href":"https:\/\/web.ciidiroaxaca.ipn.mx\/gmanzane\/wp-json\/wp\/v2\/pages"}],"about":[{"href":"https:\/\/web.ciidiroaxaca.ipn.mx\/gmanzane\/wp-json\/wp\/v2\/types\/page"}],"author":[{"embeddable":true,"href":"https:\/\/web.ciidiroaxaca.ipn.mx\/gmanzane\/wp-json\/wp\/v2\/users\/42"}],"replies":[{"embeddable":true,"href":"https:\/\/web.ciidiroaxaca.ipn.mx\/gmanzane\/wp-json\/wp\/v2\/comments?post=9"}],"version-history":[{"count":5,"href":"https:\/\/web.ciidiroaxaca.ipn.mx\/gmanzane\/wp-json\/wp\/v2\/pages\/9\/revisions"}],"predecessor-version":[{"id":43,"href":"https:\/\/web.ciidiroaxaca.ipn.mx\/gmanzane\/wp-json\/wp\/v2\/pages\/9\/revisions\/43"}],"wp:attachment":[{"href":"https:\/\/web.ciidiroaxaca.ipn.mx\/gmanzane\/wp-json\/wp\/v2\/media?parent=9"}],"curies":[{"name":"wp","href":"https:\/\/api.w.org\/{rel}","templated":true}]}}