{"id":5,"date":"2011-10-19T15:12:05","date_gmt":"2011-10-19T15:12:05","guid":{"rendered":"https:\/\/web.ciidiroaxaca.ipn.mx\/gmanzane\/m-en-c-gladys-isabel-manzanero-medina\/"},"modified":"2025-09-19T18:40:47","modified_gmt":"2025-09-19T18:40:47","slug":"m-en-c-gladys-isabel-manzanero-medina","status":"publish","type":"page","link":"https:\/\/web.ciidiroaxaca.ipn.mx\/gmanzane\/","title":{"rendered":"M. en C. Gladys Isabel Manzanero Medina"},"content":{"rendered":"\n<figure class=\"wp-block-image aligncenter\"><img decoding=\"async\" src=\"https:\/\/web.ciidiroaxaca.ipn.mx\/gmanzane\/wp-content\/uploads\/sites\/42\/2011\/10\/FOTOMINI.jpg\" alt=\"\"\/><\/figure>\n\n\n\n<h3 class=\"wp-block-heading has-text-align-center\">Maestra en Ciencias en Biolog\u00eda Vegetal\u00a0\u00a0<\/h3>\n\n\n\n<p class=\"has-text-align-center\">por la Facultad de Ciencias de la Universidad Nacional Aut\u00f3noma de M\u00e9xico<\/p>\n\n\n\n<p class=\"has-text-align-center\">Profesor colegiado del posgrado del CIIDIR Oaxaca, Instituto Polit\u00e9cnico Nacional.<br><\/p>\n\n\n\n<p class=\"has-text-align-left\"><strong>L\u00edneas de Investigaci\u00f3n:\u00a0<\/strong>Etnobiolog\u00eda, Etnoecolog\u00eda<\/p>\n\n\n\n<p><strong>\u00c1reas de inter\u00e9s: <\/strong>Etnobot\u00e1nica, Etnogastronom\u00eda, Agroecolog\u00eda y Flor\u00edstica<\/p>\n\n\n\n<p class=\"has-text-align-center\">e-mail: gmanzane@ipn.mx\u00a0\u00a0 Extensi\u00f3n: 82760<\/p>\n\n\n\n<hr class=\"wp-block-separator has-alpha-channel-opacity\"\/>\n\n\n\n<p>Temas para direcci\u00f3n y asesor\u00edas de tesis: Valor de Uso e Importancia Cultural de los Recursos Naturales, Conocimiento tradicional, Huertas Familiares, Mercados Tradicionales&nbsp;<\/p>\n\n\n\n<p><\/p>\n","protected":false},"excerpt":{"rendered":"<p>Maestra en Ciencias en Biolog\u00eda Vegetal\u00a0\u00a0 por la Facultad de Ciencias de la Universidad Nacional Aut\u00f3noma de M\u00e9xico Profesor colegiado del posgrado del CIIDIR Oaxaca, Instituto Polit\u00e9cnico Nacional. L\u00edneas de Investigaci\u00f3n:\u00a0Etnobiolog\u00eda, Etnoecolog\u00eda \u00c1reas de inter\u00e9s: Etnobot\u00e1nica, Etnogastronom\u00eda, Agroecolog\u00eda y Flor\u00edstica e-mail: gmanzane@ipn.mx\u00a0\u00a0 Extensi\u00f3n: 82760 Temas para direcci\u00f3n y asesor\u00edas de tesis: Valor de Uso e [&hellip;]<\/p>\n","protected":false},"author":42,"featured_media":0,"parent":0,"menu_order":0,"comment_status":"closed","ping_status":"closed","template":"","meta":{"_swt_meta_header_display":false,"_swt_meta_footer_display":false,"_swt_meta_site_title_display":false,"_swt_meta_sticky_header":false,"_swt_meta_transparent_header":false,"footnotes":""},"class_list":["post-5","page","type-page","status-publish","hentry"],"_links":{"self":[{"href":"https:\/\/web.ciidiroaxaca.ipn.mx\/gmanzane\/wp-json\/wp\/v2\/pages\/5","targetHints":{"allow":["GET"]}}],"collection":[{"href":"https:\/\/web.ciidiroaxaca.ipn.mx\/gmanzane\/wp-json\/wp\/v2\/pages"}],"about":[{"href":"https:\/\/web.ciidiroaxaca.ipn.mx\/gmanzane\/wp-json\/wp\/v2\/types\/page"}],"author":[{"embeddable":true,"href":"https:\/\/web.ciidiroaxaca.ipn.mx\/gmanzane\/wp-json\/wp\/v2\/users\/42"}],"replies":[{"embeddable":true,"href":"https:\/\/web.ciidiroaxaca.ipn.mx\/gmanzane\/wp-json\/wp\/v2\/comments?post=5"}],"version-history":[{"count":3,"href":"https:\/\/web.ciidiroaxaca.ipn.mx\/gmanzane\/wp-json\/wp\/v2\/pages\/5\/revisions"}],"predecessor-version":[{"id":30,"href":"https:\/\/web.ciidiroaxaca.ipn.mx\/gmanzane\/wp-json\/wp\/v2\/pages\/5\/revisions\/30"}],"wp:attachment":[{"href":"https:\/\/web.ciidiroaxaca.ipn.mx\/gmanzane\/wp-json\/wp\/v2\/media?parent=5"}],"curies":[{"name":"wp","href":"https:\/\/api.w.org\/{rel}","templated":true}]}}