{"id":15,"date":"2015-01-20T21:04:47","date_gmt":"2015-01-20T21:04:47","guid":{"rendered":"https:\/\/web.ciidiroaxaca.ipn.mx\/ghinojosa\/proyectos-de-investigacion\/"},"modified":"2025-10-20T17:29:50","modified_gmt":"2025-10-20T23:29:50","slug":"proyectos-de-investigacion","status":"publish","type":"page","link":"https:\/\/web.ciidiroaxaca.ipn.mx\/ghinojosa\/proyectos-de-investigacion\/","title":{"rendered":"Proyectos de investigaci\u00f3n"},"content":{"rendered":"\n<h3 class=\"wp-block-heading\"><strong>PROYECTOS M\u00c1S RECIENTES:<\/strong><\/h3>\n\n\n\n<ul class=\"wp-block-list\">\n<li>6\/2025 &#8211; 3\/2026.\u00a0<strong>MODULAGUA.\u00a0<\/strong>Financiado por: Partners for water (PVW- Netherlands Enterprise Agency, RVO). Participantes:  Dr. Fernando Gumeta G\u00f3mez,  Dra. Alejandra Rojas Olivos, Dr. Baldomero H. Z\u00e1rate Nicol\u00e1s.\u00a0<\/li>\n\n\n\n<li>5\/2025 &#8211; 12\/2025.\u00a0<strong>Evaluaci\u00f3n ecol\u00f3gica de invertebrados en lagunas costeras de Oaxaca como indicadores de salud ecosist\u00e9mica.\u00a0<\/strong>Financiado por: Secretaria de Investigaci\u00f3n y Posgrado &#8211; IPN. Participantes: Dr. Marcelo Ulises Garc\u00eda Guerrero, Dr. Fernando Gumeta G\u00f3mez,  Dra. Alejandra Rojas Olivos, Biol. Maira Janeth S\u00e1nchez Hern\u00e1ndez, Ing. Esmeralda Melissa Garc\u00eda Reyez, Biol. Michelle Z\u00e1rate Palomec.\u00a0<\/li>\n\n\n\n<li>5\/2025 &#8211; 12\/2025.\u00a0<strong>Estado de salud y estructura de los arrecifes mesof\u00f3ticos como refugios potenciales para arrecifes someros en Huatulco.\u00a0<\/strong>Financiado por: Secretaria de Investigaci\u00f3n y Posgrado &#8211; IPN. Participantes: Dr. Fernando Gumeta G\u00f3mez, Dr. Marcelo Ulises Garc\u00eda Guerrero, Dra. Alejandra Rojas Olivos, M. en C. Johanna Camila Gigsbers Alejandre, Biol. Michelle Z\u00e1rate Palomec.\u00a0<\/li>\n\n\n\n<li>5\/2024 &#8211; 12\/2024.\u00a0<strong>Factores socioecon\u00f3micos y pol\u00edticos que agudizan los efectos de la sequ\u00eda cr\u00f3nica por el cambio clim\u00e1tico global y su impacto en el cumplimiento del derecho humano al agua: an\u00e1lisis y propuestas de soluci\u00f3n para el municipio de Magdalena Apasco y Santa Cruz Xoxocotl\u00e1n.\u00a0<\/strong>Financiado por: Secretaria de Investigaci\u00f3n y Posgrado &#8211; IPN. Participantes: Dr. Fernando Gumeta G\u00f3mez Dr. Baldomero H. Z\u00e1rate Nicol\u00e1s, Dra. Mar\u00eda de los \u00c1ngeles Ladr\u00f3n de Guevara, Dra. Rosa Isabel Hern\u00e1ndez S\u00e1nchez, M. en C: Manuel Dino Arag\u00f3n Zulia, Dr. \u00c1ngel Figueroa Soto, Dra. Guadalupe Pacheco Aquino, Dra. Alejandra Rojas Olivos, Dra. Dominique Rivas Ponce.\u00a0<\/li>\n\n\n\n<li>3\/2023 &#8211; 4\/2026.\u00a0<strong>Exploring the mesophotic reefs of the Mexican Pacific: estructure, Health, and connectivity with the shallow reef.\u00a0<\/strong>Financiado por: The National Geographic Society. Participantes: Dr. Fernando Gumeta G\u00f3mez y Dr. H\u00e9ctor Reyes Bonilla (UABCS).\u00a0<\/li>\n\n\n\n<li>03\/2020 &#8211; 10\/2020.\u00a0<strong>BioBliz para explorar la diversidad de cact\u00e1ceas y suculentas de Santiago Quiotepec, San Juan Bautista Cuicatl\u00e1n, Oaxaca, con los miembros de la comunidad.\u00a0<\/strong>Financiado por: The National Geographic Society. Investigador Principal: M. en C. Fernando Gumeta G\u00f3mez (ECOSUR Unidad San Cristobal de las Casas), Participantes: Dr. Gustavo Hinojosa Arango (CIIDIR Unidad Oaxaca), Biol. Hermes Lustre S\u00e1nchez (CIIDIR Unidad Oaxaca), Biol. Ruth Itandehui Ram\u00edrez Villanueva (CIIDIR Unidad Oaxaca) y Biol. Jos\u00e9 Miguel Ch\u00e1vez P\u00e9rez (Universidad Sierra Norte).<\/li>\n\n\n\n<li>10\/2019 &#8211; 10\/2020.&nbsp;<strong>Exploring the diversity of Chondrichthyes in shallow, deep and mesophtic reefs in the central coast of Oaxaca, Mexico.&nbsp;<\/strong>Financiado por: The National Geographic Society. Participantes: M. en C. Fernando Gumeta G\u00f3mez (ECOSUR Unidad San Cristobal de las Casas), Biol. Juan Josu\u00e9 Mazaba Lara (CIIDIR Unidad Oaxaca), Ing. Ariel Alejandro Hern\u00e1ndez Raffaellee (CIIDIR Unidad Oaxaca), Biol. Mar. Israel Moreno Barrientos (CIIDIR Unidad Oaxaca), M. en C. Miguel \u00c1ngel P\u00e9rez Castro (CIIDIR Unidad Oaxaca) y Dr. H\u00e9ctor Reyes Bonilla (UABCS).&nbsp;<\/li>\n\n\n\n<li>1\/2020-1\/2021.&nbsp;<strong>Sostenibilidad y desarrollo en los territorios: una mirada sist\u00e9mica y local al logro de paisajes rurales y sistemas de producci\u00f3n de alimentos sostenibles.&nbsp;<\/strong>Financiado por: Centro de los Objetivos de Desarrollo Sostenible para Am\u00e9rica Latina y el Caribe. PI. M. en C. Fernando Gumeta G\u00f3mez (ECOSUR Unidad San Cristobal de las Casas), Dr. Luz \u00c1ngela Rodr\u00edguez Ram\u00edrez (Pontificia Universidad Javeriana. Facultad de Estudios Ambientales y Rurales) y Dr. Gustavo Hinojosa-Arango (Catedr\u00e1tico CONACYT- CIIDIR Oaxaca). Participantes:&nbsp;&nbsp;Dr. Mauricio Gonz\u00e1lez M-endez y Dr. Mart\u00edn Berm\u00fadez Urdaneta (Pontificia Universidad Javeriana. Facultad de Estudios Ambientales y Rurales).<\/li>\n\n\n\n<li>10\/2019 &#8211; 10\/2021.&nbsp;<strong>Obtenci\u00f3n de empaques inteligentes, bioactivos y biodegradables para alimentos semiprocesados a partir de residuos de la industria pesquera.<\/strong> Financiado por: Secretaria de Investigaci\u00f3n y Posgrado &#8211; Instituto Polit\u00e9cnico Nacional. Investiador Principal: Dra. Patricia Araceli Snatiago Garc\u00eda (CIIDIR Oaxaca), Dr. Miguel Ch\u00e1vez Guti\u00e9rrez (Catedr\u00e1tico CONACYT- CIIDIR Oaxaca), Dra. Delia Soto Castro (Catedr\u00e1tico CONACYT- CIIDIR Oaxaca), Dr. Gustavo Hinojosa Arango (Catedr\u00e1tico CONACYT- CIIDIR Oaxaca), M. en C. Frank Manuel Le\u00f3n Mart\u00ednez (CIIDIR Oaxaca y M. en C. Alicia Reyes Samilpa (CIIDIR Oaxaca). &nbsp;<\/li>\n\n\n\n<li>10\/2019 &#8211; 10\/2020.&nbsp;<strong>Resilience and local adaptation to achieve water security in rural communities of The Papaloapan river basin, Mexico.&nbsp;<\/strong>Financiado por: The National Geographic Society. Investigador Principal: M. en C. Fernando Gumeta G\u00f3mez (ECOSUR Unidad San Cristobal de las Casas). Participantes: Dr. Gustavo Hinojosa Arango (CIIDIR Unidad Oaxaca), Dra. Andrea Saenz Arroyo (ECOSUR Unidad San Cristobal de las Casas), Dra. Claudia Alvarado-Monz\u00f3n&nbsp;(ECOSUR Unidad Campeche), Dra. Luzma Nava (Centro del Cambio Global y Sustentabilidad A.C.), Dra. Dolores Molina Rosales ((ECOSUR Unidad Campeche) y Dra. Maria A. Mesa Jurado ((ECOSUR Unidad Villahermosa).<\/li>\n\n\n\n<li>10\/2019 &#8211; 10\/2020.&nbsp;<strong>Seeking the social octopus in the wild.&nbsp;<\/strong>Financiado por: The National Geographic Society. Investigador Principal: M. en C. Piero Amodio (Cambridge University). Participantes: Dr. Gustavo Hinojosa Arango (CIIDIR Unidad Oaxaca), Dr. Roy Caldwell (University of California Berkeley) y Dr. Richard Ross (California Academy of Sciences).<\/li>\n\n\n\n<li>03\/2018 &#8211; 03\/2021. <strong>Taxonom\u00eda molecular del g\u00e9nero&nbsp;<em>Phyropia<\/em> (Bangiales: Rhodophyta) del Pac\u00edfico Noroccidental Mexicano: Especies, distribuc\u00f3n y filogenia.<\/strong> Financiado por: Ciencia B\u00e1sica CONACYT. PI. Dra. Karla Le\u00f3n Cisneros (UABCS). Participantes: Dr. Gustavo Hinojosa Arango (CIIDIR Oaxaca), Dr. Juan Manuel L\u00f3pez Vivas (UABCS), Dra. Mar\u00eda M\u00f3nica Lara Uc (UABCS), Dra. Georgina Brabata Dom\u00ednguez (UABCS), Dra. Abirl Karim Romo Pi\u00f1era (UABCS), Dra. Elisa Serviere Zaragoza (CIBNOR), Dr. Emelio Barjau Gonz\u00e1lez (UABCS), M. en C. Alejandra Mazariegos Villarreal (UABCS), Dr. Isa\u00ed Pacheco Ru\u00edz (UABC), Dra. Raquel Mu\u00f1iz Salazar (UABC), M. en C. Fernando Gumeta G\u00f3mez (CIIDIR Oaxaca).&nbsp;<\/li>\n\n\n\n<li>08\/2017 &#8211; 08\/2018.&nbsp;<strong>Locating feeding areas for adult sea turtles at the most important nesting grounds in the Southern Pacific coast of Mexico.&nbsp;<\/strong>Financiado por: The National Geographic Society. Participantes: Dra. Mar\u00eda M\u00f3nica Lara Uc (UABCS), Dr. Juan Manuel L\u00f3pez Vivas (UABCS), M. en C. Fernando Gumeta G\u00f3mez (Ecosur), Biol. Ruth Itandehui Ram\u00edrez Villanueva (estudiante de maestr\u00eda del CIIDIR-Oaxaca), Biol. Ju\u00e1n Jos\u00e9 Mazaba Lara (estudiante de maestr\u00eda del CIIDIR-Oaxaca).&nbsp;<\/li>\n\n\n\n<li>08\/2016-09\/2017.&nbsp;<strong>Evaluating the historical blue carbon from mangroves in Magdalena Bay.<\/strong>&nbsp;Apoyado por: International Community Foundation. PI. Dr. Juan Manuel L\u00f3pez Vivas. Participantes: Dr. Gustavo Hinojosa-Arango, Dra. Mar\u00eda M\u00f3nica Lara Uc&nbsp;y M. en C. Fernando Gumeta G\u00f3mez. Colaboraci\u00f3n con la UABCS<\/li>\n\n\n\n<li>08\/2016-09\/2017.&nbsp;<strong>Las tendencias hist\u00f3ricas en la distribuci\u00f3n de los pastos marinos y manglares a lo largo de las lagunas costeras de Baja California Sur- Baja California.<\/strong>&nbsp;Apoyado por: UC MEXUS- CONACYT. PI. Dr. Juan Manuel L\u00f3pez Vivas. Participantes: Dr. Gustavo Hinojosa-Arango, Dra. Mar\u00eda M\u00f3nica Lara Uc&nbsp;y M. en C. Fernando Gumeta G\u00f3mez. Colaboraci\u00f3n con la UABCS<\/li>\n\n\n\n<li>06\/2016-12\/2016. <strong>Distribuci\u00f3n y condici\u00f3n de las tortugas marinas en el Golfo de Ulloa y Playa San L\u00e1zaro, BCS<\/strong>. Apoyado por: CONANP-PROCER. PI. Dra. Mar\u00eda M\u00f3nica Lara Uc. Participantes: Dr. Gustavo Hinojosa-Arango, Dr. Juan Manuel L\u00f3pez Vivas y M. en C. Fernando Gumeta G\u00f3mez. Colaboraci\u00f3n con la UABCS.<\/li>\n\n\n\n<li>06\/2016-12\/2016. <strong>Monitoreo en \u00e1reas de alimentaci\u00f3n y anidaci\u00f3n de tortugas marinas Regi\u00f3n Pen\u00ednsula de Baja California y Pac\u00edfico Norte.<\/strong> Apoyado por: CONANP-PROCER. PI. Dra. Mar\u00eda M\u00f3nica Lara Uc. Participantes: Dr. Gustavo Hinojosa-Arango, Dr. Juan Manuel L\u00f3pez Vivas&nbsp;y M. en C. Fernando Gumeta G\u00f3mez. Colaboraci\u00f3n con la UABCS<\/li>\n\n\n\n<li>10\/2013-09\/2014. <strong>S\u00edntesis de los patrones de producci\u00f3n y din\u00e1mica espacio-temporales de la actividad pesquera en San Felipe, BC.<\/strong>&nbsp;Apoyado por:&nbsp; World Wildlife Fund. Investigadores Participantes: Gustavo Hinojosa-Arango, Ismael Mascare\u00f1as-Osorio, Octavio Aburto-Oropeza &amp; Brad Erisman.&nbsp;<\/li>\n\n\n\n<li>07\/2013 &#8211; 12\/2014. <strong>Investigaci\u00f3n colaborativa como un primer paso en el establecimiento de pesquer\u00edas sostenibles y ecosistemas saludables en San Felipe, Baja California, M\u00e9xico.&nbsp;<\/strong>Apoyado por: UC-MEXUS-CONACYT. Investigadores Participantes: Gustavo Hinojosa-Aarango, Brad Erisman &amp; Marcia Moreno-Baez.<\/li>\n\n\n\n<li>06\/2013 &#8211; 07\/2014. <strong>Towards sustainable fisheries and healthy marine ecosystems in high productivity areas of the southern Gulf of California.<\/strong>&nbsp;Apoyado por: The Helmsley Foundation &amp; The Walton Family Foundation. Investigadores Participantes: Octavio Aburto-Oropeza, Gustavo Hinojosa-Arango, Brad Erisman, Ismael Mascare\u00f1as-Osorio, Marcia Moreno-Baez &amp; Catalina L\u00f3pez-Sagastegui.<\/li>\n\n\n\n<li>04\/2013 &#8211; 02\/2015. <strong>Inventario sobre la fauna sesil y flora marina en Islas del Pac\u00edfico de Baja California Sur.<\/strong>&nbsp;Apoyado por: CONABIO. Investigadores Participantes: Rafael Riosmena-Rodr\u00edguez, Carlos Armando S\u00e1nchez- Ort\u00edz, Gerardo Gonz\u00e1lez-B\u00e1rbara, Rosa Moreira de Rocha, Juan Manuel L\u00f3pez-Vivas &amp; Gustavo Hinojosa-Arango.\u2028<\/li>\n\n\n\n<li>01\/2011 &#8211; 12\/2014. <strong>Science, Management, and Conservation of fish spawning aggregations in the Gulf of California.<\/strong>&nbsp;Apoyado por: The Walton Family Foundation. Investigadores Participantes: Octavio Aburto-Oropeza, Brad Erisman, Marcia Moreno-B\u00e1ez, Ismael Marcare\u00f1a-Osorio, Catalina L\u00f3pez-Sagastegui &amp; Gustavo Hinojosa-Arango.<\/li>\n<\/ul>\n\n\n\n<h3 class=\"wp-block-heading\"><strong>PROYECTOS APOYADOS A ESTUDIANTES:&nbsp;<\/strong><\/h3>\n\n\n\n<ul class=\"wp-block-list\">\n<li><strong>Israel Moreno Barrientos<\/strong>. 2020. Cartilaginous fish populations off the coast of Oaxaca, shark, rays and chimaeras. <strong>Rufford Small Grants for Conservation.&nbsp;<\/strong><\/li>\n\n\n\n<li><strong>Israel Moreno Barrientos<\/strong>. 2020. Cartilaginous fish populations off the coast of Oaxaca, shark, rays and chimaeras. Fundaci\u00f3n&nbsp;<strong>Idea Wild.&nbsp;<\/strong><\/li>\n\n\n\n<li><strong>Juan Josu\u00e9 Mazaba Lara.&nbsp;<\/strong>2019. Uso de un biocomposito a base de residuos de pescado para la restauraci\u00f3n de arrecifes coralinos. Uno de los 3 finalistas en el <strong>Premio Nacional de Innovaci\u00f3n Pesquera y Acu\u00edcola 2019.<\/strong><\/li>\n\n\n\n<li><strong>Mariana Ch\u00e1vez Andrade.<\/strong> 2017. Biodiversity and habitat use of marine mammals in the Central Coast of Oaxaca, Mexico. Fundaci\u00f3n&nbsp;<strong>Society for Conservation Biology.&nbsp;<\/strong><\/li>\n\n\n\n<li><strong>Mariana Ch\u00e1vez Andrade<\/strong>. 2016-2017.&nbsp;Biodiversity and habitat use of marine mammals in the Central Coast of Oaxaca, Mexico. Fundaci\u00f3n&nbsp;<strong>The Society for Marine Mammalogy.<\/strong><\/li>\n\n\n\n<li><strong>Israel Moreno Barrientos.&nbsp;<\/strong>2017. Shark populations targeted by the local fishery with main focus on the silky shark Carcharhinus falciformis and the hammerhead shark Sphyrna lewini.&nbsp;Fundaci\u00f3n&nbsp;<strong>Idea Wild.&nbsp;<\/strong><\/li>\n<\/ul>\n\n\n\n<div class=\"wp-block-columns is-layout-flex wp-container-core-columns-is-layout-28f84493 wp-block-columns-is-layout-flex\">\n<div class=\"wp-block-column is-layout-flow wp-block-column-is-layout-flow\">\n<figure class=\"wp-block-image aligncenter\"><img loading=\"lazy\" decoding=\"async\" width=\"1200\" height=\"900\" src=\"https:\/\/web.ciidiroaxaca.ipn.mx\/ghinojosa\/wp-content\/uploads\/sites\/40\/2015\/01\/IMG_5525.JPG\" alt=\"La Playa de Estachuite, Pto. Angel\" class=\"wp-image-11\" srcset=\"https:\/\/web.ciidiroaxaca.ipn.mx\/ghinojosa\/wp-content\/uploads\/sites\/40\/2015\/01\/IMG_5525.JPG 1200w, https:\/\/web.ciidiroaxaca.ipn.mx\/ghinojosa\/wp-content\/uploads\/sites\/40\/2015\/01\/IMG_5525-300x225.jpg 300w, https:\/\/web.ciidiroaxaca.ipn.mx\/ghinojosa\/wp-content\/uploads\/sites\/40\/2015\/01\/IMG_5525-1024x768.jpg 1024w, https:\/\/web.ciidiroaxaca.ipn.mx\/ghinojosa\/wp-content\/uploads\/sites\/40\/2015\/01\/IMG_5525-768x576.jpg 768w\" sizes=\"auto, (max-width: 1200px) 100vw, 1200px\" \/><\/figure>\n\n\n\n<p class=\"has-text-align-center\">Playa Estachuite en Pto. Angel para futuros trabajos <\/p>\n<\/div>\n\n\n\n<div class=\"wp-block-column is-layout-flow wp-block-column-is-layout-flow\">\n<figure class=\"wp-block-image aligncenter\"><img loading=\"lazy\" decoding=\"async\" width=\"1200\" height=\"900\" src=\"https:\/\/web.ciidiroaxaca.ipn.mx\/ghinojosa\/wp-content\/uploads\/sites\/40\/2015\/01\/IMG_6319.JPG\" alt=\"\" class=\"wp-image-12\" srcset=\"https:\/\/web.ciidiroaxaca.ipn.mx\/ghinojosa\/wp-content\/uploads\/sites\/40\/2015\/01\/IMG_6319.JPG 1200w, https:\/\/web.ciidiroaxaca.ipn.mx\/ghinojosa\/wp-content\/uploads\/sites\/40\/2015\/01\/IMG_6319-300x225.jpg 300w, https:\/\/web.ciidiroaxaca.ipn.mx\/ghinojosa\/wp-content\/uploads\/sites\/40\/2015\/01\/IMG_6319-1024x768.jpg 1024w, https:\/\/web.ciidiroaxaca.ipn.mx\/ghinojosa\/wp-content\/uploads\/sites\/40\/2015\/01\/IMG_6319-768x576.jpg 768w\" sizes=\"auto, (max-width: 1200px) 100vw, 1200px\" \/><\/figure>\n\n\n\n<p class=\"has-text-align-center\">Trabajando con tortuga verde, <em>Chelonia mydas<\/em>, en Bahia Magdalena, Baja California Sur.<\/p>\n<\/div>\n<\/div>\n\n\n\n<div class=\"wp-block-columns is-layout-flex wp-container-core-columns-is-layout-28f84493 wp-block-columns-is-layout-flex\">\n<div class=\"wp-block-column is-layout-flow wp-block-column-is-layout-flow\">\n<figure class=\"wp-block-image aligncenter\"><img loading=\"lazy\" decoding=\"async\" width=\"1200\" height=\"798\" src=\"https:\/\/web.ciidiroaxaca.ipn.mx\/ghinojosa\/wp-content\/uploads\/sites\/40\/2015\/01\/11-2-2010-LC5.JPG\" alt=\"\" class=\"wp-image-13\" srcset=\"https:\/\/web.ciidiroaxaca.ipn.mx\/ghinojosa\/wp-content\/uploads\/sites\/40\/2015\/01\/11-2-2010-LC5.JPG 1200w, https:\/\/web.ciidiroaxaca.ipn.mx\/ghinojosa\/wp-content\/uploads\/sites\/40\/2015\/01\/11-2-2010-LC5-300x200.jpg 300w, https:\/\/web.ciidiroaxaca.ipn.mx\/ghinojosa\/wp-content\/uploads\/sites\/40\/2015\/01\/11-2-2010-LC5-1024x681.jpg 1024w, https:\/\/web.ciidiroaxaca.ipn.mx\/ghinojosa\/wp-content\/uploads\/sites\/40\/2015\/01\/11-2-2010-LC5-768x511.jpg 768w\" sizes=\"auto, (max-width: 1200px) 100vw, 1200px\" \/><\/figure>\n\n\n\n<p class=\"has-text-align-center\">Aleta de ballena gris en Bah\u00eda Magdalena, BCS<\/p>\n<\/div>\n\n\n\n<div class=\"wp-block-column is-layout-flow wp-block-column-is-layout-flow\">\n<figure class=\"wp-block-image aligncenter is-resized\"><img loading=\"lazy\" decoding=\"async\" width=\"1200\" height=\"900\" src=\"https:\/\/web.ciidiroaxaca.ipn.mx\/ghinojosa\/wp-content\/uploads\/sites\/40\/2015\/01\/IMG_1779.JPG\" alt=\"\" class=\"wp-image-14\" style=\"width:367px;height:auto\" srcset=\"https:\/\/web.ciidiroaxaca.ipn.mx\/ghinojosa\/wp-content\/uploads\/sites\/40\/2015\/01\/IMG_1779.JPG 1200w, https:\/\/web.ciidiroaxaca.ipn.mx\/ghinojosa\/wp-content\/uploads\/sites\/40\/2015\/01\/IMG_1779-300x225.jpg 300w, https:\/\/web.ciidiroaxaca.ipn.mx\/ghinojosa\/wp-content\/uploads\/sites\/40\/2015\/01\/IMG_1779-1024x768.jpg 1024w, https:\/\/web.ciidiroaxaca.ipn.mx\/ghinojosa\/wp-content\/uploads\/sites\/40\/2015\/01\/IMG_1779-768x576.jpg 768w\" sizes=\"auto, (max-width: 1200px) 100vw, 1200px\" \/><\/figure>\n\n\n\n<p class=\"has-text-align-center\">Bosque de <em>Eisenia arborea<\/em> en la parte exterior de Bah\u00eda Magdalena, BCS<\/p>\n<\/div>\n<\/div>\n","protected":false},"excerpt":{"rendered":"<p>PROYECTOS M\u00c1S RECIENTES: PROYECTOS APOYADOS A ESTUDIANTES:&nbsp; Playa Estachuite en Pto. Angel para futuros trabajos Trabajando con tortuga verde, Chelonia mydas, en Bahia Magdalena, Baja California Sur. Aleta de ballena gris en Bah\u00eda Magdalena, BCS Bosque de Eisenia arborea en la parte exterior de Bah\u00eda Magdalena, BCS<\/p>\n","protected":false},"author":19,"featured_media":0,"parent":0,"menu_order":0,"comment_status":"closed","ping_status":"closed","template":"","meta":{"_swt_meta_header_display":false,"_swt_meta_footer_display":false,"_swt_meta_site_title_display":false,"_swt_meta_sticky_header":false,"_swt_meta_transparent_header":false,"footnotes":""},"class_list":["post-15","page","type-page","status-publish","hentry"],"_links":{"self":[{"href":"https:\/\/web.ciidiroaxaca.ipn.mx\/ghinojosa\/wp-json\/wp\/v2\/pages\/15","targetHints":{"allow":["GET"]}}],"collection":[{"href":"https:\/\/web.ciidiroaxaca.ipn.mx\/ghinojosa\/wp-json\/wp\/v2\/pages"}],"about":[{"href":"https:\/\/web.ciidiroaxaca.ipn.mx\/ghinojosa\/wp-json\/wp\/v2\/types\/page"}],"author":[{"embeddable":true,"href":"https:\/\/web.ciidiroaxaca.ipn.mx\/ghinojosa\/wp-json\/wp\/v2\/users\/19"}],"replies":[{"embeddable":true,"href":"https:\/\/web.ciidiroaxaca.ipn.mx\/ghinojosa\/wp-json\/wp\/v2\/comments?post=15"}],"version-history":[{"count":7,"href":"https:\/\/web.ciidiroaxaca.ipn.mx\/ghinojosa\/wp-json\/wp\/v2\/pages\/15\/revisions"}],"predecessor-version":[{"id":57,"href":"https:\/\/web.ciidiroaxaca.ipn.mx\/ghinojosa\/wp-json\/wp\/v2\/pages\/15\/revisions\/57"}],"wp:attachment":[{"href":"https:\/\/web.ciidiroaxaca.ipn.mx\/ghinojosa\/wp-json\/wp\/v2\/media?parent=15"}],"curies":[{"name":"wp","href":"https:\/\/api.w.org\/{rel}","templated":true}]}}