{"id":10,"date":"2015-01-20T21:03:23","date_gmt":"2015-01-20T21:03:23","guid":{"rendered":"https:\/\/web.ciidiroaxaca.ipn.mx\/ghinojosa\/publicaciones\/"},"modified":"2025-10-20T17:43:41","modified_gmt":"2025-10-20T23:43:41","slug":"publicaciones","status":"publish","type":"page","link":"https:\/\/web.ciidiroaxaca.ipn.mx\/ghinojosa\/publicaciones\/","title":{"rendered":"Publicaciones"},"content":{"rendered":"\n<p><strong>&nbsp;NOTA:&nbsp;<\/strong>todos los PDFs disponibles en&nbsp;<a href=\"http:\/\/www.researchgate.net\/profile\/Gustavo_Hinojosa_Arango\" target=\"_blank\" rel=\"noreferrer noopener\">http:\/\/www.researchgate.net\/profile\/Gustavo_Hinojosa_Arango<\/a><\/p>\n\n\n\n<h3 class=\"wp-block-heading\"><strong>ARTICULOS ISI\/ JCR<\/strong><\/h3>\n\n\n\n<ul class=\"wp-block-list\">\n<li>Ruth Itandehui Ram\u00edrez-Villanueva, Fernando Gumeta-G\u00f3mez,  &amp; <strong>Gustavo Hinojosa-Arango.<\/strong> 2025. SYSTEMATIC ANALYSIS OF THREATS TO SEA TURTLES IN MEXICO: TRENDS, KNOWLEDGE GAPS, AND IMPLICATIONS FOR CONSERVATION. OCEANS. En prensa.<\/li>\n\n\n\n<li>Ruth Itandehui Ram\u00edrez-Villanueva, Fernando Gumeta-G\u00f3mez, M\u00f3nica Lara-Uc, Juan Manuel L\u00f3pez-Vivas &amp; <strong>Gustavo Hinojosa-Arango.<\/strong> 2023. THE USE OF THE TERRITORIAL SEA BY Lepidochelys olivacea (Eschscholtz, 1829) IN FRONT OF NESTING BEACHES IN OAXACA, MEXICO. Regional Studies in Marine Science. <a href=\"https:\/\/doi.org\/10.1016\/j.rsma.2023.103065\">https:\/\/doi.org\/10.1016\/j.rsma.2023.103065<\/a><\/li>\n\n\n\n<li>Miguel \u00c1ngel Perez-Castro, Nadine Schubert, Gabriela Ang-Montes de Oca, Gerardo Esteban Leyte-Morales, Gal Eyal &amp; <strong>Gustavo Hinojosa-Arango.<\/strong> 2021. MESOPHOTIC OORAL ECOSYSTEMS IN THE EASTERN TROPICAL PACIFIC: THE CURRENT STATE OF KNOWLEDGE AND THE SPATIAL VARIABILITY OF THEIR DEPTH BOUNDARIES. Science of the Total Environment. 806 (2022) 150576. http:\/\/doi.org\/10.1016\/j-scitotenv.2021.150576<\/li>\n\n\n\n<li>Fernando Gumeta-G\u00f3mez, Andrea S\u00e1enz-Arroyo, <strong>Gustavo Hinojosa-Arango<\/strong>, Claudia Monz\u00f3n-Alvarado, Mar\u00eda Azahara Mesa-Jurado &amp; Dolores Molina-Rosales. 2021. UNDERSTANDING THE COMPLEXITY OF WATER SUPPLY SYSTEM GOVERNANCE: A PROPOSAL FOR A METHODOLOGICAL FRAMEWORK. Water. 12, 2870. httpp:\/\/doi.org\/10.3390\/w13202870.<\/li>\n\n\n\n<li>Angela Karina Ortiz-Cajica,&nbsp;<strong>Gustavo Hinojosa-Arango<\/strong>, Joaqu\u00edn Rodrigo Garza-P\u00e9rez &amp; Rodolfo Rioja-Nieto. 2020. SEASCAPE METRICS, SPATIO-TEMPORAL CHANGE, AND INTENSITY OF USE FOR THE SPATIAL CONSERVATION PRIORITIZATION OF A CARIBBEAN MARINE PROTECTED AREA. Ocean and Coastal Management. 194: 105265.<\/li>\n\n\n\n<li>Giovanni \u00c1vila-Fores, Judith Ju\u00e1rez-Mancilla, <strong>Gustavo Hinojosa-Arango<\/strong>, Pl\u00e1cido Cruz-Ch\u00e1vez, Juan Manuel L\u00f3pez-Vivas &amp; Oscar Arizpe-Covarrubias. 2020. A PRACTICAL INDEX TO ESTIMATE MANGROVE CONSERVATION STATUTS: THE FOREST FROM LA PAZ BAY, MEXICO AS A CASE STUDY. Sustainability. 12:858. DOI: 10.3390\/su12030858<\/li>\n\n\n\n<li>Kyle C. Cavanaugh, Michael J. Island, R\u00e9mi Bardou,&nbsp;<strong>Gustavo Hinojosa-Arango<\/strong>, Juan M. L\u00f3pez-Vivas, John D. Parker &amp; Andr\u00e9 S. Rovai.&nbsp;2018. SENSITIVITY OF MANGROVE RANGE LIMITS TO CLIMATE VARIABILITY.&nbsp;<em>Global Ecology and Biogeography<\/em>. 27: 925-935.<\/li>\n\n\n\n<li>Miguel \u00c1ngel Ojeda-Ru\u00edz, Elvira Aida Mar\u00edn-Monroy,&nbsp;<strong>Gustavo Hinojosa-Arango<\/strong>, Alfredo Flores-Irigollen, Juan Jos\u00e9 Cota-Nieto, Ricardo Alberto Cavieses-N\u00fa\u00f1ez &amp; Octavio Aburto-Oropeza. 2018. DEVELOPMENT OF FISHERIES IN BAH\u00cdA MAGDALENA-ALMEJAS: THE NEED TO EXPLORE NEW POLICIES AND MANAGEMENT PARADIGMS.<em>&nbsp;Ocean &amp; Coastal Management.<\/em> 161: 1-10.<\/li>\n\n\n\n<li>Juan J. Cota-Nieto, Brad Erisman, Octavio Aburto-Oropeza, Marcia Moreno-Baez,&nbsp;<strong>Gustavo Hinojosa-Arango&nbsp;<\/strong>&amp; Andrew F. Johnson.&nbsp;2018. PARTICIPATORY MANAGEMENT IN SMAILL-SCALE COASTAL FISHERIES &#8211; PUNTA ABREOJOS, PACIFIC COAST OF BAJA CALIFORNIA SUR, MEXICO.&nbsp;<em>Regional Studies in Marine Sicences<\/em>. 18: 68-79.<\/li>\n\n\n\n<li>Jorge G. \u00c1lvarez-Romero, Adri\u00e1n Mungu\u00eda-Vega, Maria Beger, Maria del Mar Mancha-Cisneros, Alvin N. Su\u00e1rez-Castillo, Geogina G. Gurney, Robert L. Pressey, Leah R. Gerber, Hem N. Morzaria-Luna, H\u00e9ctor Reyes-Bonilla, Vanessa M. Adams, Melanie Kolb, Erin M. Graham, Jeremy VanDerWal, Alejandro Castillo-L\u00f3pez,&nbsp;<strong>Gustavo Hinojosa-Arango<\/strong>, David Petat\u00e1n-Ram\u00edrez, Marcia Moreno-Baez, Carlos R. God\u00ednez-Reyes &amp; Jorge Torre.&nbsp;2017. DESIGNING CONNECTED MARINE RESERVES IN THE FACE OF GLOBAL WARMING. <em>Global Change Biology<\/em>. DOI: 10.1111\/gcb.13989.<\/li>\n\n\n\n<li>Giovanni \u00c1vila-Flores,&nbsp;<strong>Gustavo Hinojosa-Arango<\/strong>, Judith Ju\u00e9arez-Mancilla &amp; Oscar R. Arizpe-Covarrubias. 2017. THE USE OF THE DSPIR FRAMEWORK TO ESTIMATE IMPACTS OF URBANIZATION ON MANGROVES: A CASE STUDY FROM LA PAZ, BAJA CALIFORNIA SUR, MEXICO.&nbsp;<em>WIT Transactions on Ecology and the Environment<\/em>. Vol. 223: 459-469.<\/li>\n\n\n\n<li>Maite Erauskin-Extramiana, Sharon Z. Herzka, <strong>Gustavo Hinojosa-Arango<\/strong> &amp; Octavio Aburto-Oropeza. 2017. AN INTERDISCIPLINARY APPROACH TO EVALUATE THE STATUS OF THE LARGE-BODIED SERRANID FISHERIES: THE CASE OD MAGDALENA-ALMEJAS BAY LOGOON COMPLEX, BAJA CALIFORNIA SUR, MEXICO. <em>Ocean &amp; Coastal Management<\/em>. 145:21-34.<\/li>\n\n\n\n<li>Arturo Ram\u00edrez-Vald\u00e9z, Isa\u00ed Dom\u00ednguez-Guerrero, Deivis S. Palacios-Salgado, Juan Jos\u00e9 Cota-Nieto, <strong>Gustavo Hinojosa-Arango<\/strong>, Francisco Correa-Sandoval, H\u00e9ctor Reyes-Bonilla, Juan Carlos Villase\u00f1or-Derb\u00e9z, Arturo Hern\u00e1ndez &amp; Octavio Aburto-Oropeza. 2015. THE NEAR SHORE FISHES OF THE CEDROS ARCHIPELAGO (NORTH-EASTERN PACIFIC) AND THEIR BIOGEOGRAPHIC AFFINITIES. <em>CalCOFI Rep<\/em>. 56: 1-25.&nbsp;<\/li>\n\n\n\n<li>Heather M. Leslie, Xavier Basurto, Mateja Nenadovic, Leila Sievanen, Kyle C. Cavanaugh, Juan Jose Cota-Nieto, Brad E. Erisman, Elena Finkbeiner,&nbsp;<strong>Gustavo Hinojosa-Arango<\/strong>, Marcia Moreno-B\u00e1ez, Sriniketh Nagavarapu, Sheila M.W. Reddy, Alexndra S\u00e1nchez-Rodr\u00edguez, Katherine Siegel, Jos\u00e9 Juan Ulibarria-Valenzuela, Amy Hudson Weaver &amp; Octavio Aburto-Oropeza. 2015. OPERATIONALIZING THE SOCIAL-ECOLOGICAL SYSTEMS FRAMEWORK TO ASSESS SUSTAINABILITY. <em>PNAS<\/em>. 1-6. www.pnas.org\/cgi\/doi\/10.1073\/pnas.1414640112.<\/li>\n\n\n\n<li><strong>Gustavo Hinojosa-Arango<\/strong>, Rodolfo Rioja-Nieto, \u00c1lvin N. Su\u00e1rez-Castillo &amp; Rafael Riosmena-Rodr\u00edguez. 2014. USING GIS METHODS TO EVALUATE RHODOLITH AND SARGASSUM BEDS AS CRITICAL HABITATS FOR COMMERCIALLY IMPORTANT MARINE SPECIES IN BAH\u00cdA CONCEPCI\u00d3N, BCS, M\u00c9XICO (ISSN: 0181-1584).&nbsp;<em>Cryptogamie, Algologie<\/em>, Vol.35: 49-65.<\/li>\n\n\n\n<li>Rodolfo Rioja-Nieto, Erick Barrera-Falc\u00f3n,&nbsp;<strong>Gustavo Hinojosa-Arango<\/strong>&nbsp;&amp; Rafael Riosmena-Rodr\u00edguez. 2013. BENTHIC HABITAT B-DIVERSITY MODELING AND LANDSCAPE METRICS FOR THE SELECTION OF PRIORITY CONSERVATION AREAS USING A SYSTEMATIC APPROACH: MAGDALENA BAY, MEXICO, AS A CASE STUDY.&nbsp;<em>Ocean &amp; Coastal Management<\/em>, Vol.82: 95-103.<\/li>\n\n\n\n<li>Enrique \u00c1vila, Rafael Riosmena-Rodr\u00edguez &amp;&nbsp;<strong>Gustavo Hinojosa-Arango<\/strong>. 2013. SPONGE-RHODOLITH INTERACTIONS IN A SUBTROPICAL ESTUARINE SYSTEM (ISSN: 1438-3888).&nbsp;<em>Helgoland Marine Research<\/em>, Vol.67: 349-357.<\/li>\n\n\n\n<li>Jorge L\u00f3pez-Calder\u00f3n, Rafael Riosmena- Rodr\u00edguez, Juan M Rodr\u00edguez-Bar\u00f3n, Javier Carri\u00f3n-Cort\u00e9z, Jorge Torre-Cos\u00edo, Alf Meling-L\u00f3pez,&nbsp;<strong>Gustavo Hinojosa- Arango<\/strong>, Gustavo Hern\u00e1ndez-Carmona &amp; Jaqueline Garc\u00eda-Hern\u00e1ndez. 2010. OUTSTANDING APPEARANCE OF RUPPIA MARITIMA ALONG BAJA CALIFORNIA SUR, M\u00c9XICO AND ITS INFLUENCE IN TROPHIC NETWORKS (ISSN: 1867-1616).&nbsp;<em>Marine biodiversity<\/em>, Vol.40: 293-300.<\/li>\n\n\n\n<li>Paola Rodr\u00edguez-Salinas, Rafael Riosmena-Rodr\u00edguez,&nbsp;<strong>Gustavo Hinojosa-Arango<\/strong>&nbsp;&amp; Raquel Mu\u00f1iz- Salazar. 2010. RESTORATION EXPERIMENT OF ZOSTERA MARINA L. IN A SUBTROPICAL COASTAL LAGOON (ISSN: 0925-8574).&nbsp;<em>Ecological Engineering<\/em>, Vol.36: 12-18.<\/li>\n\n\n\n<li>Rafael Riosmena-RodrIguez, Diana L. Steller, Mike S. Foster &amp;&nbsp;<strong>Gustavo Hinojosa-Arango<\/strong>. 2010. BIOLOGY AND CONSERVATION OF RHODOLITH BEDS IN THE GULF OF CALIFORNIA (ISSN: 1099- 0755).&nbsp;<em>Aquatic Conservation: Marine and Freshwater Ecosystems<\/em>. Vol.13: 5-20.<\/li>\n\n\n\n<li><strong>Gustavo Hinojosa-Arango<\/strong>, Christine C. Magss &amp; Mark J. Johnson. 2009. LIKE A ROLLING STONE: THE MOBILITY OF MAERL (CORALLINACEAE) AND THE NEUTRALITY OF THE ASSOCIATED ASSEMBLAGES (ISSN: 0012-9658).&nbsp;<em>Ecology<\/em>, Vol.90: 517-528.<\/li>\n\n\n\n<li>Rafael Riosmena-Rodr\u00edguez, Litzia Pa\u00fal-Ch\u00e1vez &amp;&nbsp;<strong>Gustavo Hinojosa-Arango<\/strong>. 2001. RANGE EXTENSION OF CUTLERIA HANCOCKII DAWSON (CUTLERIALES; PHAEOPHYTA) TO THE SOUTHWESTERN GULF OF CALIFORNIA, M\u00c9XICO (ISSN: 1437-4323).&nbsp;<em>Bot\u00e1nica Marina<\/em>, Vol.44: 461-465.<\/li>\n<\/ul>\n\n\n\n<h3 class=\"wp-block-heading\"><strong>ARTICULOS EN REVISTAS REVISADAS POR PARES&nbsp;<\/strong><\/h3>\n\n\n\n<ul class=\"wp-block-list\">\n<li>Rafael Riosmena-Rodr\u00edguez,&nbsp;<strong>Gustavo Hinojosa-Arango<\/strong>, Juan M. L\u00f3pez-Vivas, Karla Le\u00f3n-Cisneros &amp; Elena Holguin-Acosta. 2005. CARACTERIZACION ESPECIAL Y BIOGREOGRAFICA DE LAS ASOCIACIONES DE MACROALGAS DE BAHIA DEL RINCON, BAJA CALIFORNIA SUR, MEXICO (ISSN: 0266-4674).&nbsp;<em>Journal of Tropical Biology<\/em>, Vol.53: 97-109.<\/li>\n\n\n\n<li><strong>Gustavo Hinojosa-Arango<\/strong>&nbsp;&amp; Rafael Riosmena-Rodr\u00edguez. 2004. INFLUENCE OF RHODOLITH-FORMING SPECIES AND GROWTH-FORM ON ASSOCIATED FAUNA OF RHODOLITH BEDS IN THE CENTRAL-WEST GULF OF CALIFORNIA, MEXICO (ISSN: 1439-0485).&nbsp;<em>Marine Ecology. PSZN<\/em>, Vol.25: 109-127.<\/li>\n\n\n\n<li><strong>Gustavo Hinojosa-Arango<\/strong>&nbsp;&amp; Rafael Riosmena-Rodr\u00edguez. 2001. AMPLIACI\u00d3N DE \u00c1MBITO DE NEOMERIS ANNULATA (DASYCLADALES: CHLOROPHYTA) EN EL GOLFO DE CALIFORNIA, M\u00c9XICO (ISSN 0034-7744).&nbsp;<em>Journal of Tropical Biology<\/em>, Vol.49: 394-395.<\/li>\n<\/ul>\n\n\n\n<h3 class=\"wp-block-heading\"><strong>ARTICULOS DE DIVULGACION<\/strong><\/h3>\n\n\n\n<ul class=\"wp-block-list\">\n<li>Fernando Gumeta-G\u00f3mez, Elvira Dur\u00e1n-Medina &amp;&nbsp;<strong>Gustavo Hinojosa-Arango.&nbsp;<\/strong>2019. GOBERNANZA DEL AGUA PARA USO DOM\u00c9STICO. <em>H2O Gesti\u00f3n del Agua<\/em>. 22:22-26.<\/li>\n\n\n\n<li>J. Jos\u00e9 Cota-Nieto, Brad Erisman, Marcia Moreno-B\u00e1ez, <strong>Gustavo Hinojosa-Arango <\/strong>&amp; Octavio Aburto-Oropeza. 2015. La pesca, motor del desarrollo en Punta Abreojos, BCS. DataMares. InteractiveResource. http:\/\/dx\/doi.org\/10.13022\/M31S3R<\/li>\n\n\n\n<li>Catalina L\u00f3pez-Sag\u00e1stegui, Octavio Aburto-Oropeza, Marcia Moreno-B\u00e1ez, Ismael Mascare\u00f1as-Osorio &amp;&nbsp;<strong>Gustavo Hinojosa-Arango<\/strong>. 2014. CIENCIA CIUDADANA EN EL ALTO GOLFO DE CALIFORNIA: ABRIENDO CAMINO EN EL MANEJO PESQUERO Y LA CONSERVACI\u00d3N (ISSN: 1870-1760).&nbsp;<em>Biodiversitas<\/em>, Vol.116: 1-6.<\/li>\n\n\n\n<li>Alvin N. Su\u00e1res-Castillo, Rafael Riosmena-Rodr\u00edguez, Mario Rojo-Amaya, Jorge Torres-Cos\u00edo, Rodolfo Rioja-Nieto, Amy H. Weaver, Todd Pfister, Gustavo Hern\u00e1ndez-Carmona,&nbsp;<strong>Gustavo Hinojosa-Arango<\/strong>, Octavio Aburto-Oropeza &amp; Ana L. Figueroa-C\u00e1rdenas. 2013. BOSQUES DE ALGAS PARDAS EN EL GOLFO DE CALIFORNIA: SARGASSUM, UN HABITAT ESENCIAL.&nbsp;<em>Biodiversitas<\/em>, Vol.108: 12-16.<\/li>\n\n\n\n<li>Rafael Riosmena-Rodr\u00edguez,&nbsp;<strong>Gustavo Hinojosa-Arango<\/strong>, Karla Le\u00f3n-Cisneros, Juan M. L\u00f3pez-Vivas Elena Holgu\u00edn-Acosta. 2005. VARIACI\u00d3N ESPACIAL DE LA VEGETACI\u00d3N MARINA DE LA BAH\u00cdA DEL BALLENAS, COSTA OCCIDENTAL DE BAJA CALIFORNIA SUR, M\u00c9XICO (ISSN 1665-0808).&nbsp;<em>Ciencia y Mar<\/em>, Vol.IX: 29-40.<\/li>\n<\/ul>\n\n\n\n<h3 class=\"wp-block-heading\"><strong>CAPITULOS DE LIBROS, LIBROS Y REPORTES TECNICOS<\/strong><\/h3>\n\n\n\n<ul class=\"wp-block-list\">\n<li>Miguel \u00c1ngel Alvarado-Jim\u00e9nez, Pedro Benito-Bautista, <strong>Gustavo Hinojosa-Arango<\/strong>, Valentin Juventino-Morales, Octavio Luis-Pineda. 2024. DIAGN\u00d3STICO SOBRE EL PERFIL SOCIOECON\u00d3MICO Y AMBIENTAL DE LOS MUNICIPIOS DONDE SE LOCALIZA EL CORREDOR INTEROCE\u00c1NICO DEL ISTMO DE TEHUANTEPEC, INCLUYENDO AQUELLOS DONDE SE UBICAR\u00c1N LOS PARQUES INDUSTRIALES Y UNIVERSIDADES DENTRO DE LA FRANJA TRANS\u00cdSTMICO DEL TERRITORIO OAXAQUE\u00d1O. En: Diagn\u00f3stico integral de la regi\u00f3n Istmo del Estado de Oaxaca, en el marco del mega proyecto Corredor Interoce\u00e1nico del Istmo de Tehuantepec. Laura Gaytan- Boh\u00f3rquez (Ed.). ANUIES. 495- 509pp. <\/li>\n\n\n\n<li>Alejandro Eduardo Hern\u00e1ndez-Cruz, Fernando Gumeta-G\u00f3mez, <strong>Gustavo Hinojosa-Arango<\/strong>, Liliana Roc\u00edo Garc\u00eda-Valent\u00edn. 2024. DIAGN\u00d3STICO CULTURAL DE LOS MUNICIPIOS INTEGRADOS EN EL MEGAPROYECTO DEL CORREDOR INTEROCE\u00c1NICO DEL ISTMO DE TEHUANTEPEC, OAXACA. En: Diagn\u00f3stico integral de la regi\u00f3n Istmo del Estado de Oaxaca, en el marco del mega proyecto Corredor Interoce\u00e1nico del Istmo de Tehuantepec. Laura Gaytan- Boh\u00f3rquez (Ed.). ANUIES. 273- 294pp. <\/li>\n\n\n\n<li>Diego Ponce de Leon-Barido, <strong>Gustavo Hinojosa-Arango<\/strong>, Fernando G\u00f3mez-Gumeta, R\u00fcdiger Ortiz-\u00c1lvarez, Esther Mbabazi, Liliana Guti\u00e9rrez-Mariscal &amp; Karine Sarkissian. 2022. The Future of Pollution: A river story. Ed. Diego Ponce. Digital book apoyado por The National Geographic Society.&nbsp;https:\/\/constructivevisions.org\/book\/3.1<\/li>\n\n\n\n<li>Mar\u00eda M\u00f3nica Lara-Uc, Eduardo Res\u00e9ndiz-Morales, Juan Manuel L\u00f3pez-Vivas, <strong>Gustavo Hinojosa-Arango<\/strong>, Dilan Ricardo Ramos-\u00c1vila &amp; Valeria Lucero-Silva. 2022. TORTUGAS MARINAS PRESENTES EN LA BAH\u00cdA DE LA PAZ. Universidad Aut\u00f3noma de Baja California Sur. 732-769.<\/li>\n\n\n\n<li>Giovanni \u00c1vila-Flores,&nbsp;<strong>Gustavo Hinojosa-Arango<\/strong>, H\u00e9ctor P\u00e9rez-Cortes &amp; Judith Ju\u00e1rez-Mancilla. 2019. OBSERVACIONES SOBRE LOS EFECTOS DE LA LEGISLACI\u00d3N AMBIENTAL EN EL ESTADO DE CONSERVACI\u00d3N DE COMUNIDADES DE MANGLAR: CASO DE ESTUDIO \u00abBAH\u00cdA DE LA PAZ, GOLFO DE CALIFORNIA\u00bb. En: Turismo y Desarrollo Econ\u00f3mico. ILDA ELIZABETH MORENO-ROJAS (ed). EDITORIAL DE LA UNIVERSIDAD AUT\u00d3NOMA DE SINALOA. En prensa.<\/li>\n\n\n\n<li>Mar\u00eda M\u00f3nica Lara-Uk, Carmen Trejo-M\u00e9ndez, Eduardo Res\u00e9ndiz-Morales, Juan Manuel L\u00f3pez-Vivas, <strong>Gustavo Hinojosa-Arango<\/strong> , Fernando Gumeta-G\u00f3mez, Dilan Ramos \u00c1vila, Valeria Lucero-Silva &amp; Cristina Mota-Rodr\u00edguez. 2019. FAUNA ASOCIADA A LA TORTUGA AMARILLA CARETTA CARETTA, TORTUGA VERDE DEL PAC\u00cdFICO ORIENTAL CHELONIA MYDAS, TORTUGA GOLFINA LEPIDOCHELYS OLIVACEA, EN LA REGI\u00d3N PEN\u00cdNSULA DE BAJA CALIFORNIA Y PAC\u00cdFICO NORTE. En:&nbsp;El uso del conocimiento de las tortugas marinas como herramienta para la restauraci\u00f3n de sus poblaciones y h\u00e1bitats asociados. UNIVERSIDAD AUT\u00d3NOMA DEL CARMEN. Cap\u00edtulo 21: 221-235.<\/li>\n\n\n\n<li>M\u00f3nica Lara-Uc, <strong>Gustavo Hinojosa-Arango<\/strong>, Francisco Arando Cirerol, Juan Manuel L\u00f3pez Vivas, Edwin Guti\u00e9rrez-Ru\u00edz, Stepanie Rousso &amp; Rafael Riosmena-Rodr\u00edguez. 2016. PRACTICAL MANUAL ON CLINICAL CYTOLOGY AND HEMATOLOGY FOR SEA TURTLE CONSERVATION. En: Advances in Research Techniques for the Study of Sea Turtles. RODRIGUEZ-BARON, JM., LARA-UC, M. &amp; R. RIOSMENA-RODRIGUEZ (eds.). NOVA SCIENCE PUBLISHERS INC. NEW YORK. VOL. 1: 165-180.<\/li>\n\n\n\n<li><strong>Gustavo Hinojosa-Arango<\/strong>, M\u00f3nica Lara-Uc\u2028, Juan M. L\u00f3pez-Vivas\u2028 &amp; Rafael Riosmena-Rodr\u00edguez. 2015 HEALTH ISSUES IN SEA TURTLES: BARNACLES, SNAILS AND LEECHES. En: Successful Conservation Strategies of Sea Turtles: Achievements and Challenges. LARA-UC, M., RODR\u00cdGUEZ- BAR\u00d3N J.M. &amp; R. RIOSMENA-RODR\u00cdGUEZ (Eds.). NOVA PUBLISHERS, NEW YORK, Vol. 1: 137-151.<\/li>\n\n\n\n<li>M\u00f3nica Lara-Uc\u2028, Juan M. L\u00f3pez-Vivas, <strong>Gustavo Hinojosa-Arango<\/strong> &amp; Isis Santiesteban. 2015. PAST, PRESENT AND FUTURE OF SEA TURTLE CONSERVATION IN MEXICO. En: Successful Conservation Strategies of Sea Turtles: Achievements and Challenges. LARA-UC, M., RODR\u00cdGUEZ- BAR\u00d3N J.M. &amp; R. RIOSMENA-RODR\u00cdGUEZ (Eds.). NOVA PUBLISHERS, Vol. 1: 153-171.<\/li>\n\n\n\n<li><strong>Gustavo Hinojosa-Arango<\/strong>, M\u00f3nica Lara-Uc\u2028, Juan M. L\u00f3pez-Vivas\u2028 &amp; Rafael Riosmena-Rodr\u00edguez. 2015 SEA TURTLES CONSERVATION CHALLENGES IN THE PENINSULA OF BAJA CALIFORNIA. En:&nbsp; Successful Conservation Strategies of Sea Turtles: Achievements and Challenges. LARA-UC, M., RODR\u00cdGUEZ-BAR\u00d3N J.M. &amp; R. RIOSMENA-RODR\u00cdGUEZ (Eds.). NOVA PUBLISHERS, Vol. 1: 173-188.<\/li>\n\n\n\n<li>Alexandra S\u00e1nchez-Rodr\u00edguez, Octavio Aburto-Oropeza, Brad Erisman, Victoria Mariel \u2028Jim\u00e9nez-Esquivel &amp; <strong>Gustavo Hinojosa-Arango<\/strong>. 2015. ROCKY REEFS: PRESERVING BIODIVERSITY FOR THE BENEFIT OF THE COMMUNITIES IN THE AQUARIUM OF THE WORLD. En: Ethnobiology of Corals. NEMER NARCHI &amp; LISA LEIMAR-PRICE (Eds.) SPRINGER. Vol. 1: 177-208.<\/li>\n\n\n\n<li>Marc\u00edn-Medina, R, <strong>G. Hinojosa-Arango<\/strong>, J. L\u00f3pez-Calder\u00f3n, A. G\u00f3mez-Gallardo, E. N\u00e1jera-Hillman &amp; R. Riosmena-Rodr\u00edguez. 2014. EL IMPACTO AMBIENTAL DE PROYECTOS PORTUARIOS TURISTICOS EN BAHIA MAGDALENA, BAJA CALIFORNIA SUR, MEXICO. p. 635-654. En: A.V. Botello, F. P\u00e1ez-Osuna, L. Mendez-ROdr\u00edguez, M. Betancourt-Lozano, S. Alvarez-Borrego &amp; R. Lara-Lara (eds.) Pac\u00edfico Mexicano. Contaminaci\u00f3n e impacto ambiental: diagn\u00f3stico y tendencias. UAC, UNAM-ICMYL, CIAD-Mazatl\u00e1n, CIBNOR, CICESE. 930p. ISBN. 978-607-7887-94-2.&nbsp;<\/li>\n\n\n\n<li>Alexandra S\u00e1nchez-Rodr\u00edguez, Marcia Moreno-B\u00e1ez, Octavio Aburto-Oropeza,&nbsp;<strong>Gustavo Hinojosa-Arango<\/strong>, Ismael Mascarenas-Osorio &amp; Brad Erisman. 2014. PROTOCOLO DE MONITOREO PARA LOS AMBIENTES MARINOS Y COSTEROS. Scripps Institution of Oceanography- UCSD. 57pp.<\/li>\n\n\n\n<li>Juan M. L\u00f3pez-Calder\u00f3n, Rafael Riosmena-Rodr\u00edguez, Juan M. Rodr\u00edguez-Bar\u00f3n &amp; <strong>Gustavo Hinojosa-Arango<\/strong>. 2014. LA PLANTA ACU\u00c1TICA RUPPIA MARITIMA EN EL NOROESTE DE M\u00c9XICO: AUMENTO DE SU PRESENCIA Y EFECTOS EN LA CADENA TR\u00d3FICA. En: Especies invasoras acu\u00e1ticas: casos de estudio en ecosistemas de M\u00e9xico. A.M. LOW-PFENG, P.A. QUIJ\u00d3N &amp; E.M. PETERS-RECAGNO. SEMARNAT, INECC, UPEI, Vol. 1: 471-491.<\/li>\n\n\n\n<li><strong>Gustavo Hinojosa-Arango<\/strong>, Christine A. Maggs\u2028, Mark P. Johnson &amp; \u2028Rafael Riosmena-Rodr\u00edguez. 2013 WHEN RHODOLITHS DO NOT ROLL: INVERTABRATE COMMUNITY RESPONSES TO ENVIRONMENTAL STABILITY AND NATURAL DISTURBANCE. En: Invertebrates: Classification, Evolution and Biodiversity. RAFAEL RIOSMENA RODRIGUEZ (Ed.) NOVA PUBLISHER, NEW YORK, Vol. 1: 131-151.<\/li>\n\n\n\n<li>Ismael Mascare\u00f1as-Osorio,&nbsp;<strong>Gustavo Hinojosa-Arango<\/strong>, Brad Erisman &amp; Octavio Aburto-Oropeza. 2013. MANUAL DE MONITOREO BIOL\u00d3GICO-PESQUERO DE CURVINA GOLFINA (<em>Cynoscion othonopterus<\/em>). CBMC-SIO. 28pp.<\/li>\n\n\n\n<li>Rafael Riosmena-Rodr\u00edguez, Marco D.. M\u00e9ndez-Grejo, Juan M. L\u00f3pez-Calder\u00f3n, M\u00f3nica Lara-Uc, \u2028Juan M. L\u00f3pez-Vivas, Georgina Gonz\u00e1les, Carlos S\u00e1nchez-Ort\u00edz &amp; <strong>Gustavo Hinojosa-Arango<\/strong>. 2013. MACRO INVERTEBRATES ASSOCIATED TO ZOSTERA MARINA MEADOWS AT PACIFIC BAJA CALIFORNIA SUR COASTAL LAGOONS. En: Invertebrates: Classification, Evolution and Biodiversity. RAFAEL RIOSMENA RODRIGUEZ (Ed.) NOVA PUBLISHER, NEW YORK, Vol. 1: 153-179.<\/li>\n\n\n\n<li>Rafael Riosmena-Rodr\u00edguez, \u2028Diana L. Steller, <strong>Gustavo Hinojosa-Arango<\/strong> &amp; Mike S. Foster. 2010. REEFS THAT ROCK AND ROLL: BIOLOGY AND CONSERVATION OF RHODOLITH BEDS IN THE GULF OF CALIFORNIA. En: The Gulf of California, Biodiversity and Conservation. RICHARD C. BRUSCA (Ed.). ARIZONA-SONORA DESERT MUSEUM, Vol. 1: 49-71.<\/li>\n\n\n\n<li>Rafael Riosmena-Rodr\u00edguez\u2028, Litzia Pa\u00fal-Chavez, Alejandra Mazariegos-Villareal, Elisa Serviere-Zaragoza, \u2028Isa\u00ed Pacheco-Ru\u00edz, \u2028Gustavo Hern\u00e1ndez-Carmona &amp; <strong>Gustavo Hinojosa-Arango<\/strong>. 2007. FLORA FICOLOGICA ASOCIADA A MANGLARES DE LA PENINSULA DE BAJA CALIFORNIA. En: Manglares de la Pen\u00ednsula de Baja California. E.F. FELIX P.; E.SERVIERE Z., R.RIOSMENA R., J.L. &amp; LEON D. (Eds.). CIBNOR, Vol. 1: 183-200.<\/li>\n<\/ul>\n","protected":false},"excerpt":{"rendered":"<p>&nbsp;NOTA:&nbsp;todos los PDFs disponibles en&nbsp;http:\/\/www.researchgate.net\/profile\/Gustavo_Hinojosa_Arango ARTICULOS ISI\/ JCR ARTICULOS EN REVISTAS REVISADAS POR PARES&nbsp; ARTICULOS DE DIVULGACION CAPITULOS DE LIBROS, LIBROS Y REPORTES TECNICOS<\/p>\n","protected":false},"author":19,"featured_media":0,"parent":0,"menu_order":0,"comment_status":"closed","ping_status":"closed","template":"","meta":{"_swt_meta_header_display":false,"_swt_meta_footer_display":false,"_swt_meta_site_title_display":false,"_swt_meta_sticky_header":false,"_swt_meta_transparent_header":false,"footnotes":""},"class_list":["post-10","page","type-page","status-publish","hentry"],"_links":{"self":[{"href":"https:\/\/web.ciidiroaxaca.ipn.mx\/ghinojosa\/wp-json\/wp\/v2\/pages\/10","targetHints":{"allow":["GET"]}}],"collection":[{"href":"https:\/\/web.ciidiroaxaca.ipn.mx\/ghinojosa\/wp-json\/wp\/v2\/pages"}],"about":[{"href":"https:\/\/web.ciidiroaxaca.ipn.mx\/ghinojosa\/wp-json\/wp\/v2\/types\/page"}],"author":[{"embeddable":true,"href":"https:\/\/web.ciidiroaxaca.ipn.mx\/ghinojosa\/wp-json\/wp\/v2\/users\/19"}],"replies":[{"embeddable":true,"href":"https:\/\/web.ciidiroaxaca.ipn.mx\/ghinojosa\/wp-json\/wp\/v2\/comments?post=10"}],"version-history":[{"count":6,"href":"https:\/\/web.ciidiroaxaca.ipn.mx\/ghinojosa\/wp-json\/wp\/v2\/pages\/10\/revisions"}],"predecessor-version":[{"id":61,"href":"https:\/\/web.ciidiroaxaca.ipn.mx\/ghinojosa\/wp-json\/wp\/v2\/pages\/10\/revisions\/61"}],"wp:attachment":[{"href":"https:\/\/web.ciidiroaxaca.ipn.mx\/ghinojosa\/wp-json\/wp\/v2\/media?parent=10"}],"curies":[{"name":"wp","href":"https:\/\/api.w.org\/{rel}","templated":true}]}}