{"id":7,"date":"2012-08-01T17:20:11","date_gmt":"2012-08-01T17:20:11","guid":{"rendered":"https:\/\/web.ciidiroaxaca.ipn.mx\/ggonzalezp\/percepcion-y-conocimiento-tradicional-sobre-la-fauna-silvestre-por-habitantes-de-la-comunidad-de-capulalpam-de-mendez-ixtlan-oaxaca\/"},"modified":"2025-09-30T19:36:15","modified_gmt":"2025-09-30T19:36:15","slug":"tesis","status":"publish","type":"page","link":"https:\/\/web.ciidiroaxaca.ipn.mx\/ggonzalezp\/tesis\/","title":{"rendered":"Tesis"},"content":{"rendered":"\n<h3 class=\"wp-block-heading\"><strong>Percepci\u00f3n y conocimiento tradicional sobre la fauna silvestre por habitantes de la comunidad de Capul\u00e1lpam de M\u00e9ndez, Ixtl\u00e1n, Oaxaca.<\/strong><\/h3>\n\n\n\n<p class=\"rtejustify\">Para implementar estrategias de conservaci\u00f3n que sean efectivas y eficaces es necesario profundizar en otros niveles de investigaci\u00f3n, como en los procesos de manejo, conservaci\u00f3n y domesticaci\u00f3n rural, ind\u00edgena y campesina. El conocimiento tradicional local, es fundamental para entender la cosmovisi\u00f3n de un pueblo, las formas de uso de sus recursos naturales; as\u00ed como, las estrategias locales de conservaci\u00f3n y aprovechamiento. Se recopil\u00f3 el conocimiento tradicional que poseen los pobladores de una regi\u00f3n de la sierra norte del estado de Oaxaca acerca de su fauna silvestre, se compar\u00f3 el nivel de conocimiento entre diferentes grupos et\u00e1reos de la comunidad y se describi\u00f3 y analiz\u00f3 la percepci\u00f3n que tienen los pobladores de la zona de estudio sobre sus animales de monte. Se trabaj\u00f3 con diferentes grupos et\u00e1reos, de los que se seleccion\u00f3 una muestra representativa al azar. Para ello se establecieron cuatro diferentes grupos: Mujeres adultas (&gt;26 a\u00f1os), hombres adultos (&gt;26 a\u00f1os), adolescentes y j\u00f3venes (16-25 a\u00f1os), y ni\u00f1os (8-15 a\u00f1os). Se aplicaron entrevistas semi-estructuradas a las personas seleccionadas. Las entrevistas incluyeron informaci\u00f3n personal (nombre, edad, sexo, escolaridad, ocupaci\u00f3n, origen, tiempo de residencia en la comunidad) e informaci\u00f3n sobre la fauna silvestre, como: animales que conoce, animales que ha visto en la regi\u00f3n, animales que ha dejado de ver en la regi\u00f3n, usos de los animales que conoce, percepci\u00f3n sobre la abundancia y el aprovechamiento; as\u00ed como, forma en que le fueron transmitidos los conocimientos sobre la fauna silvestre e importancia que para cada entrevistado tiene el conocimiento tradicional y su preservaci\u00f3n. Se obtuvo el valor de uso de cada especie para cada informante, definido como la relaci\u00f3n entre el n\u00famero de usos mencionados en cada entrevista y el n\u00famero de entrevistas realizadas. Los registros obtenidos para usos se organizaron en matrices, se relacionaron las categor\u00edas de uso con los grupos taxon\u00f3micos y se aplicaron las pruebas estad\u00edsticas t de student y ji cuadrada, para determinar la significancia de uso para cada especie mencionada y las diferencias entre los grupos et\u00e1reos. Para determinar la correlaci\u00f3n entre el conocimiento tradicional y las variables determinadas (edad, g\u00e9nero, ocupaci\u00f3n, origen, tiempo de residencia en la comunidad) se realiz\u00f3 un an\u00e1lisis multivariado y de correlaci\u00f3n, una vez que se asignaron rangos o niveles de conocimiento y despu\u00e9s de analizar la informaci\u00f3n obtenida dentro de cada grupo et\u00e1reo.<\/p>\n\n\n\n<p class=\"rtejustify\">En la comunidad de Capul\u00e1lpam de M\u00e9ndez existe a\u00fan un c\u00famulo de conocimientos acerca de los recursos naturales y su manejo. Sobre la fauna silvestre, su uso y preservaci\u00f3n, se encontr\u00f3 una serie de conocimientos y pr\u00e1cticas dispersos entre la poblaci\u00f3n. La importancia cultural &nbsp;se refleja en los usos que a\u00fan se le dan y las caracter\u00edsticas que se le atribuyen a algunas especies como representantes de la fauna local, as\u00ed como la importancia ecol\u00f3gica y est\u00e9tica que algunos animales representan para las personas.<\/p>\n\n\n\n<p>&nbsp;<\/p>\n","protected":false},"excerpt":{"rendered":"<p>Percepci\u00f3n y conocimiento tradicional sobre la fauna silvestre por habitantes de la comunidad de Capul\u00e1lpam de M\u00e9ndez, Ixtl\u00e1n, Oaxaca. Para implementar estrategias de conservaci\u00f3n que sean efectivas y eficaces es necesario profundizar en otros niveles de investigaci\u00f3n, como en los procesos de manejo, conservaci\u00f3n y domesticaci\u00f3n rural, ind\u00edgena y campesina. El conocimiento tradicional local, es [&hellip;]<\/p>\n","protected":false},"author":38,"featured_media":0,"parent":0,"menu_order":0,"comment_status":"closed","ping_status":"closed","template":"","meta":{"_swt_meta_header_display":false,"_swt_meta_footer_display":false,"_swt_meta_site_title_display":false,"_swt_meta_sticky_header":false,"_swt_meta_transparent_header":false,"footnotes":""},"class_list":["post-7","page","type-page","status-publish","hentry"],"_links":{"self":[{"href":"https:\/\/web.ciidiroaxaca.ipn.mx\/ggonzalezp\/wp-json\/wp\/v2\/pages\/7","targetHints":{"allow":["GET"]}}],"collection":[{"href":"https:\/\/web.ciidiroaxaca.ipn.mx\/ggonzalezp\/wp-json\/wp\/v2\/pages"}],"about":[{"href":"https:\/\/web.ciidiroaxaca.ipn.mx\/ggonzalezp\/wp-json\/wp\/v2\/types\/page"}],"author":[{"embeddable":true,"href":"https:\/\/web.ciidiroaxaca.ipn.mx\/ggonzalezp\/wp-json\/wp\/v2\/users\/38"}],"replies":[{"embeddable":true,"href":"https:\/\/web.ciidiroaxaca.ipn.mx\/ggonzalezp\/wp-json\/wp\/v2\/comments?post=7"}],"version-history":[{"count":2,"href":"https:\/\/web.ciidiroaxaca.ipn.mx\/ggonzalezp\/wp-json\/wp\/v2\/pages\/7\/revisions"}],"predecessor-version":[{"id":41,"href":"https:\/\/web.ciidiroaxaca.ipn.mx\/ggonzalezp\/wp-json\/wp\/v2\/pages\/7\/revisions\/41"}],"wp:attachment":[{"href":"https:\/\/web.ciidiroaxaca.ipn.mx\/ggonzalezp\/wp-json\/wp\/v2\/media?parent=7"}],"curies":[{"name":"wp","href":"https:\/\/api.w.org\/{rel}","templated":true}]}}