{"id":6,"date":"2011-10-17T20:26:36","date_gmt":"2011-10-17T20:26:36","guid":{"rendered":"https:\/\/web.ciidiroaxaca.ipn.mx\/fcastellanos\/proyectos-de-investigacion\/"},"modified":"2025-10-22T08:20:54","modified_gmt":"2025-10-22T14:20:54","slug":"proyectos-de-investigacion","status":"publish","type":"page","link":"https:\/\/web.ciidiroaxaca.ipn.mx\/fcastellanos\/proyectos-de-investigacion\/","title":{"rendered":"Proyectos de investigaci\u00f3n"},"content":{"rendered":"\n<ul class=\"wp-block-list\">\n<li>\u201cEfectos de la enzima transglutaminasa en la elaboraci\u00f3n de empaques de alimentos producidos a partir de residuos de la industria pesquera\u201d Proyecto institucional IPN, clave SIP 20254294<strong>.<\/strong> <strong>Vigencia: 2025.<\/strong><\/li>\n\n\n\n<li>\u201cCaracterizacio\u0301n ultraso\u0301nica de materiales basados en cemento y de materiales similares\u201d Proyecto institucional IPN, clave SIP 20241318<strong>.<\/strong> <strong>Vigencia: 2024.<\/strong><\/li>\n\n\n\n<li>\u201cAn\u00e1lisis de la estabilidad de jugo de maracuy\u00e1 secado por aspersi\u00f3n mediante RMN, FTIR y propiedades fisicoqu\u00edmicas\u201d Proyecto institucional IPN, clave SIP 20231433<strong>.<\/strong> <strong>Vigencia: 2023.<\/strong><\/li>\n\n\n\n<li>\u201cEvaluacio\u0301n del efecto de la temperatura de entrada en el secado por aspersio\u0301n de jugo de fresa con biopoli\u0301meros como agente encapsulante\u201d Proyecto institucional IPN, clave SIP 20220864<strong>.<\/strong> <strong>Vigencia: 2022.<\/strong><\/li>\n\n\n\n<li>\u201cFilamentos para impresi\u00f3n 3D a partir de pol\u00edmeros biodegradables y fibras naturales\u201d Proyecto institucional IPN, clave SIP 20210814<strong>.<\/strong> <strong>Vigencia: 2021.<\/strong><\/li>\n\n\n\n<li>\u201cAplicaci\u00f3n de la Resonancia Magn\u00e9tica Nuclear en la caracterizaci\u00f3n de materiales nanocompositos\u201d Proyecto institucional IPN, clave SIP 20201696<strong>.<\/strong> <strong>Vigencia: 2020.<\/strong><\/li>\n\n\n\n<li>\u00abAn\u00e1lisis en el dominio tiempo-frecuencia de la penetraci\u00f3n de agentes agresivos en elementos de concreto hidra\u00falico\u00bb Convocatoria Ciencia B\u00e1sica 2010 del Fondo SEP &#8211; CONACyT. Instituciones participantes: Instituto Polit\u00e9cnico Nacional, CIIDIR Oaxaca. <strong>Vigencia: 2012-2015.<\/strong><\/li>\n\n\n\n<li>\u00abMetodolog\u00eda para la caracterizaci\u00f3n f\u00edsico-qu\u00edmica de los materiales que componen el concreto, as\u00ed como para mejorar la estimaci\u00f3n de la resistencia a la compresi\u00f3n de los prefabricados a partir de la velocidad del pulso ultras\u00f3nico dentro del proyecto con clave 181915\u00bb Convocatoria PROINNOVA-CONACyT 2012. Instituciones participantes: Instituto Polit\u00e9cnico Nacional, CIIDIR Oaxaca; VIBRO PRODUCTOS DE OAXACA, S.A. DE C.V. <strong>Vigencia: 2012.<\/strong><\/li>\n\n\n\n<li>\u00abZonaci\u00f3n y determinaci\u00f3n de coeficientes preliminares de dise\u00f1o s\u00edsmico para la ciudad de Oaxaca y municipios conurbados\u00bb&nbsp; Convocatoria SIBEJ-CONACyT 2001.&nbsp; Instituciones participantes: Instituto Polit\u00e9cnico Nacional, CIIDIR Oaxaca, Instituto de Ingenier\u00eda UNAM, Unidad Estatal de Protecci\u00f3n Civil del Estado de Oaxaca, Instituto Tecnol\u00f3gico de Oaxaca. <strong>Vigencia: 2001-2003.<\/strong><\/li>\n\n\n\n<li>\u00abDise\u00f1o, construcci\u00f3n y caracterizaci\u00f3n de un prototipo de casa c\u00f3moda, econ\u00f3mica, resistente a terremotos, huracanes y fuego\u00bb Convocatoria UC MEXUS- CONACyT. Instituciones participantes: Instituto Polit\u00e9cnico Nacional, CIIDIR Oaxaca M\u00e9xico, Universidad de California en Berkeley EUA. <strong>Vigencia: 2000-2002. (Participante).<\/strong><\/li>\n<\/ul>\n\n\n\n<p><\/p>\n","protected":false},"excerpt":{"rendered":"","protected":false},"author":13,"featured_media":0,"parent":0,"menu_order":0,"comment_status":"closed","ping_status":"closed","template":"","meta":{"_swt_meta_header_display":false,"_swt_meta_footer_display":false,"_swt_meta_site_title_display":false,"_swt_meta_sticky_header":false,"_swt_meta_transparent_header":false,"footnotes":""},"class_list":["post-6","page","type-page","status-publish","hentry"],"_links":{"self":[{"href":"https:\/\/web.ciidiroaxaca.ipn.mx\/fcastellanos\/wp-json\/wp\/v2\/pages\/6","targetHints":{"allow":["GET"]}}],"collection":[{"href":"https:\/\/web.ciidiroaxaca.ipn.mx\/fcastellanos\/wp-json\/wp\/v2\/pages"}],"about":[{"href":"https:\/\/web.ciidiroaxaca.ipn.mx\/fcastellanos\/wp-json\/wp\/v2\/types\/page"}],"author":[{"embeddable":true,"href":"https:\/\/web.ciidiroaxaca.ipn.mx\/fcastellanos\/wp-json\/wp\/v2\/users\/13"}],"replies":[{"embeddable":true,"href":"https:\/\/web.ciidiroaxaca.ipn.mx\/fcastellanos\/wp-json\/wp\/v2\/comments?post=6"}],"version-history":[{"count":5,"href":"https:\/\/web.ciidiroaxaca.ipn.mx\/fcastellanos\/wp-json\/wp\/v2\/pages\/6\/revisions"}],"predecessor-version":[{"id":57,"href":"https:\/\/web.ciidiroaxaca.ipn.mx\/fcastellanos\/wp-json\/wp\/v2\/pages\/6\/revisions\/57"}],"wp:attachment":[{"href":"https:\/\/web.ciidiroaxaca.ipn.mx\/fcastellanos\/wp-json\/wp\/v2\/media?parent=6"}],"curies":[{"name":"wp","href":"https:\/\/api.w.org\/{rel}","templated":true}]}}